{"id":976,"date":"2020-07-08T12:33:37","date_gmt":"2020-07-08T15:33:37","guid":{"rendered":"https:\/\/loja.daniellebeatrizmakeup.com.br\/index.php\/produto\/import-placeholder-for-834\/"},"modified":"2024-05-17T00:12:42","modified_gmt":"2024-05-17T03:12:42","slug":"bruma-fixadora-ruby-rose","status":"publish","type":"product","link":"https:\/\/daniellebeatrizmakeup.com.br\/loja\/bruma-fixadora-ruby-rose\/","title":{"rendered":"Bruma Fixadora Ruby Rose"},"content":{"rendered":"<p>A Bruma Fixadora de Maquiagem da <a href=\"https:\/\/loja.daniellebeatrizmakeup.com.br\/ruby-rose\/\">Ruby Rose<\/a> foi desenvolvida para uso pr\u00e9 e p\u00f3s-maquiagem e promove uma apar\u00eancia natural da pele, mesmo maquiada, al\u00e9m de oferecer uma prote\u00e7\u00e3o extra aos danos externos.<\/p>\n<p>Enriquecida com extratos vegetais, a Bruma Fixadora de Maquiagem, oferece a\u00e7\u00e3o antioxidante, calmante, adstringente e altamente nutritiva, al\u00e9m de favorecer a produ\u00e7\u00e3o de col\u00e1geno e elastina, o que resulta em uma pele mais firme e hidratada.<\/p>\n<p>Vers\u00e1til, a novidade pode ser usada tanto para preparar a pele, facilitando a aplica\u00e7\u00e3o e aumentando a fixa\u00e7\u00e3o dos itens de make, al\u00e9m de promover uma pigmenta\u00e7\u00e3o maior de produtos como p\u00f3 e sombra. Quando aplicado ap\u00f3s a maquiagem, o produto aumenta sua dura\u00e7\u00e3o, al\u00e9m de oferecer um acabamento natural e perfeito.<\/p>\n<p>A Bruma Fixadora de Maquiagem chega ao mercado em duas vers\u00f5es: Perfect Glow, que ilumina suavemente a pele; e Soft Matte, que traz um efeito matificado.<\/p>\n<p><strong>Modo de usar:<\/strong> Borrife no rosto uniformemente, com os olhos fechados em uma dist\u00e2ncia de 25 a 30 cm, antes e ou depois da maquiagem, e arrase!<\/p>\n","protected":false},"excerpt":{"rendered":"<p>A Bruma Fixadora de Maquiagem da Ruby Rose foi desenvolvida para uso pr\u00e9 e p\u00f3s-maquiagem e promove uma apar\u00eancia natural da pele, mesmo maquiada, al\u00e9m de oferecer uma prote\u00e7\u00e3o extra aos danos externos. Enriquecida com extratos vegetais, a Bruma Fixadora de Maquiagem, oferece a\u00e7\u00e3o antioxidante, calmante, adstringente e altamente nutritiva, [&hellip;]<\/p>\n","protected":false},"featured_media":1468,"comment_status":"open","ping_status":"closed","template":"","meta":{"_mbp_gutenberg_autopost":false},"product_brand":[],"product_cat":[74,121],"product_tag":[221,191,207,174,199,84,805],"woo-feed-brand":[],"class_list":{"0":"post-976","1":"product","2":"type-product","3":"status-publish","4":"has-post-thumbnail","6":"product_cat-ruby-rose","7":"product_cat-bruma","8":"product_tag-bruma","9":"product_tag-cuidados-com-a-pele","10":"product_tag-fixador","11":"product_tag-hidratante","12":"product_tag-iluminador","13":"product_tag-matte","14":"product_tag-ruby-rose","15":"yith_product_brand-ruby-rose","17":"first","18":"outofstock","19":"shipping-taxable","20":"purchasable","21":"product-type-variable"},"yoast_head":"<!-- This site is optimized with the Yoast SEO plugin v26.6 - https:\/\/yoast.com\/wordpress\/plugins\/seo\/ -->\n<title>Bruma Fixadora Ruby Rose - Loja DB Makeup<\/title>\n<meta name=\"description\" content=\"A Bruma Fixadora de Maquiagem foi desenvolvida para uso pr\u00e9 e p\u00f3s-maquiagem e promove uma apar\u00eancia natural da pele, mesmo maquiada.\" \/>\n<meta name=\"robots\" content=\"index, follow, max-snippet:-1, max-image-preview:large, max-video-preview:-1\" \/>\n<link rel=\"canonical\" href=\"https:\/\/daniellebeatrizmakeup.com.br\/loja\/bruma-fixadora-ruby-rose\/\" \/>\n<meta property=\"og:locale\" content=\"pt_BR\" \/>\n<meta property=\"og:type\" content=\"article\" \/>\n<meta property=\"og:title\" content=\"Bruma Fixadora Ruby Rose - Loja DB Makeup\" \/>\n<meta property=\"og:description\" content=\"A Bruma Fixadora de Maquiagem foi desenvolvida para uso pr\u00e9 e p\u00f3s-maquiagem e promove uma apar\u00eancia natural da pele, mesmo maquiada.\" \/>\n<meta property=\"og:url\" content=\"https:\/\/daniellebeatrizmakeup.com.br\/loja\/bruma-fixadora-ruby-rose\/\" \/>\n<meta property=\"og:site_name\" content=\"Loja DB Makeup\" \/>\n<meta property=\"article:publisher\" content=\"https:\/\/www.facebook.com\/daniellebeatrizmakeup\" \/>\n<meta property=\"article:modified_time\" content=\"2024-05-17T03:12:42+00:00\" \/>\n<meta property=\"og:image\" content=\"https:\/\/daniellebeatrizmakeup.com.br\/loja\/wp-content\/uploads\/2020\/07\/bruma-fixadora-ruby-rose.jpg\" \/>\n\t<meta property=\"og:image:width\" content=\"750\" \/>\n\t<meta property=\"og:image:height\" content=\"750\" \/>\n\t<meta property=\"og:image:type\" content=\"image\/jpeg\" \/>\n<meta name=\"twitter:card\" content=\"summary_large_image\" \/>\n<meta name=\"twitter:site\" content=\"@danibetriz\" \/>\n<meta name=\"twitter:label1\" content=\"Est. tempo de leitura\" \/>\n\t<meta name=\"twitter:data1\" content=\"1 minuto\" \/>\n<script type=\"application\/ld+json\" class=\"yoast-schema-graph\">{\"@context\":\"https:\/\/schema.org\",\"@graph\":[{\"@type\":\"WebPage\",\"@id\":\"https:\/\/daniellebeatrizmakeup.com.br\/loja\/bruma-fixadora-ruby-rose\/\",\"url\":\"https:\/\/daniellebeatrizmakeup.com.br\/loja\/bruma-fixadora-ruby-rose\/\",\"name\":\"Bruma Fixadora Ruby Rose - Loja DB Makeup\",\"isPartOf\":{\"@id\":\"https:\/\/daniellebeatrizmakeup.com.br\/loja\/#website\"},\"primaryImageOfPage\":{\"@id\":\"https:\/\/daniellebeatrizmakeup.com.br\/loja\/bruma-fixadora-ruby-rose\/#primaryimage\"},\"image\":{\"@id\":\"https:\/\/daniellebeatrizmakeup.com.br\/loja\/bruma-fixadora-ruby-rose\/#primaryimage\"},\"thumbnailUrl\":\"https:\/\/daniellebeatrizmakeup.com.br\/loja\/wp-content\/uploads\/2020\/07\/bruma-fixadora-ruby-rose.jpg\",\"datePublished\":\"2020-07-08T15:33:37+00:00\",\"dateModified\":\"2024-05-17T03:12:42+00:00\",\"description\":\"A Bruma Fixadora de Maquiagem foi desenvolvida para uso pr\u00e9 e p\u00f3s-maquiagem e promove uma apar\u00eancia natural da pele, mesmo maquiada.\",\"breadcrumb\":{\"@id\":\"https:\/\/daniellebeatrizmakeup.com.br\/loja\/bruma-fixadora-ruby-rose\/#breadcrumb\"},\"inLanguage\":\"pt-BR\",\"potentialAction\":[{\"@type\":\"ReadAction\",\"target\":[\"https:\/\/daniellebeatrizmakeup.com.br\/loja\/bruma-fixadora-ruby-rose\/\"]}]},{\"@type\":\"ImageObject\",\"inLanguage\":\"pt-BR\",\"@id\":\"https:\/\/daniellebeatrizmakeup.com.br\/loja\/bruma-fixadora-ruby-rose\/#primaryimage\",\"url\":\"https:\/\/daniellebeatrizmakeup.com.br\/loja\/wp-content\/uploads\/2020\/07\/bruma-fixadora-ruby-rose.jpg\",\"contentUrl\":\"https:\/\/daniellebeatrizmakeup.com.br\/loja\/wp-content\/uploads\/2020\/07\/bruma-fixadora-ruby-rose.jpg\",\"width\":750,\"height\":750},{\"@type\":\"BreadcrumbList\",\"@id\":\"https:\/\/daniellebeatrizmakeup.com.br\/loja\/bruma-fixadora-ruby-rose\/#breadcrumb\",\"itemListElement\":[{\"@type\":\"ListItem\",\"position\":1,\"name\":\"In\u00edcio\",\"item\":\"https:\/\/daniellebeatrizmakeup.com.br\/loja\/\"},{\"@type\":\"ListItem\",\"position\":2,\"name\":\"Todos\",\"item\":\"https:\/\/daniellebeatrizmakeup.com.br\/loja\/todos\/\"},{\"@type\":\"ListItem\",\"position\":3,\"name\":\"Bruma Fixadora Ruby Rose\"}]},{\"@type\":\"WebSite\",\"@id\":\"https:\/\/daniellebeatrizmakeup.com.br\/loja\/#website\",\"url\":\"https:\/\/daniellebeatrizmakeup.com.br\/loja\/\",\"name\":\"Loja DB Makeup\",\"description\":\"A melhor loja de maquiagem para real\u00e7ar a sua beleza\",\"publisher\":{\"@id\":\"https:\/\/daniellebeatrizmakeup.com.br\/loja\/#organization\"},\"potentialAction\":[{\"@type\":\"SearchAction\",\"target\":{\"@type\":\"EntryPoint\",\"urlTemplate\":\"https:\/\/daniellebeatrizmakeup.com.br\/loja\/?s={search_term_string}\"},\"query-input\":{\"@type\":\"PropertyValueSpecification\",\"valueRequired\":true,\"valueName\":\"search_term_string\"}}],\"inLanguage\":\"pt-BR\"},{\"@type\":\"Organization\",\"@id\":\"https:\/\/daniellebeatrizmakeup.com.br\/loja\/#organization\",\"name\":\"Danielle Beatriz Makeup\",\"url\":\"https:\/\/daniellebeatrizmakeup.com.br\/loja\/\",\"logo\":{\"@type\":\"ImageObject\",\"inLanguage\":\"pt-BR\",\"@id\":\"https:\/\/daniellebeatrizmakeup.com.br\/loja\/#\/schema\/logo\/image\/\",\"url\":\"https:\/\/daniellebeatrizmakeup.com.br\/loja\/wp-content\/uploads\/2020\/10\/logo-loja-db-makeup.png\",\"contentUrl\":\"https:\/\/daniellebeatrizmakeup.com.br\/loja\/wp-content\/uploads\/2020\/10\/logo-loja-db-makeup.png\",\"width\":500,\"height\":110,\"caption\":\"Danielle Beatriz Makeup\"},\"image\":{\"@id\":\"https:\/\/daniellebeatrizmakeup.com.br\/loja\/#\/schema\/logo\/image\/\"},\"sameAs\":[\"https:\/\/www.facebook.com\/daniellebeatrizmakeup\",\"https:\/\/x.com\/danibetriz\",\"https:\/\/www.instagram.com\/daniellebeatrizmakeup\",\"https:\/\/pinterest.com\/daniellebeatrizmakeup\",\"https:\/\/www.youtube.com\/DanielleBeatriz\"]}]}<\/script>\n<!-- \/ Yoast SEO plugin. -->","yoast_head_json":{"title":"Bruma Fixadora Ruby Rose - Loja DB Makeup","description":"A Bruma Fixadora de Maquiagem foi desenvolvida para uso pr\u00e9 e p\u00f3s-maquiagem e promove uma apar\u00eancia natural da pele, mesmo maquiada.","robots":{"index":"index","follow":"follow","max-snippet":"max-snippet:-1","max-image-preview":"max-image-preview:large","max-video-preview":"max-video-preview:-1"},"canonical":"https:\/\/daniellebeatrizmakeup.com.br\/loja\/bruma-fixadora-ruby-rose\/","og_locale":"pt_BR","og_type":"article","og_title":"Bruma Fixadora Ruby Rose - Loja DB Makeup","og_description":"A Bruma Fixadora de Maquiagem foi desenvolvida para uso pr\u00e9 e p\u00f3s-maquiagem e promove uma apar\u00eancia natural da pele, mesmo maquiada.","og_url":"https:\/\/daniellebeatrizmakeup.com.br\/loja\/bruma-fixadora-ruby-rose\/","og_site_name":"Loja DB Makeup","article_publisher":"https:\/\/www.facebook.com\/daniellebeatrizmakeup","article_modified_time":"2024-05-17T03:12:42+00:00","og_image":[{"width":750,"height":750,"url":"https:\/\/daniellebeatrizmakeup.com.br\/loja\/wp-content\/uploads\/2020\/07\/bruma-fixadora-ruby-rose.jpg","type":"image\/jpeg"}],"twitter_card":"summary_large_image","twitter_site":"@danibetriz","twitter_misc":{"Est. tempo de leitura":"1 minuto"},"schema":{"@context":"https:\/\/schema.org","@graph":[{"@type":"WebPage","@id":"https:\/\/daniellebeatrizmakeup.com.br\/loja\/bruma-fixadora-ruby-rose\/","url":"https:\/\/daniellebeatrizmakeup.com.br\/loja\/bruma-fixadora-ruby-rose\/","name":"Bruma Fixadora Ruby Rose - Loja DB Makeup","isPartOf":{"@id":"https:\/\/daniellebeatrizmakeup.com.br\/loja\/#website"},"primaryImageOfPage":{"@id":"https:\/\/daniellebeatrizmakeup.com.br\/loja\/bruma-fixadora-ruby-rose\/#primaryimage"},"image":{"@id":"https:\/\/daniellebeatrizmakeup.com.br\/loja\/bruma-fixadora-ruby-rose\/#primaryimage"},"thumbnailUrl":"https:\/\/daniellebeatrizmakeup.com.br\/loja\/wp-content\/uploads\/2020\/07\/bruma-fixadora-ruby-rose.jpg","datePublished":"2020-07-08T15:33:37+00:00","dateModified":"2024-05-17T03:12:42+00:00","description":"A Bruma Fixadora de Maquiagem foi desenvolvida para uso pr\u00e9 e p\u00f3s-maquiagem e promove uma apar\u00eancia natural da pele, mesmo maquiada.","breadcrumb":{"@id":"https:\/\/daniellebeatrizmakeup.com.br\/loja\/bruma-fixadora-ruby-rose\/#breadcrumb"},"inLanguage":"pt-BR","potentialAction":[{"@type":"ReadAction","target":["https:\/\/daniellebeatrizmakeup.com.br\/loja\/bruma-fixadora-ruby-rose\/"]}]},{"@type":"ImageObject","inLanguage":"pt-BR","@id":"https:\/\/daniellebeatrizmakeup.com.br\/loja\/bruma-fixadora-ruby-rose\/#primaryimage","url":"https:\/\/daniellebeatrizmakeup.com.br\/loja\/wp-content\/uploads\/2020\/07\/bruma-fixadora-ruby-rose.jpg","contentUrl":"https:\/\/daniellebeatrizmakeup.com.br\/loja\/wp-content\/uploads\/2020\/07\/bruma-fixadora-ruby-rose.jpg","width":750,"height":750},{"@type":"BreadcrumbList","@id":"https:\/\/daniellebeatrizmakeup.com.br\/loja\/bruma-fixadora-ruby-rose\/#breadcrumb","itemListElement":[{"@type":"ListItem","position":1,"name":"In\u00edcio","item":"https:\/\/daniellebeatrizmakeup.com.br\/loja\/"},{"@type":"ListItem","position":2,"name":"Todos","item":"https:\/\/daniellebeatrizmakeup.com.br\/loja\/todos\/"},{"@type":"ListItem","position":3,"name":"Bruma Fixadora Ruby Rose"}]},{"@type":"WebSite","@id":"https:\/\/daniellebeatrizmakeup.com.br\/loja\/#website","url":"https:\/\/daniellebeatrizmakeup.com.br\/loja\/","name":"Loja DB Makeup","description":"A melhor loja de maquiagem para real\u00e7ar a sua beleza","publisher":{"@id":"https:\/\/daniellebeatrizmakeup.com.br\/loja\/#organization"},"potentialAction":[{"@type":"SearchAction","target":{"@type":"EntryPoint","urlTemplate":"https:\/\/daniellebeatrizmakeup.com.br\/loja\/?s={search_term_string}"},"query-input":{"@type":"PropertyValueSpecification","valueRequired":true,"valueName":"search_term_string"}}],"inLanguage":"pt-BR"},{"@type":"Organization","@id":"https:\/\/daniellebeatrizmakeup.com.br\/loja\/#organization","name":"Danielle Beatriz Makeup","url":"https:\/\/daniellebeatrizmakeup.com.br\/loja\/","logo":{"@type":"ImageObject","inLanguage":"pt-BR","@id":"https:\/\/daniellebeatrizmakeup.com.br\/loja\/#\/schema\/logo\/image\/","url":"https:\/\/daniellebeatrizmakeup.com.br\/loja\/wp-content\/uploads\/2020\/10\/logo-loja-db-makeup.png","contentUrl":"https:\/\/daniellebeatrizmakeup.com.br\/loja\/wp-content\/uploads\/2020\/10\/logo-loja-db-makeup.png","width":500,"height":110,"caption":"Danielle Beatriz Makeup"},"image":{"@id":"https:\/\/daniellebeatrizmakeup.com.br\/loja\/#\/schema\/logo\/image\/"},"sameAs":["https:\/\/www.facebook.com\/daniellebeatrizmakeup","https:\/\/x.com\/danibetriz","https:\/\/www.instagram.com\/daniellebeatrizmakeup","https:\/\/pinterest.com\/daniellebeatrizmakeup","https:\/\/www.youtube.com\/DanielleBeatriz"]}]}},"jetpack_sharing_enabled":true,"_links":{"self":[{"href":"https:\/\/daniellebeatrizmakeup.com.br\/loja\/wp-json\/wp\/v2\/product\/976","targetHints":{"allow":["GET"]}}],"collection":[{"href":"https:\/\/daniellebeatrizmakeup.com.br\/loja\/wp-json\/wp\/v2\/product"}],"about":[{"href":"https:\/\/daniellebeatrizmakeup.com.br\/loja\/wp-json\/wp\/v2\/types\/product"}],"replies":[{"embeddable":true,"href":"https:\/\/daniellebeatrizmakeup.com.br\/loja\/wp-json\/wp\/v2\/comments?post=976"}],"version-history":[{"count":2,"href":"https:\/\/daniellebeatrizmakeup.com.br\/loja\/wp-json\/wp\/v2\/product\/976\/revisions"}],"predecessor-version":[{"id":2338,"href":"https:\/\/daniellebeatrizmakeup.com.br\/loja\/wp-json\/wp\/v2\/product\/976\/revisions\/2338"}],"wp:featuredmedia":[{"embeddable":true,"href":"https:\/\/daniellebeatrizmakeup.com.br\/loja\/wp-json\/wp\/v2\/media\/1468"}],"wp:attachment":[{"href":"https:\/\/daniellebeatrizmakeup.com.br\/loja\/wp-json\/wp\/v2\/media?parent=976"}],"wp:term":[{"taxonomy":"product_brand","embeddable":true,"href":"https:\/\/daniellebeatrizmakeup.com.br\/loja\/wp-json\/wp\/v2\/product_brand?post=976"},{"taxonomy":"product_cat","embeddable":true,"href":"https:\/\/daniellebeatrizmakeup.com.br\/loja\/wp-json\/wp\/v2\/product_cat?post=976"},{"taxonomy":"product_tag","embeddable":true,"href":"https:\/\/daniellebeatrizmakeup.com.br\/loja\/wp-json\/wp\/v2\/product_tag?post=976"},{"taxonomy":"woo-feed-brand","embeddable":true,"href":"https:\/\/daniellebeatrizmakeup.com.br\/loja\/wp-json\/wp\/v2\/woo-feed-brand?post=976"}],"curies":[{"name":"wp","href":"https:\/\/api.w.org\/{rel}","templated":true}]}}