{"id":57841,"date":"2024-05-31T03:22:04","date_gmt":"2024-05-31T06:22:04","guid":{"rendered":"https:\/\/daniellebeatrizmakeup.com.br\/loja\/perfume-mood-intense-ruby-rose\/"},"modified":"2024-12-03T00:00:23","modified_gmt":"2024-12-03T03:00:23","slug":"perfume-mood-intense-ruby-rose","status":"publish","type":"product","link":"https:\/\/daniellebeatrizmakeup.com.br\/loja\/perfume-mood-intense-ruby-rose\/","title":{"rendered":"Perfume Mood Intense Ruby Rose"},"content":{"rendered":"<p>Permita-se a ousadia de se entregar por inteiro com o perfume Mood Intense da <a href=\"https:\/\/daniellebeatrizmakeup.com.br\/loja\/ruby-rose\/\">Ruby Rose<\/a>.<\/p>\n<p>Fam\u00edlia Olfativa: Floral Frutal<br \/>\nNotas de sa\u00edda: ameixa, cereja amarga e framboesa.<br \/>\nNotas de corpo: orqu\u00eddea, \u00edris e fr\u00e9sia.<br \/>\nNotas de fundo: baunilha, \u00e2mbar e alm\u00edscar.<\/p>\n<p><strong>Modo de uso:<\/strong> Aplique sobre a pele, de prefer\u00eancia nos punhos, colo e pesco\u00e7o.<\/p>\n<p>100ml<\/p>\n<h4>Explos\u00e3o Frutal<\/h4>\n<p>Experimente o encanto inicial do Perfume Mood Intense Ruby Rose com suas notas de sa\u00edda vibrantes de ameixa, cereja amarga e framboesa. Essa combina\u00e7\u00e3o frutal proporciona uma explos\u00e3o de frescor e energia, ideal para quem deseja iniciar o dia com um toque de ousadia e vitalidade. A intensidade dessas frutas desperta os sentidos e prepara voc\u00ea para uma experi\u00eancia olfativa inesquec\u00edvel.<\/p>\n<p><strong>Sofistica\u00e7\u00e3o e Eleg\u00e2ncia<\/strong><\/p>\n<p>No cora\u00e7\u00e3o do Perfume Mood Intense, a delicadeza da orqu\u00eddea, \u00edris e fr\u00e9sia se entrela\u00e7am, criando uma aura floral sofisticada e elegante. Essas notas de corpo conferem \u00e0 fragr\u00e2ncia uma profundidade luxuosa, perfeita para momentos especiais e ocasi\u00f5es que exigem um toque de classe. Envolva-se em um v\u00e9u de eleg\u00e2ncia e deixe sua presen\u00e7a ser notada com sutileza e charme.<\/p>\n<p><strong>Sedu\u00e7\u00e3o e Conforto<\/strong><\/p>\n<p>A base do Mood Intense \u00e9 uma combina\u00e7\u00e3o irresist\u00edvel de baunilha, \u00e2mbar e alm\u00edscar. Essas notas de fundo proporcionam uma sensa\u00e7\u00e3o de sedu\u00e7\u00e3o e conforto duradouro, deixando um rastro memor\u00e1vel por onde voc\u00ea passa. A do\u00e7ura envolvente da baunilha se mistura com o calor do \u00e2mbar e a suavidade do alm\u00edscar, criando uma assinatura olfativa que \u00e9 ao mesmo tempo reconfortante e intrigante.<\/p>\n<p><b>Precau\u00e7\u00f5es:<\/b><span>\u00a0Somente para uso externo. N\u00e3o aplicar sobre a pele irritada. Em caso de irrita\u00e7\u00e3o e vermelhid\u00e3o, suspender o uso e procurar orienta\u00e7\u00e3o m\u00e9dica. Manter fora do alcance das crian\u00e7as. Em caso de contato acidental com os olhos, enxaguar com \u00e1gua abundantemente. Este produto n\u00e3o foi testado em gestantes e lactantes, consulte seu m\u00e9dico antes de utiliz\u00e1-lo. Mantenha o produto protegido da luz e do calor.<\/span><\/p>\n","protected":false},"excerpt":{"rendered":"<p>Validade: 08\/<span data-sheets-root=\"1\" data-sheets-value=\"{&quot;1&quot;:3,&quot;3&quot;:46235}\" data-sheets-userformat=\"{&quot;2&quot;:513,&quot;3&quot;:{&quot;1&quot;:5,&quot;2&quot;:&quot;yyyy-mm-dd&quot;,&quot;3&quot;:1},&quot;12&quot;:0}\">2026<\/span><br \/>\nPermita-se a ousadia de se entregar por inteiro com o perfume Mood Intense da Ruby Rose.<\/p>\n<p>Fam\u00edlia Olfativa: Floral Frutal<br \/>\nNotas de sa\u00edda: ameixa, cereja amarga e framboesa.<br \/>\nNotas de corpo: orqu\u00eddea, \u00edris e fr\u00e9sia.<br \/>\nNotas de fundo: baunilha, \u00e2mbar e alm\u00edscar.<\/p>\n<p>Modo de uso: Aplique sobre a pele, de prefer\u00eancia nos punhos, colo e pesco\u00e7o.<\/p>\n<p>100ml<\/p>\n","protected":false},"featured_media":57903,"comment_status":"open","ping_status":"closed","template":"","meta":{"_mbp_gutenberg_autopost":false},"product_brand":[],"product_cat":[814,828,815,74],"product_tag":[],"woo-feed-brand":[],"class_list":{"0":"post-57841","1":"product","2":"type-product","3":"status-publish","4":"has-post-thumbnail","6":"product_cat-corpo","7":"product_cat-mood","8":"product_cat-perfume","9":"product_cat-ruby-rose","11":"first","12":"instock","13":"shipping-taxable","14":"purchasable","15":"product-type-simple"},"yoast_head":"<!-- This site is optimized with the Yoast SEO plugin v27.3 - https:\/\/yoast.com\/product\/yoast-seo-wordpress\/ -->\n<title>Perfume Mood Intense Ruby Rose - Loja DB Makeup<\/title>\n<meta name=\"description\" content=\"Descubra o perfume Mood Intense Ruby Rose: notas frutais de ameixa e framboesa com um cora\u00e7\u00e3o floral sofisticado e fundo de baunilha e alm\u00edscar.\" \/>\n<meta name=\"robots\" content=\"index, follow, max-snippet:-1, max-image-preview:large, max-video-preview:-1\" \/>\n<link rel=\"canonical\" href=\"https:\/\/daniellebeatrizmakeup.com.br\/loja\/perfume-mood-intense-ruby-rose\/\" \/>\n<meta property=\"og:locale\" content=\"pt_BR\" \/>\n<meta property=\"og:type\" content=\"article\" \/>\n<meta property=\"og:title\" content=\"Perfume Mood Intense Ruby Rose - Loja DB Makeup\" \/>\n<meta property=\"og:description\" content=\"Descubra o perfume Mood Intense Ruby Rose: notas frutais de ameixa e framboesa com um cora\u00e7\u00e3o floral sofisticado e fundo de baunilha e alm\u00edscar.\" \/>\n<meta property=\"og:url\" content=\"https:\/\/daniellebeatrizmakeup.com.br\/loja\/perfume-mood-intense-ruby-rose\/\" \/>\n<meta property=\"og:site_name\" content=\"Loja DB Makeup\" \/>\n<meta property=\"article:publisher\" content=\"https:\/\/www.facebook.com\/daniellebeatrizmakeup\" \/>\n<meta property=\"article:modified_time\" content=\"2024-12-03T03:00:23+00:00\" \/>\n<meta property=\"og:image\" content=\"https:\/\/daniellebeatrizmakeup.com.br\/loja\/wp-content\/uploads\/2024\/05\/perfume-mood-intense-ruby-rose-4.jpg\" \/>\n\t<meta property=\"og:image:width\" content=\"1440\" \/>\n\t<meta property=\"og:image:height\" content=\"1798\" \/>\n\t<meta property=\"og:image:type\" content=\"image\/jpeg\" \/>\n<meta name=\"twitter:card\" content=\"summary_large_image\" \/>\n<meta name=\"twitter:site\" content=\"@danibetriz\" \/>\n<meta name=\"twitter:label1\" content=\"Est. tempo de leitura\" \/>\n\t<meta name=\"twitter:data1\" content=\"2 minutos\" \/>\n<script type=\"application\/ld+json\" class=\"yoast-schema-graph\">{\"@context\":\"https:\\\/\\\/schema.org\",\"@graph\":[{\"@type\":\"WebPage\",\"@id\":\"https:\\\/\\\/daniellebeatrizmakeup.com.br\\\/loja\\\/perfume-mood-intense-ruby-rose\\\/\",\"url\":\"https:\\\/\\\/daniellebeatrizmakeup.com.br\\\/loja\\\/perfume-mood-intense-ruby-rose\\\/\",\"name\":\"Perfume Mood Intense Ruby Rose - Loja DB Makeup\",\"isPartOf\":{\"@id\":\"https:\\\/\\\/daniellebeatrizmakeup.com.br\\\/loja\\\/#website\"},\"primaryImageOfPage\":{\"@id\":\"https:\\\/\\\/daniellebeatrizmakeup.com.br\\\/loja\\\/perfume-mood-intense-ruby-rose\\\/#primaryimage\"},\"image\":{\"@id\":\"https:\\\/\\\/daniellebeatrizmakeup.com.br\\\/loja\\\/perfume-mood-intense-ruby-rose\\\/#primaryimage\"},\"thumbnailUrl\":\"https:\\\/\\\/daniellebeatrizmakeup.com.br\\\/loja\\\/wp-content\\\/uploads\\\/2024\\\/05\\\/perfume-mood-intense-ruby-rose-4.jpg\",\"datePublished\":\"2024-05-31T06:22:04+00:00\",\"dateModified\":\"2024-12-03T03:00:23+00:00\",\"description\":\"Descubra o perfume Mood Intense Ruby Rose: notas frutais de ameixa e framboesa com um cora\u00e7\u00e3o floral sofisticado e fundo de baunilha e alm\u00edscar.\",\"breadcrumb\":{\"@id\":\"https:\\\/\\\/daniellebeatrizmakeup.com.br\\\/loja\\\/perfume-mood-intense-ruby-rose\\\/#breadcrumb\"},\"inLanguage\":\"pt-BR\",\"potentialAction\":[{\"@type\":\"ReadAction\",\"target\":[\"https:\\\/\\\/daniellebeatrizmakeup.com.br\\\/loja\\\/perfume-mood-intense-ruby-rose\\\/\"]}]},{\"@type\":\"ImageObject\",\"inLanguage\":\"pt-BR\",\"@id\":\"https:\\\/\\\/daniellebeatrizmakeup.com.br\\\/loja\\\/perfume-mood-intense-ruby-rose\\\/#primaryimage\",\"url\":\"https:\\\/\\\/daniellebeatrizmakeup.com.br\\\/loja\\\/wp-content\\\/uploads\\\/2024\\\/05\\\/perfume-mood-intense-ruby-rose-4.jpg\",\"contentUrl\":\"https:\\\/\\\/daniellebeatrizmakeup.com.br\\\/loja\\\/wp-content\\\/uploads\\\/2024\\\/05\\\/perfume-mood-intense-ruby-rose-4.jpg\",\"width\":1440,\"height\":1798,\"caption\":\"Perfume Mood Intense Ruby Rose\"},{\"@type\":\"BreadcrumbList\",\"@id\":\"https:\\\/\\\/daniellebeatrizmakeup.com.br\\\/loja\\\/perfume-mood-intense-ruby-rose\\\/#breadcrumb\",\"itemListElement\":[{\"@type\":\"ListItem\",\"position\":1,\"name\":\"In\u00edcio\",\"item\":\"https:\\\/\\\/daniellebeatrizmakeup.com.br\\\/loja\\\/\"},{\"@type\":\"ListItem\",\"position\":2,\"name\":\"Todos\",\"item\":\"https:\\\/\\\/daniellebeatrizmakeup.com.br\\\/loja\\\/todos\\\/\"},{\"@type\":\"ListItem\",\"position\":3,\"name\":\"Perfume Mood Intense Ruby Rose\"}]},{\"@type\":\"WebSite\",\"@id\":\"https:\\\/\\\/daniellebeatrizmakeup.com.br\\\/loja\\\/#website\",\"url\":\"https:\\\/\\\/daniellebeatrizmakeup.com.br\\\/loja\\\/\",\"name\":\"Loja DB Makeup\",\"description\":\"A melhor loja de maquiagem para real\u00e7ar a sua beleza\",\"publisher\":{\"@id\":\"https:\\\/\\\/daniellebeatrizmakeup.com.br\\\/loja\\\/#organization\"},\"potentialAction\":[{\"@type\":\"SearchAction\",\"target\":{\"@type\":\"EntryPoint\",\"urlTemplate\":\"https:\\\/\\\/daniellebeatrizmakeup.com.br\\\/loja\\\/?s={search_term_string}\"},\"query-input\":{\"@type\":\"PropertyValueSpecification\",\"valueRequired\":true,\"valueName\":\"search_term_string\"}}],\"inLanguage\":\"pt-BR\"},{\"@type\":\"Organization\",\"@id\":\"https:\\\/\\\/daniellebeatrizmakeup.com.br\\\/loja\\\/#organization\",\"name\":\"Danielle Beatriz Makeup\",\"url\":\"https:\\\/\\\/daniellebeatrizmakeup.com.br\\\/loja\\\/\",\"logo\":{\"@type\":\"ImageObject\",\"inLanguage\":\"pt-BR\",\"@id\":\"https:\\\/\\\/daniellebeatrizmakeup.com.br\\\/loja\\\/#\\\/schema\\\/logo\\\/image\\\/\",\"url\":\"https:\\\/\\\/daniellebeatrizmakeup.com.br\\\/loja\\\/wp-content\\\/uploads\\\/2020\\\/10\\\/logo-loja-db-makeup.png\",\"contentUrl\":\"https:\\\/\\\/daniellebeatrizmakeup.com.br\\\/loja\\\/wp-content\\\/uploads\\\/2020\\\/10\\\/logo-loja-db-makeup.png\",\"width\":500,\"height\":110,\"caption\":\"Danielle Beatriz Makeup\"},\"image\":{\"@id\":\"https:\\\/\\\/daniellebeatrizmakeup.com.br\\\/loja\\\/#\\\/schema\\\/logo\\\/image\\\/\"},\"sameAs\":[\"https:\\\/\\\/www.facebook.com\\\/daniellebeatrizmakeup\",\"https:\\\/\\\/x.com\\\/danibetriz\",\"https:\\\/\\\/www.instagram.com\\\/daniellebeatrizmakeup\",\"https:\\\/\\\/pinterest.com\\\/daniellebeatrizmakeup\",\"https:\\\/\\\/www.youtube.com\\\/DanielleBeatriz\"]}]}<\/script>\n<!-- \/ Yoast SEO plugin. -->","yoast_head_json":{"title":"Perfume Mood Intense Ruby Rose - Loja DB Makeup","description":"Descubra o perfume Mood Intense Ruby Rose: notas frutais de ameixa e framboesa com um cora\u00e7\u00e3o floral sofisticado e fundo de baunilha e alm\u00edscar.","robots":{"index":"index","follow":"follow","max-snippet":"max-snippet:-1","max-image-preview":"max-image-preview:large","max-video-preview":"max-video-preview:-1"},"canonical":"https:\/\/daniellebeatrizmakeup.com.br\/loja\/perfume-mood-intense-ruby-rose\/","og_locale":"pt_BR","og_type":"article","og_title":"Perfume Mood Intense Ruby Rose - Loja DB Makeup","og_description":"Descubra o perfume Mood Intense Ruby Rose: notas frutais de ameixa e framboesa com um cora\u00e7\u00e3o floral sofisticado e fundo de baunilha e alm\u00edscar.","og_url":"https:\/\/daniellebeatrizmakeup.com.br\/loja\/perfume-mood-intense-ruby-rose\/","og_site_name":"Loja DB Makeup","article_publisher":"https:\/\/www.facebook.com\/daniellebeatrizmakeup","article_modified_time":"2024-12-03T03:00:23+00:00","og_image":[{"width":1440,"height":1798,"url":"https:\/\/daniellebeatrizmakeup.com.br\/loja\/wp-content\/uploads\/2024\/05\/perfume-mood-intense-ruby-rose-4.jpg","type":"image\/jpeg"}],"twitter_card":"summary_large_image","twitter_site":"@danibetriz","twitter_misc":{"Est. tempo de leitura":"2 minutos"},"schema":{"@context":"https:\/\/schema.org","@graph":[{"@type":"WebPage","@id":"https:\/\/daniellebeatrizmakeup.com.br\/loja\/perfume-mood-intense-ruby-rose\/","url":"https:\/\/daniellebeatrizmakeup.com.br\/loja\/perfume-mood-intense-ruby-rose\/","name":"Perfume Mood Intense Ruby Rose - Loja DB Makeup","isPartOf":{"@id":"https:\/\/daniellebeatrizmakeup.com.br\/loja\/#website"},"primaryImageOfPage":{"@id":"https:\/\/daniellebeatrizmakeup.com.br\/loja\/perfume-mood-intense-ruby-rose\/#primaryimage"},"image":{"@id":"https:\/\/daniellebeatrizmakeup.com.br\/loja\/perfume-mood-intense-ruby-rose\/#primaryimage"},"thumbnailUrl":"https:\/\/daniellebeatrizmakeup.com.br\/loja\/wp-content\/uploads\/2024\/05\/perfume-mood-intense-ruby-rose-4.jpg","datePublished":"2024-05-31T06:22:04+00:00","dateModified":"2024-12-03T03:00:23+00:00","description":"Descubra o perfume Mood Intense Ruby Rose: notas frutais de ameixa e framboesa com um cora\u00e7\u00e3o floral sofisticado e fundo de baunilha e alm\u00edscar.","breadcrumb":{"@id":"https:\/\/daniellebeatrizmakeup.com.br\/loja\/perfume-mood-intense-ruby-rose\/#breadcrumb"},"inLanguage":"pt-BR","potentialAction":[{"@type":"ReadAction","target":["https:\/\/daniellebeatrizmakeup.com.br\/loja\/perfume-mood-intense-ruby-rose\/"]}]},{"@type":"ImageObject","inLanguage":"pt-BR","@id":"https:\/\/daniellebeatrizmakeup.com.br\/loja\/perfume-mood-intense-ruby-rose\/#primaryimage","url":"https:\/\/daniellebeatrizmakeup.com.br\/loja\/wp-content\/uploads\/2024\/05\/perfume-mood-intense-ruby-rose-4.jpg","contentUrl":"https:\/\/daniellebeatrizmakeup.com.br\/loja\/wp-content\/uploads\/2024\/05\/perfume-mood-intense-ruby-rose-4.jpg","width":1440,"height":1798,"caption":"Perfume Mood Intense Ruby Rose"},{"@type":"BreadcrumbList","@id":"https:\/\/daniellebeatrizmakeup.com.br\/loja\/perfume-mood-intense-ruby-rose\/#breadcrumb","itemListElement":[{"@type":"ListItem","position":1,"name":"In\u00edcio","item":"https:\/\/daniellebeatrizmakeup.com.br\/loja\/"},{"@type":"ListItem","position":2,"name":"Todos","item":"https:\/\/daniellebeatrizmakeup.com.br\/loja\/todos\/"},{"@type":"ListItem","position":3,"name":"Perfume Mood Intense Ruby Rose"}]},{"@type":"WebSite","@id":"https:\/\/daniellebeatrizmakeup.com.br\/loja\/#website","url":"https:\/\/daniellebeatrizmakeup.com.br\/loja\/","name":"Loja DB Makeup","description":"A melhor loja de maquiagem para real\u00e7ar a sua beleza","publisher":{"@id":"https:\/\/daniellebeatrizmakeup.com.br\/loja\/#organization"},"potentialAction":[{"@type":"SearchAction","target":{"@type":"EntryPoint","urlTemplate":"https:\/\/daniellebeatrizmakeup.com.br\/loja\/?s={search_term_string}"},"query-input":{"@type":"PropertyValueSpecification","valueRequired":true,"valueName":"search_term_string"}}],"inLanguage":"pt-BR"},{"@type":"Organization","@id":"https:\/\/daniellebeatrizmakeup.com.br\/loja\/#organization","name":"Danielle Beatriz Makeup","url":"https:\/\/daniellebeatrizmakeup.com.br\/loja\/","logo":{"@type":"ImageObject","inLanguage":"pt-BR","@id":"https:\/\/daniellebeatrizmakeup.com.br\/loja\/#\/schema\/logo\/image\/","url":"https:\/\/daniellebeatrizmakeup.com.br\/loja\/wp-content\/uploads\/2020\/10\/logo-loja-db-makeup.png","contentUrl":"https:\/\/daniellebeatrizmakeup.com.br\/loja\/wp-content\/uploads\/2020\/10\/logo-loja-db-makeup.png","width":500,"height":110,"caption":"Danielle Beatriz Makeup"},"image":{"@id":"https:\/\/daniellebeatrizmakeup.com.br\/loja\/#\/schema\/logo\/image\/"},"sameAs":["https:\/\/www.facebook.com\/daniellebeatrizmakeup","https:\/\/x.com\/danibetriz","https:\/\/www.instagram.com\/daniellebeatrizmakeup","https:\/\/pinterest.com\/daniellebeatrizmakeup","https:\/\/www.youtube.com\/DanielleBeatriz"]}]}},"jetpack_sharing_enabled":true,"_links":{"self":[{"href":"https:\/\/daniellebeatrizmakeup.com.br\/loja\/wp-json\/wp\/v2\/product\/57841","targetHints":{"allow":["GET"]}}],"collection":[{"href":"https:\/\/daniellebeatrizmakeup.com.br\/loja\/wp-json\/wp\/v2\/product"}],"about":[{"href":"https:\/\/daniellebeatrizmakeup.com.br\/loja\/wp-json\/wp\/v2\/types\/product"}],"replies":[{"embeddable":true,"href":"https:\/\/daniellebeatrizmakeup.com.br\/loja\/wp-json\/wp\/v2\/comments?post=57841"}],"version-history":[{"count":3,"href":"https:\/\/daniellebeatrizmakeup.com.br\/loja\/wp-json\/wp\/v2\/product\/57841\/revisions"}],"predecessor-version":[{"id":57942,"href":"https:\/\/daniellebeatrizmakeup.com.br\/loja\/wp-json\/wp\/v2\/product\/57841\/revisions\/57942"}],"wp:featuredmedia":[{"embeddable":true,"href":"https:\/\/daniellebeatrizmakeup.com.br\/loja\/wp-json\/wp\/v2\/media\/57903"}],"wp:attachment":[{"href":"https:\/\/daniellebeatrizmakeup.com.br\/loja\/wp-json\/wp\/v2\/media?parent=57841"}],"wp:term":[{"taxonomy":"product_brand","embeddable":true,"href":"https:\/\/daniellebeatrizmakeup.com.br\/loja\/wp-json\/wp\/v2\/product_brand?post=57841"},{"taxonomy":"product_cat","embeddable":true,"href":"https:\/\/daniellebeatrizmakeup.com.br\/loja\/wp-json\/wp\/v2\/product_cat?post=57841"},{"taxonomy":"product_tag","embeddable":true,"href":"https:\/\/daniellebeatrizmakeup.com.br\/loja\/wp-json\/wp\/v2\/product_tag?post=57841"},{"taxonomy":"woo-feed-brand","embeddable":true,"href":"https:\/\/daniellebeatrizmakeup.com.br\/loja\/wp-json\/wp\/v2\/woo-feed-brand?post=57841"}],"curies":[{"name":"wp","href":"https:\/\/api.w.org\/{rel}","templated":true}]}}