{"id":5110,"date":"2020-12-20T15:00:59","date_gmt":"2020-12-20T18:00:59","guid":{"rendered":"https:\/\/loja.daniellebeatrizmakeup.com.br\/?post_type=product&#038;p=5110"},"modified":"2025-10-22T14:55:49","modified_gmt":"2025-10-22T17:55:49","slug":"fixador-ate-embaixo-dagua-maria-margarida","status":"publish","type":"product","link":"https:\/\/daniellebeatrizmakeup.com.br\/loja\/fixador-ate-embaixo-dagua-maria-margarida\/","title":{"rendered":"Fixador At\u00e9 Embaixo D\u00e1gua Maria Margarida"},"content":{"rendered":"<p>O Fixador At\u00e9 Embaixo D\u00e1gua da <a href=\"https:\/\/daniellebeatrizmakeup.com.br\/loja\/maria-margarida\/\">Maria Margarida<\/a> ajuda a super fixar a maquiagem, pois cria um filme protetor que deixa sua maquiagem\u00a0 \u00e0 prova d&#8217;\u00e1gua e de transfer\u00eancia! Voc\u00ea pode entrar embaixo do chuveiro ou nadar por a\u00ed como uma sereia e sua <a href=\"https:\/\/www.instagram.com\/daniellebeatrizmakeup\/\">makeup<\/a> vai continuar intacta! Grandes maquiadores como Nat Teodoro e Natane Rosa aprovam o Fixador At\u00e9 Embaixo D\u00e1gua da Maria Margarida.<\/p>\n<h2>Como utilizar o Fixador At\u00e9 Embaixo D&#8217;\u00e1gua<\/h2>\n<p>Quando sua maquiagem estiver completa, basta dar uma leve borrifada em todo o rosto e pronto!<\/p>\n<p>IMPORTANTE: Como ele forma um filme protetor, depois de secar voc\u00ea n\u00e3o vai mais conseguir esfumar nenhum produto! Ent\u00e3o ele tem que ser o \u00faltimo passo da makeup ok!?<\/p>\n<p>Aten\u00e7\u00e3o: Esse produto cont\u00e9m \u00e1lcool! Para usar \u00e9 muito simples, mas tem um aroma um pouco forte de \u00e1lcool no in\u00edcio, mas ele seca r\u00e1pido e depois o aroma some.<\/p>\n<p>Composi\u00e7\u00e3o: Alcohol, VP\/VA Copolymer, Acrylates\/Octylacrylamide Copolymer, Propylene Glycol, Phenoxyethanol, Parfum.<\/p>\n<p>Conte\u00fado 120ml<\/p>\n<h3>Sobre a Maria Margarida<\/h3>\n<p><span class=\"pre\">Em 2013, a Maria Margarida nasceu dos anseios de uma paix\u00e3o da criadora por maquiagem, que percebeu que faltava no mercado brasileiro uma marca focada em pinc\u00e9is que tivessem <\/span><span class=\"pos\">grande qualidade a pre\u00e7os acess\u00edveis. O nome Maria Margarida \u00e9 uma homenagem \u00e0 av\u00f3 da fundadora da marca, Dona Margarida, uma mulher forte, independente e batalhadora. A Maria Margarida apresenta uma linha completa de pinc\u00e9is que v\u00e3o desde a auto maquiagem at\u00e9 o profissional. Al\u00e9m de linhas em parceria com grandes nomes no universo beauty como a Pausa para Feminices. Nos \u00faltimos tempos a Maria Margarida tem investido em cosm\u00e9ticos focados no cuidado da pele e makeup, principalmente a linha Embaixo D&#8217;\u00e1gua.<\/span><\/p>\n","protected":false},"excerpt":{"rendered":"<p>Validade: 04\/2027.<\/p>\n<p>O Fixador At\u00e9 Embaixo D\u00e1gua da Maria Margarida ajuda a super fixar a maquiagem, pois cria um filme protetor que deixa sua maquiagem completamente \u00e0 prova d\u2019\u00e1gua e de transfer\u00eancia! Voc\u00ea pode entrar embaixo do chuveiro ou nadar por a\u00ed como uma sereia e sua make vai continuar intacta!<\/p>\n","protected":false},"featured_media":56815,"comment_status":"open","ping_status":"closed","template":"","meta":{"_mbp_gutenberg_autopost":false},"product_brand":[],"product_cat":[838,746,73,78],"product_tag":[175,207,145,106],"woo-feed-brand":[],"class_list":{"0":"post-5110","1":"product","2":"type-product","3":"status-publish","4":"has-post-thumbnail","6":"product_cat-ate-embaixo-dagua","7":"product_cat-fixador","8":"product_cat-maria-margarida","9":"product_cat-rosto","10":"product_tag-a-prova-dagua","11":"product_tag-fixador","12":"product_tag-maria-margarida","13":"product_tag-pele","14":"yith_product_brand-maria-margarida","16":"first","17":"instock","18":"featured","19":"shipping-taxable","20":"purchasable","21":"product-type-simple"},"yoast_head":"<!-- This site is optimized with the Yoast SEO plugin v27.3 - https:\/\/yoast.com\/product\/yoast-seo-wordpress\/ -->\n<title>Fixador At\u00e9 Embaixo D\u00e1gua Maria Margarida - Loja DB Makeup<\/title>\n<meta name=\"description\" content=\"O At\u00e9 Embaixo D\u00e1gua \u00e9 um super fixador que cria uma filme protetor deixando sua maquiagem completamente \u00e0 prova d\u00b4\u00e1gua e transfer\u00eancia!\" \/>\n<meta name=\"robots\" content=\"index, follow, max-snippet:-1, max-image-preview:large, max-video-preview:-1\" \/>\n<link rel=\"canonical\" href=\"https:\/\/daniellebeatrizmakeup.com.br\/loja\/fixador-ate-embaixo-dagua-maria-margarida\/\" \/>\n<meta property=\"og:locale\" content=\"pt_BR\" \/>\n<meta property=\"og:type\" content=\"article\" \/>\n<meta property=\"og:title\" content=\"Fixador At\u00e9 Embaixo D\u00e1gua Maria Margarida - Loja DB Makeup\" \/>\n<meta property=\"og:description\" content=\"O At\u00e9 Embaixo D\u00e1gua \u00e9 um super fixador que cria uma filme protetor deixando sua maquiagem completamente \u00e0 prova d\u00b4\u00e1gua e transfer\u00eancia!\" \/>\n<meta property=\"og:url\" content=\"https:\/\/daniellebeatrizmakeup.com.br\/loja\/fixador-ate-embaixo-dagua-maria-margarida\/\" \/>\n<meta property=\"og:site_name\" content=\"Loja DB Makeup\" \/>\n<meta property=\"article:publisher\" content=\"https:\/\/www.facebook.com\/daniellebeatrizmakeup\" \/>\n<meta property=\"article:modified_time\" content=\"2025-10-22T17:55:49+00:00\" \/>\n<meta property=\"og:image\" content=\"https:\/\/daniellebeatrizmakeup.com.br\/loja\/wp-content\/uploads\/2020\/12\/fixador-ate-embaixo-dagua-maria-margarida-1-scaled-e1687324439339.jpg\" \/>\n\t<meta property=\"og:image:width\" content=\"1707\" \/>\n\t<meta property=\"og:image:height\" content=\"2278\" \/>\n\t<meta property=\"og:image:type\" content=\"image\/jpeg\" \/>\n<meta name=\"twitter:card\" content=\"summary_large_image\" \/>\n<meta name=\"twitter:site\" content=\"@danibetriz\" \/>\n<meta name=\"twitter:label1\" content=\"Est. tempo de leitura\" \/>\n\t<meta name=\"twitter:data1\" content=\"2 minutos\" \/>\n<script type=\"application\/ld+json\" class=\"yoast-schema-graph\">{\"@context\":\"https:\\\/\\\/schema.org\",\"@graph\":[{\"@type\":\"WebPage\",\"@id\":\"https:\\\/\\\/daniellebeatrizmakeup.com.br\\\/loja\\\/fixador-ate-embaixo-dagua-maria-margarida\\\/\",\"url\":\"https:\\\/\\\/daniellebeatrizmakeup.com.br\\\/loja\\\/fixador-ate-embaixo-dagua-maria-margarida\\\/\",\"name\":\"Fixador At\u00e9 Embaixo D\u00e1gua Maria Margarida - Loja DB Makeup\",\"isPartOf\":{\"@id\":\"https:\\\/\\\/daniellebeatrizmakeup.com.br\\\/loja\\\/#website\"},\"primaryImageOfPage\":{\"@id\":\"https:\\\/\\\/daniellebeatrizmakeup.com.br\\\/loja\\\/fixador-ate-embaixo-dagua-maria-margarida\\\/#primaryimage\"},\"image\":{\"@id\":\"https:\\\/\\\/daniellebeatrizmakeup.com.br\\\/loja\\\/fixador-ate-embaixo-dagua-maria-margarida\\\/#primaryimage\"},\"thumbnailUrl\":\"https:\\\/\\\/daniellebeatrizmakeup.com.br\\\/loja\\\/wp-content\\\/uploads\\\/2020\\\/12\\\/fixador-ate-embaixo-dagua-maria-margarida-1-scaled-e1687324439339.jpg\",\"datePublished\":\"2020-12-20T18:00:59+00:00\",\"dateModified\":\"2025-10-22T17:55:49+00:00\",\"description\":\"O At\u00e9 Embaixo D\u00e1gua \u00e9 um super fixador que cria uma filme protetor deixando sua maquiagem completamente \u00e0 prova d\u00b4\u00e1gua e transfer\u00eancia!\",\"breadcrumb\":{\"@id\":\"https:\\\/\\\/daniellebeatrizmakeup.com.br\\\/loja\\\/fixador-ate-embaixo-dagua-maria-margarida\\\/#breadcrumb\"},\"inLanguage\":\"pt-BR\",\"potentialAction\":[{\"@type\":\"ReadAction\",\"target\":[\"https:\\\/\\\/daniellebeatrizmakeup.com.br\\\/loja\\\/fixador-ate-embaixo-dagua-maria-margarida\\\/\"]}]},{\"@type\":\"ImageObject\",\"inLanguage\":\"pt-BR\",\"@id\":\"https:\\\/\\\/daniellebeatrizmakeup.com.br\\\/loja\\\/fixador-ate-embaixo-dagua-maria-margarida\\\/#primaryimage\",\"url\":\"https:\\\/\\\/daniellebeatrizmakeup.com.br\\\/loja\\\/wp-content\\\/uploads\\\/2020\\\/12\\\/fixador-ate-embaixo-dagua-maria-margarida-1-scaled-e1687324439339.jpg\",\"contentUrl\":\"https:\\\/\\\/daniellebeatrizmakeup.com.br\\\/loja\\\/wp-content\\\/uploads\\\/2020\\\/12\\\/fixador-ate-embaixo-dagua-maria-margarida-1-scaled-e1687324439339.jpg\",\"width\":1707,\"height\":2278},{\"@type\":\"BreadcrumbList\",\"@id\":\"https:\\\/\\\/daniellebeatrizmakeup.com.br\\\/loja\\\/fixador-ate-embaixo-dagua-maria-margarida\\\/#breadcrumb\",\"itemListElement\":[{\"@type\":\"ListItem\",\"position\":1,\"name\":\"In\u00edcio\",\"item\":\"https:\\\/\\\/daniellebeatrizmakeup.com.br\\\/loja\\\/\"},{\"@type\":\"ListItem\",\"position\":2,\"name\":\"Todos\",\"item\":\"https:\\\/\\\/daniellebeatrizmakeup.com.br\\\/loja\\\/todos\\\/\"},{\"@type\":\"ListItem\",\"position\":3,\"name\":\"Fixador At\u00e9 Embaixo D\u00e1gua Maria Margarida\"}]},{\"@type\":\"WebSite\",\"@id\":\"https:\\\/\\\/daniellebeatrizmakeup.com.br\\\/loja\\\/#website\",\"url\":\"https:\\\/\\\/daniellebeatrizmakeup.com.br\\\/loja\\\/\",\"name\":\"Loja DB Makeup\",\"description\":\"A melhor loja de maquiagem para real\u00e7ar a sua beleza\",\"publisher\":{\"@id\":\"https:\\\/\\\/daniellebeatrizmakeup.com.br\\\/loja\\\/#organization\"},\"potentialAction\":[{\"@type\":\"SearchAction\",\"target\":{\"@type\":\"EntryPoint\",\"urlTemplate\":\"https:\\\/\\\/daniellebeatrizmakeup.com.br\\\/loja\\\/?s={search_term_string}\"},\"query-input\":{\"@type\":\"PropertyValueSpecification\",\"valueRequired\":true,\"valueName\":\"search_term_string\"}}],\"inLanguage\":\"pt-BR\"},{\"@type\":\"Organization\",\"@id\":\"https:\\\/\\\/daniellebeatrizmakeup.com.br\\\/loja\\\/#organization\",\"name\":\"Danielle Beatriz Makeup\",\"url\":\"https:\\\/\\\/daniellebeatrizmakeup.com.br\\\/loja\\\/\",\"logo\":{\"@type\":\"ImageObject\",\"inLanguage\":\"pt-BR\",\"@id\":\"https:\\\/\\\/daniellebeatrizmakeup.com.br\\\/loja\\\/#\\\/schema\\\/logo\\\/image\\\/\",\"url\":\"https:\\\/\\\/daniellebeatrizmakeup.com.br\\\/loja\\\/wp-content\\\/uploads\\\/2020\\\/10\\\/logo-loja-db-makeup.png\",\"contentUrl\":\"https:\\\/\\\/daniellebeatrizmakeup.com.br\\\/loja\\\/wp-content\\\/uploads\\\/2020\\\/10\\\/logo-loja-db-makeup.png\",\"width\":500,\"height\":110,\"caption\":\"Danielle Beatriz Makeup\"},\"image\":{\"@id\":\"https:\\\/\\\/daniellebeatrizmakeup.com.br\\\/loja\\\/#\\\/schema\\\/logo\\\/image\\\/\"},\"sameAs\":[\"https:\\\/\\\/www.facebook.com\\\/daniellebeatrizmakeup\",\"https:\\\/\\\/x.com\\\/danibetriz\",\"https:\\\/\\\/www.instagram.com\\\/daniellebeatrizmakeup\",\"https:\\\/\\\/pinterest.com\\\/daniellebeatrizmakeup\",\"https:\\\/\\\/www.youtube.com\\\/DanielleBeatriz\"]}]}<\/script>\n<!-- \/ Yoast SEO plugin. -->","yoast_head_json":{"title":"Fixador At\u00e9 Embaixo D\u00e1gua Maria Margarida - Loja DB Makeup","description":"O At\u00e9 Embaixo D\u00e1gua \u00e9 um super fixador que cria uma filme protetor deixando sua maquiagem completamente \u00e0 prova d\u00b4\u00e1gua e transfer\u00eancia!","robots":{"index":"index","follow":"follow","max-snippet":"max-snippet:-1","max-image-preview":"max-image-preview:large","max-video-preview":"max-video-preview:-1"},"canonical":"https:\/\/daniellebeatrizmakeup.com.br\/loja\/fixador-ate-embaixo-dagua-maria-margarida\/","og_locale":"pt_BR","og_type":"article","og_title":"Fixador At\u00e9 Embaixo D\u00e1gua Maria Margarida - Loja DB Makeup","og_description":"O At\u00e9 Embaixo D\u00e1gua \u00e9 um super fixador que cria uma filme protetor deixando sua maquiagem completamente \u00e0 prova d\u00b4\u00e1gua e transfer\u00eancia!","og_url":"https:\/\/daniellebeatrizmakeup.com.br\/loja\/fixador-ate-embaixo-dagua-maria-margarida\/","og_site_name":"Loja DB Makeup","article_publisher":"https:\/\/www.facebook.com\/daniellebeatrizmakeup","article_modified_time":"2025-10-22T17:55:49+00:00","og_image":[{"width":1707,"height":2278,"url":"https:\/\/daniellebeatrizmakeup.com.br\/loja\/wp-content\/uploads\/2020\/12\/fixador-ate-embaixo-dagua-maria-margarida-1-scaled-e1687324439339.jpg","type":"image\/jpeg"}],"twitter_card":"summary_large_image","twitter_site":"@danibetriz","twitter_misc":{"Est. tempo de leitura":"2 minutos"},"schema":{"@context":"https:\/\/schema.org","@graph":[{"@type":"WebPage","@id":"https:\/\/daniellebeatrizmakeup.com.br\/loja\/fixador-ate-embaixo-dagua-maria-margarida\/","url":"https:\/\/daniellebeatrizmakeup.com.br\/loja\/fixador-ate-embaixo-dagua-maria-margarida\/","name":"Fixador At\u00e9 Embaixo D\u00e1gua Maria Margarida - Loja DB Makeup","isPartOf":{"@id":"https:\/\/daniellebeatrizmakeup.com.br\/loja\/#website"},"primaryImageOfPage":{"@id":"https:\/\/daniellebeatrizmakeup.com.br\/loja\/fixador-ate-embaixo-dagua-maria-margarida\/#primaryimage"},"image":{"@id":"https:\/\/daniellebeatrizmakeup.com.br\/loja\/fixador-ate-embaixo-dagua-maria-margarida\/#primaryimage"},"thumbnailUrl":"https:\/\/daniellebeatrizmakeup.com.br\/loja\/wp-content\/uploads\/2020\/12\/fixador-ate-embaixo-dagua-maria-margarida-1-scaled-e1687324439339.jpg","datePublished":"2020-12-20T18:00:59+00:00","dateModified":"2025-10-22T17:55:49+00:00","description":"O At\u00e9 Embaixo D\u00e1gua \u00e9 um super fixador que cria uma filme protetor deixando sua maquiagem completamente \u00e0 prova d\u00b4\u00e1gua e transfer\u00eancia!","breadcrumb":{"@id":"https:\/\/daniellebeatrizmakeup.com.br\/loja\/fixador-ate-embaixo-dagua-maria-margarida\/#breadcrumb"},"inLanguage":"pt-BR","potentialAction":[{"@type":"ReadAction","target":["https:\/\/daniellebeatrizmakeup.com.br\/loja\/fixador-ate-embaixo-dagua-maria-margarida\/"]}]},{"@type":"ImageObject","inLanguage":"pt-BR","@id":"https:\/\/daniellebeatrizmakeup.com.br\/loja\/fixador-ate-embaixo-dagua-maria-margarida\/#primaryimage","url":"https:\/\/daniellebeatrizmakeup.com.br\/loja\/wp-content\/uploads\/2020\/12\/fixador-ate-embaixo-dagua-maria-margarida-1-scaled-e1687324439339.jpg","contentUrl":"https:\/\/daniellebeatrizmakeup.com.br\/loja\/wp-content\/uploads\/2020\/12\/fixador-ate-embaixo-dagua-maria-margarida-1-scaled-e1687324439339.jpg","width":1707,"height":2278},{"@type":"BreadcrumbList","@id":"https:\/\/daniellebeatrizmakeup.com.br\/loja\/fixador-ate-embaixo-dagua-maria-margarida\/#breadcrumb","itemListElement":[{"@type":"ListItem","position":1,"name":"In\u00edcio","item":"https:\/\/daniellebeatrizmakeup.com.br\/loja\/"},{"@type":"ListItem","position":2,"name":"Todos","item":"https:\/\/daniellebeatrizmakeup.com.br\/loja\/todos\/"},{"@type":"ListItem","position":3,"name":"Fixador At\u00e9 Embaixo D\u00e1gua Maria Margarida"}]},{"@type":"WebSite","@id":"https:\/\/daniellebeatrizmakeup.com.br\/loja\/#website","url":"https:\/\/daniellebeatrizmakeup.com.br\/loja\/","name":"Loja DB Makeup","description":"A melhor loja de maquiagem para real\u00e7ar a sua beleza","publisher":{"@id":"https:\/\/daniellebeatrizmakeup.com.br\/loja\/#organization"},"potentialAction":[{"@type":"SearchAction","target":{"@type":"EntryPoint","urlTemplate":"https:\/\/daniellebeatrizmakeup.com.br\/loja\/?s={search_term_string}"},"query-input":{"@type":"PropertyValueSpecification","valueRequired":true,"valueName":"search_term_string"}}],"inLanguage":"pt-BR"},{"@type":"Organization","@id":"https:\/\/daniellebeatrizmakeup.com.br\/loja\/#organization","name":"Danielle Beatriz Makeup","url":"https:\/\/daniellebeatrizmakeup.com.br\/loja\/","logo":{"@type":"ImageObject","inLanguage":"pt-BR","@id":"https:\/\/daniellebeatrizmakeup.com.br\/loja\/#\/schema\/logo\/image\/","url":"https:\/\/daniellebeatrizmakeup.com.br\/loja\/wp-content\/uploads\/2020\/10\/logo-loja-db-makeup.png","contentUrl":"https:\/\/daniellebeatrizmakeup.com.br\/loja\/wp-content\/uploads\/2020\/10\/logo-loja-db-makeup.png","width":500,"height":110,"caption":"Danielle Beatriz Makeup"},"image":{"@id":"https:\/\/daniellebeatrizmakeup.com.br\/loja\/#\/schema\/logo\/image\/"},"sameAs":["https:\/\/www.facebook.com\/daniellebeatrizmakeup","https:\/\/x.com\/danibetriz","https:\/\/www.instagram.com\/daniellebeatrizmakeup","https:\/\/pinterest.com\/daniellebeatrizmakeup","https:\/\/www.youtube.com\/DanielleBeatriz"]}]}},"jetpack_sharing_enabled":true,"_links":{"self":[{"href":"https:\/\/daniellebeatrizmakeup.com.br\/loja\/wp-json\/wp\/v2\/product\/5110","targetHints":{"allow":["GET"]}}],"collection":[{"href":"https:\/\/daniellebeatrizmakeup.com.br\/loja\/wp-json\/wp\/v2\/product"}],"about":[{"href":"https:\/\/daniellebeatrizmakeup.com.br\/loja\/wp-json\/wp\/v2\/types\/product"}],"replies":[{"embeddable":true,"href":"https:\/\/daniellebeatrizmakeup.com.br\/loja\/wp-json\/wp\/v2\/comments?post=5110"}],"version-history":[{"count":7,"href":"https:\/\/daniellebeatrizmakeup.com.br\/loja\/wp-json\/wp\/v2\/product\/5110\/revisions"}],"predecessor-version":[{"id":5748,"href":"https:\/\/daniellebeatrizmakeup.com.br\/loja\/wp-json\/wp\/v2\/product\/5110\/revisions\/5748"}],"wp:featuredmedia":[{"embeddable":true,"href":"https:\/\/daniellebeatrizmakeup.com.br\/loja\/wp-json\/wp\/v2\/media\/56815"}],"wp:attachment":[{"href":"https:\/\/daniellebeatrizmakeup.com.br\/loja\/wp-json\/wp\/v2\/media?parent=5110"}],"wp:term":[{"taxonomy":"product_brand","embeddable":true,"href":"https:\/\/daniellebeatrizmakeup.com.br\/loja\/wp-json\/wp\/v2\/product_brand?post=5110"},{"taxonomy":"product_cat","embeddable":true,"href":"https:\/\/daniellebeatrizmakeup.com.br\/loja\/wp-json\/wp\/v2\/product_cat?post=5110"},{"taxonomy":"product_tag","embeddable":true,"href":"https:\/\/daniellebeatrizmakeup.com.br\/loja\/wp-json\/wp\/v2\/product_tag?post=5110"},{"taxonomy":"woo-feed-brand","embeddable":true,"href":"https:\/\/daniellebeatrizmakeup.com.br\/loja\/wp-json\/wp\/v2\/woo-feed-brand?post=5110"}],"curies":[{"name":"wp","href":"https:\/\/api.w.org\/{rel}","templated":true}]}}