{"id":27758,"date":"2021-03-21T20:29:15","date_gmt":"2021-03-21T23:29:15","guid":{"rendered":"https:\/\/loja.daniellebeatrizmakeup.com.br\/?post_type=product&#038;p=27758"},"modified":"2023-12-06T05:22:27","modified_gmt":"2023-12-06T08:22:27","slug":"dupla-makeup-pele-oleosa-maria-margarida","status":"publish","type":"product","link":"https:\/\/daniellebeatrizmakeup.com.br\/loja\/dupla-makeup-pele-oleosa-maria-margarida\/","title":{"rendered":"Dupla Makeup Pele Oleosa Maria Margarida"},"content":{"rendered":"<p style=\"font-weight: 400;\">A Dupla Makeup Pele Oleosa da <a href=\"https:\/\/daniellebeatrizmakeup.com.br\/loja\/maria-margarida\/\">Maria Margarida<\/a> \u00e9 perfeito para uma pele hidratada e matificada antes da maquiagem! A pele hidratada e a oleosidade super controlada para uma make divina!<\/p>\n<p>Conhe\u00e7a um pouco dessa Dupla Makeup Pele Oleosa da Maria Margarida que \u00e9 composta por:<\/p>\n<p><strong>Hidra Explosion<\/strong> &#8211; S\u00e9rum 30ml<\/p>\n<p>\u00c9 uma verdadeira explos\u00e3o de hidrata\u00e7\u00e3o! Sua f\u00f3rmula baseada em \u00c1cido Hialur\u00f4nico, Panthenol e Argan \u00e9 um verdadeiro potencializador da pele. O Hidra Explosion \u00e9 indicado para todos os tipos de pele! Da seca \u00e0 oleosa! De jovem \u00e0 madura! Assim que aplicado, voc\u00ea sente um leve \u201cefeito grudinho\u201d, caracter\u00edstico do \u00c1cido Hialur\u00f4nico. Em alguns segundinhos ele seca, deixando um toque aveludado e bem sequinho! A verdadeira perfei\u00e7\u00e3o em gotinhas!<\/p>\n<p><b><strong>Hidra Matte<\/strong><\/b> &#8211; Hidratante Peles Oleosas\u00a0 30ml<\/p>\n<p style=\"font-weight: 400;\">\u00c9 um hidratante\/primer inteligente capaz de se adaptar, especialmente desenvolvida para peles oleosas. Possui micro esferas mati\ufb01cantes que s\u00e3o dissolvidas na presen\u00e7a de oleosidade! Ideal para prepara\u00e7\u00e3o da pele para a make, ele hidrata ao mesmo tempo que mati\ufb01ca a pele, segurando a oleosidade por muito mais tempo! Essa f\u00f3rmula foi especialmente desenvolvida para alta performance em peles oleosas! Em peles secas, as micro esferas n\u00e3o ter\u00e3o presen\u00e7a de oleosidade para dissolver e formar\u00e3o farelinhos na pele j\u00e1 que a concentra\u00e7\u00e3o de micro esferas mati\ufb01cantes \u00e9 alt\u00edssima! Oleosidade super controlada para uma make divina!<\/p>\n<p style=\"font-weight: 400;\"><b><strong>Modo de uso<\/strong><\/b><\/p>\n<ul>\n<li><strong>Preparando a pele para receber a make:<\/strong> Aplique 3 gotinhas do Hidra Explosion por todo o rosto antes de aplicar a make. E por \u00faltimo aplique o Hidra Matte nas regi\u00f5es necess\u00e1rias com oleosidade.<\/li>\n<li><strong>Na rotina de cuidados di\u00e1rios com a pele: <\/strong>Pela manh\u00e3 e \u00e0 noite, com a pele limpa, aplique 3 gotinhas do Hidra Explosion por toda a pele. Pela manh\u00e3, ou quando necess\u00e1rio, aplique o Hidra Matte para segurar a oleosidade das regi\u00f5es necess\u00e1rias.<\/li>\n<\/ul>\n","protected":false},"excerpt":{"rendered":"<p>&nbsp;<\/p>\n<p>&nbsp;<\/p>\n<p>&nbsp;<\/p>\n","protected":false},"featured_media":26615,"comment_status":"open","ping_status":"closed","template":"","meta":{"_mbp_gutenberg_autopost":false},"product_brand":[],"product_cat":[712,322,73,122,78,111],"product_tag":[145,106],"woo-feed-brand":[],"class_list":{"0":"post-27758","1":"product","2":"type-product","3":"status-publish","4":"has-post-thumbnail","6":"product_cat-hidratante-facial","7":"product_cat-kit-de-maquiagem","8":"product_cat-maria-margarida","9":"product_cat-primer","10":"product_cat-rosto","11":"product_cat-skincare","12":"product_tag-maria-margarida","13":"product_tag-pele","14":"yith_product_brand-maria-margarida","16":"first","17":"outofstock","18":"sale","19":"shipping-taxable","20":"purchasable","21":"product-type-woosb"},"yoast_head":"<!-- This site is optimized with the Yoast SEO plugin v27.5 - https:\/\/yoast.com\/product\/yoast-seo-wordpress\/ -->\n<title>Dupla Makeup Pele Oleosa Maria Margarida - Loja DB Makeup<\/title>\n<meta name=\"description\" content=\"A Dupla Makeup Pele Oleosa da Maria Margarida \u00e9 perfeito para uma pele hidratada e matificada! Pele hidratada e a oleosidade super controlada\" \/>\n<meta name=\"robots\" content=\"index, follow, max-snippet:-1, max-image-preview:large, max-video-preview:-1\" \/>\n<link rel=\"canonical\" href=\"https:\/\/daniellebeatrizmakeup.com.br\/loja\/dupla-makeup-pele-oleosa-maria-margarida\/\" \/>\n<meta property=\"og:locale\" content=\"pt_BR\" \/>\n<meta property=\"og:type\" content=\"article\" \/>\n<meta property=\"og:title\" content=\"Dupla Makeup Pele Oleosa Maria Margarida - Loja DB Makeup\" \/>\n<meta property=\"og:description\" content=\"A Dupla Makeup Pele Oleosa da Maria Margarida \u00e9 perfeito para uma pele hidratada e matificada! Pele hidratada e a oleosidade super controlada\" \/>\n<meta property=\"og:url\" content=\"https:\/\/daniellebeatrizmakeup.com.br\/loja\/dupla-makeup-pele-oleosa-maria-margarida\/\" \/>\n<meta property=\"og:site_name\" content=\"Loja DB Makeup\" \/>\n<meta property=\"article:publisher\" content=\"https:\/\/www.facebook.com\/daniellebeatrizmakeup\" \/>\n<meta property=\"article:modified_time\" content=\"2023-12-06T08:22:27+00:00\" \/>\n<meta property=\"og:image\" content=\"https:\/\/daniellebeatrizmakeup.com.br\/loja\/wp-content\/uploads\/2021\/03\/dupla-pele-oleosa-hidra-explosion-hidra-matte-maria-margarida.jpg\" \/>\n\t<meta property=\"og:image:width\" content=\"1080\" \/>\n\t<meta property=\"og:image:height\" content=\"1080\" \/>\n\t<meta property=\"og:image:type\" content=\"image\/jpeg\" \/>\n<meta name=\"twitter:card\" content=\"summary_large_image\" \/>\n<meta name=\"twitter:site\" content=\"@danibetriz\" \/>\n<meta name=\"twitter:label1\" content=\"Est. tempo de leitura\" \/>\n\t<meta name=\"twitter:data1\" content=\"2 minutos\" \/>\n<script type=\"application\/ld+json\" class=\"yoast-schema-graph\">{\"@context\":\"https:\\\/\\\/schema.org\",\"@graph\":[{\"@type\":\"WebPage\",\"@id\":\"https:\\\/\\\/daniellebeatrizmakeup.com.br\\\/loja\\\/dupla-makeup-pele-oleosa-maria-margarida\\\/\",\"url\":\"https:\\\/\\\/daniellebeatrizmakeup.com.br\\\/loja\\\/dupla-makeup-pele-oleosa-maria-margarida\\\/\",\"name\":\"Dupla Makeup Pele Oleosa Maria Margarida - Loja DB Makeup\",\"isPartOf\":{\"@id\":\"https:\\\/\\\/daniellebeatrizmakeup.com.br\\\/loja\\\/#website\"},\"primaryImageOfPage\":{\"@id\":\"https:\\\/\\\/daniellebeatrizmakeup.com.br\\\/loja\\\/dupla-makeup-pele-oleosa-maria-margarida\\\/#primaryimage\"},\"image\":{\"@id\":\"https:\\\/\\\/daniellebeatrizmakeup.com.br\\\/loja\\\/dupla-makeup-pele-oleosa-maria-margarida\\\/#primaryimage\"},\"thumbnailUrl\":\"https:\\\/\\\/daniellebeatrizmakeup.com.br\\\/loja\\\/wp-content\\\/uploads\\\/2021\\\/03\\\/dupla-pele-oleosa-hidra-explosion-hidra-matte-maria-margarida.jpg\",\"datePublished\":\"2021-03-21T23:29:15+00:00\",\"dateModified\":\"2023-12-06T08:22:27+00:00\",\"description\":\"A Dupla Makeup Pele Oleosa da Maria Margarida \u00e9 perfeito para uma pele hidratada e matificada! Pele hidratada e a oleosidade super controlada\",\"breadcrumb\":{\"@id\":\"https:\\\/\\\/daniellebeatrizmakeup.com.br\\\/loja\\\/dupla-makeup-pele-oleosa-maria-margarida\\\/#breadcrumb\"},\"inLanguage\":\"pt-BR\",\"potentialAction\":[{\"@type\":\"ReadAction\",\"target\":[\"https:\\\/\\\/daniellebeatrizmakeup.com.br\\\/loja\\\/dupla-makeup-pele-oleosa-maria-margarida\\\/\"]}]},{\"@type\":\"ImageObject\",\"inLanguage\":\"pt-BR\",\"@id\":\"https:\\\/\\\/daniellebeatrizmakeup.com.br\\\/loja\\\/dupla-makeup-pele-oleosa-maria-margarida\\\/#primaryimage\",\"url\":\"https:\\\/\\\/daniellebeatrizmakeup.com.br\\\/loja\\\/wp-content\\\/uploads\\\/2021\\\/03\\\/dupla-pele-oleosa-hidra-explosion-hidra-matte-maria-margarida.jpg\",\"contentUrl\":\"https:\\\/\\\/daniellebeatrizmakeup.com.br\\\/loja\\\/wp-content\\\/uploads\\\/2021\\\/03\\\/dupla-pele-oleosa-hidra-explosion-hidra-matte-maria-margarida.jpg\",\"width\":1080,\"height\":1080,\"caption\":\"Dupla Pele Oleosa Maria Margarida\"},{\"@type\":\"BreadcrumbList\",\"@id\":\"https:\\\/\\\/daniellebeatrizmakeup.com.br\\\/loja\\\/dupla-makeup-pele-oleosa-maria-margarida\\\/#breadcrumb\",\"itemListElement\":[{\"@type\":\"ListItem\",\"position\":1,\"name\":\"In\u00edcio\",\"item\":\"https:\\\/\\\/daniellebeatrizmakeup.com.br\\\/loja\\\/\"},{\"@type\":\"ListItem\",\"position\":2,\"name\":\"Todos\",\"item\":\"https:\\\/\\\/daniellebeatrizmakeup.com.br\\\/loja\\\/todos\\\/\"},{\"@type\":\"ListItem\",\"position\":3,\"name\":\"Dupla Makeup Pele Oleosa Maria Margarida\"}]},{\"@type\":\"WebSite\",\"@id\":\"https:\\\/\\\/daniellebeatrizmakeup.com.br\\\/loja\\\/#website\",\"url\":\"https:\\\/\\\/daniellebeatrizmakeup.com.br\\\/loja\\\/\",\"name\":\"Loja DB Makeup\",\"description\":\"A melhor loja de maquiagem para real\u00e7ar a sua beleza\",\"publisher\":{\"@id\":\"https:\\\/\\\/daniellebeatrizmakeup.com.br\\\/loja\\\/#organization\"},\"potentialAction\":[{\"@type\":\"SearchAction\",\"target\":{\"@type\":\"EntryPoint\",\"urlTemplate\":\"https:\\\/\\\/daniellebeatrizmakeup.com.br\\\/loja\\\/?s={search_term_string}\"},\"query-input\":{\"@type\":\"PropertyValueSpecification\",\"valueRequired\":true,\"valueName\":\"search_term_string\"}}],\"inLanguage\":\"pt-BR\"},{\"@type\":\"Organization\",\"@id\":\"https:\\\/\\\/daniellebeatrizmakeup.com.br\\\/loja\\\/#organization\",\"name\":\"Danielle Beatriz Makeup\",\"url\":\"https:\\\/\\\/daniellebeatrizmakeup.com.br\\\/loja\\\/\",\"logo\":{\"@type\":\"ImageObject\",\"inLanguage\":\"pt-BR\",\"@id\":\"https:\\\/\\\/daniellebeatrizmakeup.com.br\\\/loja\\\/#\\\/schema\\\/logo\\\/image\\\/\",\"url\":\"https:\\\/\\\/daniellebeatrizmakeup.com.br\\\/loja\\\/wp-content\\\/uploads\\\/2020\\\/10\\\/logo-loja-db-makeup.png\",\"contentUrl\":\"https:\\\/\\\/daniellebeatrizmakeup.com.br\\\/loja\\\/wp-content\\\/uploads\\\/2020\\\/10\\\/logo-loja-db-makeup.png\",\"width\":500,\"height\":110,\"caption\":\"Danielle Beatriz Makeup\"},\"image\":{\"@id\":\"https:\\\/\\\/daniellebeatrizmakeup.com.br\\\/loja\\\/#\\\/schema\\\/logo\\\/image\\\/\"},\"sameAs\":[\"https:\\\/\\\/www.facebook.com\\\/daniellebeatrizmakeup\",\"https:\\\/\\\/x.com\\\/danibetriz\",\"https:\\\/\\\/www.instagram.com\\\/daniellebeatrizmakeup\",\"https:\\\/\\\/pinterest.com\\\/daniellebeatrizmakeup\",\"https:\\\/\\\/www.youtube.com\\\/DanielleBeatriz\"]}]}<\/script>\n<!-- \/ Yoast SEO plugin. -->","yoast_head_json":{"title":"Dupla Makeup Pele Oleosa Maria Margarida - Loja DB Makeup","description":"A Dupla Makeup Pele Oleosa da Maria Margarida \u00e9 perfeito para uma pele hidratada e matificada! Pele hidratada e a oleosidade super controlada","robots":{"index":"index","follow":"follow","max-snippet":"max-snippet:-1","max-image-preview":"max-image-preview:large","max-video-preview":"max-video-preview:-1"},"canonical":"https:\/\/daniellebeatrizmakeup.com.br\/loja\/dupla-makeup-pele-oleosa-maria-margarida\/","og_locale":"pt_BR","og_type":"article","og_title":"Dupla Makeup Pele Oleosa Maria Margarida - Loja DB Makeup","og_description":"A Dupla Makeup Pele Oleosa da Maria Margarida \u00e9 perfeito para uma pele hidratada e matificada! Pele hidratada e a oleosidade super controlada","og_url":"https:\/\/daniellebeatrizmakeup.com.br\/loja\/dupla-makeup-pele-oleosa-maria-margarida\/","og_site_name":"Loja DB Makeup","article_publisher":"https:\/\/www.facebook.com\/daniellebeatrizmakeup","article_modified_time":"2023-12-06T08:22:27+00:00","og_image":[{"width":1080,"height":1080,"url":"https:\/\/daniellebeatrizmakeup.com.br\/loja\/wp-content\/uploads\/2021\/03\/dupla-pele-oleosa-hidra-explosion-hidra-matte-maria-margarida.jpg","type":"image\/jpeg"}],"twitter_card":"summary_large_image","twitter_site":"@danibetriz","twitter_misc":{"Est. tempo de leitura":"2 minutos"},"schema":{"@context":"https:\/\/schema.org","@graph":[{"@type":"WebPage","@id":"https:\/\/daniellebeatrizmakeup.com.br\/loja\/dupla-makeup-pele-oleosa-maria-margarida\/","url":"https:\/\/daniellebeatrizmakeup.com.br\/loja\/dupla-makeup-pele-oleosa-maria-margarida\/","name":"Dupla Makeup Pele Oleosa Maria Margarida - Loja DB Makeup","isPartOf":{"@id":"https:\/\/daniellebeatrizmakeup.com.br\/loja\/#website"},"primaryImageOfPage":{"@id":"https:\/\/daniellebeatrizmakeup.com.br\/loja\/dupla-makeup-pele-oleosa-maria-margarida\/#primaryimage"},"image":{"@id":"https:\/\/daniellebeatrizmakeup.com.br\/loja\/dupla-makeup-pele-oleosa-maria-margarida\/#primaryimage"},"thumbnailUrl":"https:\/\/daniellebeatrizmakeup.com.br\/loja\/wp-content\/uploads\/2021\/03\/dupla-pele-oleosa-hidra-explosion-hidra-matte-maria-margarida.jpg","datePublished":"2021-03-21T23:29:15+00:00","dateModified":"2023-12-06T08:22:27+00:00","description":"A Dupla Makeup Pele Oleosa da Maria Margarida \u00e9 perfeito para uma pele hidratada e matificada! Pele hidratada e a oleosidade super controlada","breadcrumb":{"@id":"https:\/\/daniellebeatrizmakeup.com.br\/loja\/dupla-makeup-pele-oleosa-maria-margarida\/#breadcrumb"},"inLanguage":"pt-BR","potentialAction":[{"@type":"ReadAction","target":["https:\/\/daniellebeatrizmakeup.com.br\/loja\/dupla-makeup-pele-oleosa-maria-margarida\/"]}]},{"@type":"ImageObject","inLanguage":"pt-BR","@id":"https:\/\/daniellebeatrizmakeup.com.br\/loja\/dupla-makeup-pele-oleosa-maria-margarida\/#primaryimage","url":"https:\/\/daniellebeatrizmakeup.com.br\/loja\/wp-content\/uploads\/2021\/03\/dupla-pele-oleosa-hidra-explosion-hidra-matte-maria-margarida.jpg","contentUrl":"https:\/\/daniellebeatrizmakeup.com.br\/loja\/wp-content\/uploads\/2021\/03\/dupla-pele-oleosa-hidra-explosion-hidra-matte-maria-margarida.jpg","width":1080,"height":1080,"caption":"Dupla Pele Oleosa Maria Margarida"},{"@type":"BreadcrumbList","@id":"https:\/\/daniellebeatrizmakeup.com.br\/loja\/dupla-makeup-pele-oleosa-maria-margarida\/#breadcrumb","itemListElement":[{"@type":"ListItem","position":1,"name":"In\u00edcio","item":"https:\/\/daniellebeatrizmakeup.com.br\/loja\/"},{"@type":"ListItem","position":2,"name":"Todos","item":"https:\/\/daniellebeatrizmakeup.com.br\/loja\/todos\/"},{"@type":"ListItem","position":3,"name":"Dupla Makeup Pele Oleosa Maria Margarida"}]},{"@type":"WebSite","@id":"https:\/\/daniellebeatrizmakeup.com.br\/loja\/#website","url":"https:\/\/daniellebeatrizmakeup.com.br\/loja\/","name":"Loja DB Makeup","description":"A melhor loja de maquiagem para real\u00e7ar a sua beleza","publisher":{"@id":"https:\/\/daniellebeatrizmakeup.com.br\/loja\/#organization"},"potentialAction":[{"@type":"SearchAction","target":{"@type":"EntryPoint","urlTemplate":"https:\/\/daniellebeatrizmakeup.com.br\/loja\/?s={search_term_string}"},"query-input":{"@type":"PropertyValueSpecification","valueRequired":true,"valueName":"search_term_string"}}],"inLanguage":"pt-BR"},{"@type":"Organization","@id":"https:\/\/daniellebeatrizmakeup.com.br\/loja\/#organization","name":"Danielle Beatriz Makeup","url":"https:\/\/daniellebeatrizmakeup.com.br\/loja\/","logo":{"@type":"ImageObject","inLanguage":"pt-BR","@id":"https:\/\/daniellebeatrizmakeup.com.br\/loja\/#\/schema\/logo\/image\/","url":"https:\/\/daniellebeatrizmakeup.com.br\/loja\/wp-content\/uploads\/2020\/10\/logo-loja-db-makeup.png","contentUrl":"https:\/\/daniellebeatrizmakeup.com.br\/loja\/wp-content\/uploads\/2020\/10\/logo-loja-db-makeup.png","width":500,"height":110,"caption":"Danielle Beatriz Makeup"},"image":{"@id":"https:\/\/daniellebeatrizmakeup.com.br\/loja\/#\/schema\/logo\/image\/"},"sameAs":["https:\/\/www.facebook.com\/daniellebeatrizmakeup","https:\/\/x.com\/danibetriz","https:\/\/www.instagram.com\/daniellebeatrizmakeup","https:\/\/pinterest.com\/daniellebeatrizmakeup","https:\/\/www.youtube.com\/DanielleBeatriz"]}]}},"jetpack_sharing_enabled":true,"_links":{"self":[{"href":"https:\/\/daniellebeatrizmakeup.com.br\/loja\/wp-json\/wp\/v2\/product\/27758","targetHints":{"allow":["GET"]}}],"collection":[{"href":"https:\/\/daniellebeatrizmakeup.com.br\/loja\/wp-json\/wp\/v2\/product"}],"about":[{"href":"https:\/\/daniellebeatrizmakeup.com.br\/loja\/wp-json\/wp\/v2\/types\/product"}],"replies":[{"embeddable":true,"href":"https:\/\/daniellebeatrizmakeup.com.br\/loja\/wp-json\/wp\/v2\/comments?post=27758"}],"version-history":[{"count":2,"href":"https:\/\/daniellebeatrizmakeup.com.br\/loja\/wp-json\/wp\/v2\/product\/27758\/revisions"}],"predecessor-version":[{"id":51365,"href":"https:\/\/daniellebeatrizmakeup.com.br\/loja\/wp-json\/wp\/v2\/product\/27758\/revisions\/51365"}],"wp:featuredmedia":[{"embeddable":true,"href":"https:\/\/daniellebeatrizmakeup.com.br\/loja\/wp-json\/wp\/v2\/media\/26615"}],"wp:attachment":[{"href":"https:\/\/daniellebeatrizmakeup.com.br\/loja\/wp-json\/wp\/v2\/media?parent=27758"}],"wp:term":[{"taxonomy":"product_brand","embeddable":true,"href":"https:\/\/daniellebeatrizmakeup.com.br\/loja\/wp-json\/wp\/v2\/product_brand?post=27758"},{"taxonomy":"product_cat","embeddable":true,"href":"https:\/\/daniellebeatrizmakeup.com.br\/loja\/wp-json\/wp\/v2\/product_cat?post=27758"},{"taxonomy":"product_tag","embeddable":true,"href":"https:\/\/daniellebeatrizmakeup.com.br\/loja\/wp-json\/wp\/v2\/product_tag?post=27758"},{"taxonomy":"woo-feed-brand","embeddable":true,"href":"https:\/\/daniellebeatrizmakeup.com.br\/loja\/wp-json\/wp\/v2\/woo-feed-brand?post=27758"}],"curies":[{"name":"wp","href":"https:\/\/api.w.org\/{rel}","templated":true}]}}