{"id":15813,"date":"2021-03-19T19:11:17","date_gmt":"2021-03-19T22:11:17","guid":{"rendered":"https:\/\/loja.daniellebeatrizmakeup.com.br\/?post_type=product&#038;p=15813"},"modified":"2025-03-21T14:50:04","modified_gmt":"2025-03-21T17:50:04","slug":"super-matte-serum-maria-margarida","status":"publish","type":"product","link":"https:\/\/daniellebeatrizmakeup.com.br\/loja\/super-matte-serum-maria-margarida\/","title":{"rendered":"Super Matte S\u00e9rum Maria Margarida"},"content":{"rendered":"<p>O Super Matte S\u00e9rum da <a href=\"https:\/\/daniellebeatrizmakeup.com.br\/loja\/maria-margarida\/\">Maria Margarida<\/a> foi desenvolvido em especial para as Margaridas de pele mista e oleosa! Ou seja, uma jun\u00e7\u00e3o especial de ativos tecnol\u00f3gicos e extratos naturais!<\/p>\n<p>Controle imediato da Oleosidade por at\u00e9 8 horas + Tratamento de Poros Dilatados + Super Hidrata\u00e7\u00e3o!<\/p>\n<h2>Como o Super Matte regula oleosidade de maneira imediata?<\/h2>\n<p>Ent\u00e3o, ele \u00e9 rico em Dry Flo, um ativo natural derivado do milho que absorve o sebo da pele. Dessa forma voc\u00ea tem um efeito imediato e toque sedoso.<\/p>\n<h2>Como este S\u00e9rum regula a oleosidade e melhora a sa\u00fade da pele ao longo do uso?<\/h2>\n<p>O Super Matte S\u00e9rum \u00e9 rico em extratos naturais que agem na pele de diversas maneiras.<\/p>\n<ul>\n<li>O<strong> Extrato de Chic\u00f3ria<\/strong> refor\u00e7a a barreira de prote\u00e7\u00e3o natural da pele e deixa seu n\u00edvel de <a href=\"https:\/\/www.instagram.com\/p\/CLf4xWvhLrp\/\">hidrata\u00e7\u00e3o<\/a> mais alto.<\/li>\n<li>Bem como o <strong>Extrato de Canela<\/strong> tem efeito adstringente que remove o excesso de oleosidade e evita o crescimento de microrganismos que podem causar acne.<\/li>\n<li>O<strong> Extrato de Gengibre <\/strong>\u00e9 rico em gingerol e bisabolol que s\u00e3o poderosos anti-inflamat\u00f3rios e antioxidantes.<\/li>\n<li>Al\u00e9m disso o<strong> Extrato de Flor de Arnica<\/strong> restaura a pele e deixa sua elasticidade e resist\u00eancia maior.<\/li>\n<li>O <strong>Extrato de Cal\u00eandula<\/strong> \u00e9 um poderoso cicatrizante com a\u00e7\u00e3o anti-inflamat\u00f3ria.<\/li>\n<li>Assim como o <strong>Extrato de Aveia<\/strong> que tem a\u00e7\u00e3o anti-inflamat\u00f3ria, hidrata e de recomp\u00f5e a barreira de prote\u00e7\u00e3o da pele.<\/li>\n<\/ul>\n<h2>Como o Super Matte S\u00e9rum reduz o visual dos poros dilatados?<\/h2>\n<p>O Super Matte S\u00e9rum possui itens exclusivos para reduzir o visual dos poros dilatados.<\/p>\n<ul>\n<li>Ele \u00e9 rico em<strong> \u00c1cido L\u00e1tico <\/strong>que regula a oleosidade de maneira gentil e limpa os poros, reduzindo sua apar\u00eancia. Entres suas v\u00e1rias vantagens o est\u00edmulo da produ\u00e7\u00e3o de ceramidas, s\u00e3o essenciais na barreira de prote\u00e7\u00e3o da pele.<\/li>\n<li>Enquanto o quarteto poderoso de hidrata\u00e7\u00e3o possui quatro super umectantes nessa f\u00f3rmula especial: <strong>\u00c1cido Hialur\u00f4nico, \u00c1cido L\u00e1tico, Glicerina e Propileno Glicol<\/strong>. Logo, uma super atra\u00e7\u00e3o de \u00e1gua para sua pele! E tamb\u00e9m estimula a produ\u00e7\u00e3o de ceramidas.<\/li>\n<li>Assim tamb\u00e9m a renova\u00e7\u00e3o celular formada pelo <strong>\u00c1cido L\u00e1tico, <\/strong>que \u00e9 um AHA que age de maneira gentil e pode ser usado por peles que n\u00e3o toleram outros AHA como o \u00c1cido Glic\u00f3lico e \u00c1cido Mand\u00e9lico. Ele remove camadas superficiais de pele morta, trazendo a renova\u00e7\u00e3o celular.<\/li>\n<li>Igualmente, conseguimos a redu\u00e7\u00e3o dos efeitos da acne, com a\u00a0jun\u00e7\u00e3o poderosa de <strong>\u00c1cido L\u00e1tico, Extrato de Canela, Extrato de Gengibre, Extrato de Cal\u00eandula e Extrato de Aveia<\/strong> contra os efeitos do acne. Protegem desde a inibi\u00e7\u00e3o do aumento de microrganismos \u00e0 a\u00e7\u00e3o anti-inflamat\u00f3ria.<\/li>\n<\/ul>\n<h2>Conhe\u00e7a melhor os ativos do Super Matte S\u00e9rum<\/h2>\n<p><strong>\u00c1cido L\u00e1tico<\/strong><\/p>\n<p>Famoso componente dos banhos de leite de Cle\u00f3patra. O mais gentil entre os AHA. A principal fun\u00e7\u00e3o desses \u00e1cidos \u00e9 quebrar a liga\u00e7\u00e3o entre as c\u00e9lulas mortas da pele, que permite sua remo\u00e7\u00e3o.<\/p>\n<p>O \u00c1cido L\u00e1tico \u00e9 uma mol\u00e9cula de tamanho m\u00e9dio e por isso age de maneira mais superficial, ideal para peles mais intolerantes a outros AHA.<\/p>\n<p>Al\u00e9m da esfolia\u00e7\u00e3o qu\u00edmica padr\u00e3o dos AHA, o \u00c1cido L\u00e1tico ainda tem diversas fun\u00e7\u00f5es que cuidam da sa\u00fade da pele:<\/p>\n<ul>\n<li>Age contra o aumento de microrganismos que causam acne, al\u00e9m de reduzir suas les\u00f5es;<\/li>\n<li>Bem como atrai \u00e1gua para a pele, agindo como um super umectante;<\/li>\n<li>Por fim, ajuda na limpeza dos poros, reduzindo sua apar\u00eancia.<\/li>\n<\/ul>\n<p><strong>\u00c1cido Hialur\u00f4nico, Glicerina e Propileno Glicol<\/strong><\/p>\n<p>Ao mesmo tempo s\u00e30 super umectantes! Sua grande fun\u00e7\u00e3o \u00e9 atrair \u00e1gua para a pele, devolvendo vi\u00e7o e hidrata\u00e7\u00e3o para a pele.<\/p>\n<p><strong>Indicado para peles mistas e oleosas.<\/strong><\/p>\n<p>Vegano &#8211; Livre de petrolatos e parabenos &#8211; Embalagem de vidro<\/p>\n","protected":false},"excerpt":{"rendered":"<p>O Super Matte S\u00e9rum da Maria Margarida foi especialmente desenvolvido para as Margaridas de pele mista e oleosa! Uma jun\u00e7\u00e3o especial de ativos tecnol\u00f3gicos e extratos naturais!<\/p>\n<p>Controle imediato da oleosidade por at\u00e9 8 horas + Tratamento de Poros Dilatados + Super Hidrata\u00e7\u00e3o!<\/p>\n","protected":false},"featured_media":26600,"comment_status":"open","ping_status":"closed","template":"","meta":{"_mbp_gutenberg_autopost":false},"product_brand":[],"product_cat":[712,73,122,78,750,837,111],"product_tag":[145],"woo-feed-brand":[780],"class_list":{"0":"post-15813","1":"product","2":"type-product","3":"status-publish","4":"has-post-thumbnail","6":"product_cat-hidratante-facial","7":"product_cat-maria-margarida","8":"product_cat-primer","9":"product_cat-rosto","10":"product_cat-serum","11":"product_cat-skin-expert","12":"product_cat-skincare","13":"product_tag-maria-margarida","14":"woo-feed-brand-maria-margarida","15":"yith_product_brand-maria-margarida","17":"first","18":"instock","19":"featured","20":"shipping-taxable","21":"purchasable","22":"product-type-simple"},"yoast_head":"<!-- This site is optimized with the Yoast SEO plugin v27.3 - https:\/\/yoast.com\/product\/yoast-seo-wordpress\/ -->\n<title>Super Matte S\u00e9rum Maria Margarida - Loja DB Makeup<\/title>\n<meta name=\"description\" content=\"Super Matte S\u00e9rum tem controle imediato da oleosidade por at\u00e9 8h + Tratamento de Poros Dilatados + Super Hidrata\u00e7\u00e3o! Pele mista a oleosa.\" \/>\n<meta name=\"robots\" content=\"index, follow, max-snippet:-1, max-image-preview:large, max-video-preview:-1\" \/>\n<link rel=\"canonical\" href=\"https:\/\/daniellebeatrizmakeup.com.br\/loja\/super-matte-serum-maria-margarida\/\" \/>\n<meta property=\"og:locale\" content=\"pt_BR\" \/>\n<meta property=\"og:type\" content=\"article\" \/>\n<meta property=\"og:title\" content=\"Super Matte S\u00e9rum Maria Margarida - Loja DB Makeup\" \/>\n<meta property=\"og:description\" content=\"Super Matte S\u00e9rum tem controle imediato da oleosidade por at\u00e9 8h + Tratamento de Poros Dilatados + Super Hidrata\u00e7\u00e3o! Pele mista a oleosa.\" \/>\n<meta property=\"og:url\" content=\"https:\/\/daniellebeatrizmakeup.com.br\/loja\/super-matte-serum-maria-margarida\/\" \/>\n<meta property=\"og:site_name\" content=\"Loja DB Makeup\" \/>\n<meta property=\"article:publisher\" content=\"https:\/\/www.facebook.com\/daniellebeatrizmakeup\" \/>\n<meta property=\"article:modified_time\" content=\"2025-03-21T17:50:04+00:00\" \/>\n<meta property=\"og:image\" content=\"https:\/\/daniellebeatrizmakeup.com.br\/loja\/wp-content\/uploads\/2021\/03\/super-matte-serum-maria-margarida.jpg\" \/>\n\t<meta property=\"og:image:width\" content=\"1080\" \/>\n\t<meta property=\"og:image:height\" content=\"1080\" \/>\n\t<meta property=\"og:image:type\" content=\"image\/jpeg\" \/>\n<meta name=\"twitter:card\" content=\"summary_large_image\" \/>\n<meta name=\"twitter:site\" content=\"@danibetriz\" \/>\n<meta name=\"twitter:label1\" content=\"Est. tempo de leitura\" \/>\n\t<meta name=\"twitter:data1\" content=\"3 minutos\" \/>\n<script type=\"application\/ld+json\" class=\"yoast-schema-graph\">{\"@context\":\"https:\\\/\\\/schema.org\",\"@graph\":[{\"@type\":\"WebPage\",\"@id\":\"https:\\\/\\\/daniellebeatrizmakeup.com.br\\\/loja\\\/super-matte-serum-maria-margarida\\\/\",\"url\":\"https:\\\/\\\/daniellebeatrizmakeup.com.br\\\/loja\\\/super-matte-serum-maria-margarida\\\/\",\"name\":\"Super Matte S\u00e9rum Maria Margarida - Loja DB Makeup\",\"isPartOf\":{\"@id\":\"https:\\\/\\\/daniellebeatrizmakeup.com.br\\\/loja\\\/#website\"},\"primaryImageOfPage\":{\"@id\":\"https:\\\/\\\/daniellebeatrizmakeup.com.br\\\/loja\\\/super-matte-serum-maria-margarida\\\/#primaryimage\"},\"image\":{\"@id\":\"https:\\\/\\\/daniellebeatrizmakeup.com.br\\\/loja\\\/super-matte-serum-maria-margarida\\\/#primaryimage\"},\"thumbnailUrl\":\"https:\\\/\\\/daniellebeatrizmakeup.com.br\\\/loja\\\/wp-content\\\/uploads\\\/2021\\\/03\\\/super-matte-serum-maria-margarida.jpg\",\"datePublished\":\"2021-03-19T22:11:17+00:00\",\"dateModified\":\"2025-03-21T17:50:04+00:00\",\"description\":\"Super Matte S\u00e9rum tem controle imediato da oleosidade por at\u00e9 8h + Tratamento de Poros Dilatados + Super Hidrata\u00e7\u00e3o! Pele mista a oleosa.\",\"breadcrumb\":{\"@id\":\"https:\\\/\\\/daniellebeatrizmakeup.com.br\\\/loja\\\/super-matte-serum-maria-margarida\\\/#breadcrumb\"},\"inLanguage\":\"pt-BR\",\"potentialAction\":[{\"@type\":\"ReadAction\",\"target\":[\"https:\\\/\\\/daniellebeatrizmakeup.com.br\\\/loja\\\/super-matte-serum-maria-margarida\\\/\"]}]},{\"@type\":\"ImageObject\",\"inLanguage\":\"pt-BR\",\"@id\":\"https:\\\/\\\/daniellebeatrizmakeup.com.br\\\/loja\\\/super-matte-serum-maria-margarida\\\/#primaryimage\",\"url\":\"https:\\\/\\\/daniellebeatrizmakeup.com.br\\\/loja\\\/wp-content\\\/uploads\\\/2021\\\/03\\\/super-matte-serum-maria-margarida.jpg\",\"contentUrl\":\"https:\\\/\\\/daniellebeatrizmakeup.com.br\\\/loja\\\/wp-content\\\/uploads\\\/2021\\\/03\\\/super-matte-serum-maria-margarida.jpg\",\"width\":1080,\"height\":1080,\"caption\":\"Super Matte S\u00e9rum Maria Margarida\"},{\"@type\":\"BreadcrumbList\",\"@id\":\"https:\\\/\\\/daniellebeatrizmakeup.com.br\\\/loja\\\/super-matte-serum-maria-margarida\\\/#breadcrumb\",\"itemListElement\":[{\"@type\":\"ListItem\",\"position\":1,\"name\":\"In\u00edcio\",\"item\":\"https:\\\/\\\/daniellebeatrizmakeup.com.br\\\/loja\\\/\"},{\"@type\":\"ListItem\",\"position\":2,\"name\":\"Todos\",\"item\":\"https:\\\/\\\/daniellebeatrizmakeup.com.br\\\/loja\\\/todos\\\/\"},{\"@type\":\"ListItem\",\"position\":3,\"name\":\"Super Matte S\u00e9rum Maria Margarida\"}]},{\"@type\":\"WebSite\",\"@id\":\"https:\\\/\\\/daniellebeatrizmakeup.com.br\\\/loja\\\/#website\",\"url\":\"https:\\\/\\\/daniellebeatrizmakeup.com.br\\\/loja\\\/\",\"name\":\"Loja DB Makeup\",\"description\":\"A melhor loja de maquiagem para real\u00e7ar a sua beleza\",\"publisher\":{\"@id\":\"https:\\\/\\\/daniellebeatrizmakeup.com.br\\\/loja\\\/#organization\"},\"potentialAction\":[{\"@type\":\"SearchAction\",\"target\":{\"@type\":\"EntryPoint\",\"urlTemplate\":\"https:\\\/\\\/daniellebeatrizmakeup.com.br\\\/loja\\\/?s={search_term_string}\"},\"query-input\":{\"@type\":\"PropertyValueSpecification\",\"valueRequired\":true,\"valueName\":\"search_term_string\"}}],\"inLanguage\":\"pt-BR\"},{\"@type\":\"Organization\",\"@id\":\"https:\\\/\\\/daniellebeatrizmakeup.com.br\\\/loja\\\/#organization\",\"name\":\"Danielle Beatriz Makeup\",\"url\":\"https:\\\/\\\/daniellebeatrizmakeup.com.br\\\/loja\\\/\",\"logo\":{\"@type\":\"ImageObject\",\"inLanguage\":\"pt-BR\",\"@id\":\"https:\\\/\\\/daniellebeatrizmakeup.com.br\\\/loja\\\/#\\\/schema\\\/logo\\\/image\\\/\",\"url\":\"https:\\\/\\\/daniellebeatrizmakeup.com.br\\\/loja\\\/wp-content\\\/uploads\\\/2020\\\/10\\\/logo-loja-db-makeup.png\",\"contentUrl\":\"https:\\\/\\\/daniellebeatrizmakeup.com.br\\\/loja\\\/wp-content\\\/uploads\\\/2020\\\/10\\\/logo-loja-db-makeup.png\",\"width\":500,\"height\":110,\"caption\":\"Danielle Beatriz Makeup\"},\"image\":{\"@id\":\"https:\\\/\\\/daniellebeatrizmakeup.com.br\\\/loja\\\/#\\\/schema\\\/logo\\\/image\\\/\"},\"sameAs\":[\"https:\\\/\\\/www.facebook.com\\\/daniellebeatrizmakeup\",\"https:\\\/\\\/x.com\\\/danibetriz\",\"https:\\\/\\\/www.instagram.com\\\/daniellebeatrizmakeup\",\"https:\\\/\\\/pinterest.com\\\/daniellebeatrizmakeup\",\"https:\\\/\\\/www.youtube.com\\\/DanielleBeatriz\"]}]}<\/script>\n<!-- \/ Yoast SEO plugin. -->","yoast_head_json":{"title":"Super Matte S\u00e9rum Maria Margarida - Loja DB Makeup","description":"Super Matte S\u00e9rum tem controle imediato da oleosidade por at\u00e9 8h + Tratamento de Poros Dilatados + Super Hidrata\u00e7\u00e3o! Pele mista a oleosa.","robots":{"index":"index","follow":"follow","max-snippet":"max-snippet:-1","max-image-preview":"max-image-preview:large","max-video-preview":"max-video-preview:-1"},"canonical":"https:\/\/daniellebeatrizmakeup.com.br\/loja\/super-matte-serum-maria-margarida\/","og_locale":"pt_BR","og_type":"article","og_title":"Super Matte S\u00e9rum Maria Margarida - Loja DB Makeup","og_description":"Super Matte S\u00e9rum tem controle imediato da oleosidade por at\u00e9 8h + Tratamento de Poros Dilatados + Super Hidrata\u00e7\u00e3o! Pele mista a oleosa.","og_url":"https:\/\/daniellebeatrizmakeup.com.br\/loja\/super-matte-serum-maria-margarida\/","og_site_name":"Loja DB Makeup","article_publisher":"https:\/\/www.facebook.com\/daniellebeatrizmakeup","article_modified_time":"2025-03-21T17:50:04+00:00","og_image":[{"width":1080,"height":1080,"url":"https:\/\/daniellebeatrizmakeup.com.br\/loja\/wp-content\/uploads\/2021\/03\/super-matte-serum-maria-margarida.jpg","type":"image\/jpeg"}],"twitter_card":"summary_large_image","twitter_site":"@danibetriz","twitter_misc":{"Est. tempo de leitura":"3 minutos"},"schema":{"@context":"https:\/\/schema.org","@graph":[{"@type":"WebPage","@id":"https:\/\/daniellebeatrizmakeup.com.br\/loja\/super-matte-serum-maria-margarida\/","url":"https:\/\/daniellebeatrizmakeup.com.br\/loja\/super-matte-serum-maria-margarida\/","name":"Super Matte S\u00e9rum Maria Margarida - Loja DB Makeup","isPartOf":{"@id":"https:\/\/daniellebeatrizmakeup.com.br\/loja\/#website"},"primaryImageOfPage":{"@id":"https:\/\/daniellebeatrizmakeup.com.br\/loja\/super-matte-serum-maria-margarida\/#primaryimage"},"image":{"@id":"https:\/\/daniellebeatrizmakeup.com.br\/loja\/super-matte-serum-maria-margarida\/#primaryimage"},"thumbnailUrl":"https:\/\/daniellebeatrizmakeup.com.br\/loja\/wp-content\/uploads\/2021\/03\/super-matte-serum-maria-margarida.jpg","datePublished":"2021-03-19T22:11:17+00:00","dateModified":"2025-03-21T17:50:04+00:00","description":"Super Matte S\u00e9rum tem controle imediato da oleosidade por at\u00e9 8h + Tratamento de Poros Dilatados + Super Hidrata\u00e7\u00e3o! Pele mista a oleosa.","breadcrumb":{"@id":"https:\/\/daniellebeatrizmakeup.com.br\/loja\/super-matte-serum-maria-margarida\/#breadcrumb"},"inLanguage":"pt-BR","potentialAction":[{"@type":"ReadAction","target":["https:\/\/daniellebeatrizmakeup.com.br\/loja\/super-matte-serum-maria-margarida\/"]}]},{"@type":"ImageObject","inLanguage":"pt-BR","@id":"https:\/\/daniellebeatrizmakeup.com.br\/loja\/super-matte-serum-maria-margarida\/#primaryimage","url":"https:\/\/daniellebeatrizmakeup.com.br\/loja\/wp-content\/uploads\/2021\/03\/super-matte-serum-maria-margarida.jpg","contentUrl":"https:\/\/daniellebeatrizmakeup.com.br\/loja\/wp-content\/uploads\/2021\/03\/super-matte-serum-maria-margarida.jpg","width":1080,"height":1080,"caption":"Super Matte S\u00e9rum Maria Margarida"},{"@type":"BreadcrumbList","@id":"https:\/\/daniellebeatrizmakeup.com.br\/loja\/super-matte-serum-maria-margarida\/#breadcrumb","itemListElement":[{"@type":"ListItem","position":1,"name":"In\u00edcio","item":"https:\/\/daniellebeatrizmakeup.com.br\/loja\/"},{"@type":"ListItem","position":2,"name":"Todos","item":"https:\/\/daniellebeatrizmakeup.com.br\/loja\/todos\/"},{"@type":"ListItem","position":3,"name":"Super Matte S\u00e9rum Maria Margarida"}]},{"@type":"WebSite","@id":"https:\/\/daniellebeatrizmakeup.com.br\/loja\/#website","url":"https:\/\/daniellebeatrizmakeup.com.br\/loja\/","name":"Loja DB Makeup","description":"A melhor loja de maquiagem para real\u00e7ar a sua beleza","publisher":{"@id":"https:\/\/daniellebeatrizmakeup.com.br\/loja\/#organization"},"potentialAction":[{"@type":"SearchAction","target":{"@type":"EntryPoint","urlTemplate":"https:\/\/daniellebeatrizmakeup.com.br\/loja\/?s={search_term_string}"},"query-input":{"@type":"PropertyValueSpecification","valueRequired":true,"valueName":"search_term_string"}}],"inLanguage":"pt-BR"},{"@type":"Organization","@id":"https:\/\/daniellebeatrizmakeup.com.br\/loja\/#organization","name":"Danielle Beatriz Makeup","url":"https:\/\/daniellebeatrizmakeup.com.br\/loja\/","logo":{"@type":"ImageObject","inLanguage":"pt-BR","@id":"https:\/\/daniellebeatrizmakeup.com.br\/loja\/#\/schema\/logo\/image\/","url":"https:\/\/daniellebeatrizmakeup.com.br\/loja\/wp-content\/uploads\/2020\/10\/logo-loja-db-makeup.png","contentUrl":"https:\/\/daniellebeatrizmakeup.com.br\/loja\/wp-content\/uploads\/2020\/10\/logo-loja-db-makeup.png","width":500,"height":110,"caption":"Danielle Beatriz Makeup"},"image":{"@id":"https:\/\/daniellebeatrizmakeup.com.br\/loja\/#\/schema\/logo\/image\/"},"sameAs":["https:\/\/www.facebook.com\/daniellebeatrizmakeup","https:\/\/x.com\/danibetriz","https:\/\/www.instagram.com\/daniellebeatrizmakeup","https:\/\/pinterest.com\/daniellebeatrizmakeup","https:\/\/www.youtube.com\/DanielleBeatriz"]}]}},"jetpack_sharing_enabled":true,"_links":{"self":[{"href":"https:\/\/daniellebeatrizmakeup.com.br\/loja\/wp-json\/wp\/v2\/product\/15813","targetHints":{"allow":["GET"]}}],"collection":[{"href":"https:\/\/daniellebeatrizmakeup.com.br\/loja\/wp-json\/wp\/v2\/product"}],"about":[{"href":"https:\/\/daniellebeatrizmakeup.com.br\/loja\/wp-json\/wp\/v2\/types\/product"}],"replies":[{"embeddable":true,"href":"https:\/\/daniellebeatrizmakeup.com.br\/loja\/wp-json\/wp\/v2\/comments?post=15813"}],"version-history":[{"count":7,"href":"https:\/\/daniellebeatrizmakeup.com.br\/loja\/wp-json\/wp\/v2\/product\/15813\/revisions"}],"predecessor-version":[{"id":57977,"href":"https:\/\/daniellebeatrizmakeup.com.br\/loja\/wp-json\/wp\/v2\/product\/15813\/revisions\/57977"}],"wp:featuredmedia":[{"embeddable":true,"href":"https:\/\/daniellebeatrizmakeup.com.br\/loja\/wp-json\/wp\/v2\/media\/26600"}],"wp:attachment":[{"href":"https:\/\/daniellebeatrizmakeup.com.br\/loja\/wp-json\/wp\/v2\/media?parent=15813"}],"wp:term":[{"taxonomy":"product_brand","embeddable":true,"href":"https:\/\/daniellebeatrizmakeup.com.br\/loja\/wp-json\/wp\/v2\/product_brand?post=15813"},{"taxonomy":"product_cat","embeddable":true,"href":"https:\/\/daniellebeatrizmakeup.com.br\/loja\/wp-json\/wp\/v2\/product_cat?post=15813"},{"taxonomy":"product_tag","embeddable":true,"href":"https:\/\/daniellebeatrizmakeup.com.br\/loja\/wp-json\/wp\/v2\/product_tag?post=15813"},{"taxonomy":"woo-feed-brand","embeddable":true,"href":"https:\/\/daniellebeatrizmakeup.com.br\/loja\/wp-json\/wp\/v2\/woo-feed-brand?post=15813"}],"curies":[{"name":"wp","href":"https:\/\/api.w.org\/{rel}","templated":true}]}}