{"id":15566,"date":"2021-03-19T13:36:53","date_gmt":"2021-03-19T16:36:53","guid":{"rendered":"https:\/\/loja.daniellebeatrizmakeup.com.br\/?post_type=product&#038;p=15566"},"modified":"2024-04-09T10:38:03","modified_gmt":"2024-04-09T13:38:03","slug":"pincel-delineador-chanfrado-pausa-para-feminices","status":"publish","type":"product","link":"https:\/\/daniellebeatrizmakeup.com.br\/loja\/pincel-delineador-chanfrado-pausa-para-feminices\/","title":{"rendered":"Pincel Delineador Chanfrado Pausa para Feminices"},"content":{"rendered":"<p>O PPF22 \u00e9 um pincel delineador chanfrado da linha Pausa para Feminices e com a qualidade da <a href=\"https:\/\/daniellebeatrizmakeup.com.br\/loja\/maria-margarida\/\">Maria Margarida<\/a>. Este pincel possui uma borda longa, ligeiramente inclinada, mais utilizado com produtos em gel, em p\u00f3 ou l\u00edquidos. \u00c9 especialmente \u00fatil para alisar as linhas de l\u00e1pis aplicadas aos c\u00edlios superiores ou inferiores. A borda longa do pincel delineador chanfrado permite a precis\u00e3o e a nitidez das linhas ao longo da linha superior.<\/p>\n<p>Caracter\u00edsticas: Formato chanfrado e cerdas sint\u00e9ticas.<\/p>\n<p>Fun\u00e7\u00e3o: \u00d3timo para aplica\u00e7\u00e3o de produtos em gel.<\/p>\n<p>Uso recomendado: Aplique produtos cremosos, l\u00edquidos ou em p\u00f3 para obter melhores resultados.<\/p>\n<p>Tipo de cerda: Sint\u00e9tica<\/p>\n<p>Tamanho: Comprimento (13,2cm), Comprimento Cerdas (0,7cm), Largura Cerdas (1cm).<\/p>\n<p>Dicas de Cuidados:<\/p>\n<ul>\n<li>Manter a <a href=\"https:\/\/www.instagram.com\/p\/CIywbg7BIWy\/\">higieniza\u00e7\u00e3o<\/a> dos pinc\u00e9is com produtos adequados, para que as cerdas continuem sempre macias e livres de fungos e bact\u00e9rias.<\/li>\n<li>Com as cerdas para baixo lavar com sab\u00e3o neutro, e deixar secar na posi\u00e7\u00e3o horizontal, evitando molhar o cabo.<\/li>\n<\/ul>\n","protected":false},"excerpt":{"rendered":"<p>O PPF22 \u00e9 um pincel delineador chanfrado da linha Pausa para Feminices e com a qualidade da Maria Margarida. Este pincel possui uma borda longa, ligeiramente inclinada, mais utilizado com produtos em gel, em p\u00f3 ou l\u00edquidos. \u00c9 especialmente \u00fatil para alisar as linhas de l\u00e1pis aplicadas aos c\u00edlios superiores ou inferiores. A borda longa do pincel delineador chanfrado permite a precis\u00e3o e a nitidez das linhas ao longo da linha superior.<\/p>\n","protected":false},"featured_media":27270,"comment_status":"open","ping_status":"closed","template":"","meta":{"_mbp_gutenberg_autopost":false},"product_brand":[],"product_cat":[579,313,560,73,312,126,133],"product_tag":[140,145,197,143,144],"woo-feed-brand":[],"class_list":{"0":"post-15566","1":"product","2":"type-product","3":"status-publish","4":"has-post-thumbnail","6":"product_cat-maquiagem-ate-20-reais","7":"product_cat-pincel-individual","8":"product_cat-maquiagem-final-de-ano","9":"product_cat-maria-margarida","10":"product_cat-pincel-para-olhos","11":"product_cat-pausa-para-feminices","12":"product_cat-pinceis","13":"product_tag-acessorio","14":"product_tag-maria-margarida","15":"product_tag-pausa-para-feminices","16":"product_tag-pincel","17":"product_tag-pincel-de-maquiagem","18":"yith_product_brand-maria-margarida","19":"yith_product_brand-pausa-para-feminices","21":"first","22":"outofstock","23":"shipping-taxable","24":"purchasable","25":"product-type-simple"},"yoast_head":"<!-- This site is optimized with the Yoast SEO plugin v27.3 - https:\/\/yoast.com\/product\/yoast-seo-wordpress\/ -->\n<title>Pincel Delineador Chanfrado Pausa para Feminices - Loja DB Makeup<\/title>\n<meta name=\"description\" content=\"O pincel delineador chanfrado da linha Pausa para Feminices \u00e9 perfeito para utilizar com seu delineador em gel preferido.\" \/>\n<meta name=\"robots\" content=\"index, follow, max-snippet:-1, max-image-preview:large, max-video-preview:-1\" \/>\n<link rel=\"canonical\" href=\"https:\/\/daniellebeatrizmakeup.com.br\/loja\/pincel-delineador-chanfrado-pausa-para-feminices\/\" \/>\n<meta property=\"og:locale\" content=\"pt_BR\" \/>\n<meta property=\"og:type\" content=\"article\" \/>\n<meta property=\"og:title\" content=\"Pincel Delineador Chanfrado Pausa para Feminices - Loja DB Makeup\" \/>\n<meta property=\"og:description\" content=\"O pincel delineador chanfrado da linha Pausa para Feminices \u00e9 perfeito para utilizar com seu delineador em gel preferido.\" \/>\n<meta property=\"og:url\" content=\"https:\/\/daniellebeatrizmakeup.com.br\/loja\/pincel-delineador-chanfrado-pausa-para-feminices\/\" \/>\n<meta property=\"og:site_name\" content=\"Loja DB Makeup\" \/>\n<meta property=\"article:publisher\" content=\"https:\/\/www.facebook.com\/daniellebeatrizmakeup\" \/>\n<meta property=\"article:modified_time\" content=\"2024-04-09T13:38:03+00:00\" \/>\n<meta property=\"og:image\" content=\"https:\/\/daniellebeatrizmakeup.com.br\/loja\/wp-content\/uploads\/2021\/03\/ppf22-pincel-delineador-chanfrado-pausa-para-feminices-maria-margarida.jpg\" \/>\n\t<meta property=\"og:image:width\" content=\"1200\" \/>\n\t<meta property=\"og:image:height\" content=\"1200\" \/>\n\t<meta property=\"og:image:type\" content=\"image\/jpeg\" \/>\n<meta name=\"twitter:card\" content=\"summary_large_image\" \/>\n<meta name=\"twitter:site\" content=\"@danibetriz\" \/>\n<meta name=\"twitter:label1\" content=\"Est. tempo de leitura\" \/>\n\t<meta name=\"twitter:data1\" content=\"1 minuto\" \/>\n<script type=\"application\/ld+json\" class=\"yoast-schema-graph\">{\"@context\":\"https:\\\/\\\/schema.org\",\"@graph\":[{\"@type\":\"WebPage\",\"@id\":\"https:\\\/\\\/daniellebeatrizmakeup.com.br\\\/loja\\\/pincel-delineador-chanfrado-pausa-para-feminices\\\/\",\"url\":\"https:\\\/\\\/daniellebeatrizmakeup.com.br\\\/loja\\\/pincel-delineador-chanfrado-pausa-para-feminices\\\/\",\"name\":\"Pincel Delineador Chanfrado Pausa para Feminices - Loja DB Makeup\",\"isPartOf\":{\"@id\":\"https:\\\/\\\/daniellebeatrizmakeup.com.br\\\/loja\\\/#website\"},\"primaryImageOfPage\":{\"@id\":\"https:\\\/\\\/daniellebeatrizmakeup.com.br\\\/loja\\\/pincel-delineador-chanfrado-pausa-para-feminices\\\/#primaryimage\"},\"image\":{\"@id\":\"https:\\\/\\\/daniellebeatrizmakeup.com.br\\\/loja\\\/pincel-delineador-chanfrado-pausa-para-feminices\\\/#primaryimage\"},\"thumbnailUrl\":\"https:\\\/\\\/daniellebeatrizmakeup.com.br\\\/loja\\\/wp-content\\\/uploads\\\/2021\\\/03\\\/ppf22-pincel-delineador-chanfrado-pausa-para-feminices-maria-margarida.jpg\",\"datePublished\":\"2021-03-19T16:36:53+00:00\",\"dateModified\":\"2024-04-09T13:38:03+00:00\",\"description\":\"O pincel delineador chanfrado da linha Pausa para Feminices \u00e9 perfeito para utilizar com seu delineador em gel preferido.\",\"breadcrumb\":{\"@id\":\"https:\\\/\\\/daniellebeatrizmakeup.com.br\\\/loja\\\/pincel-delineador-chanfrado-pausa-para-feminices\\\/#breadcrumb\"},\"inLanguage\":\"pt-BR\",\"potentialAction\":[{\"@type\":\"ReadAction\",\"target\":[\"https:\\\/\\\/daniellebeatrizmakeup.com.br\\\/loja\\\/pincel-delineador-chanfrado-pausa-para-feminices\\\/\"]}]},{\"@type\":\"ImageObject\",\"inLanguage\":\"pt-BR\",\"@id\":\"https:\\\/\\\/daniellebeatrizmakeup.com.br\\\/loja\\\/pincel-delineador-chanfrado-pausa-para-feminices\\\/#primaryimage\",\"url\":\"https:\\\/\\\/daniellebeatrizmakeup.com.br\\\/loja\\\/wp-content\\\/uploads\\\/2021\\\/03\\\/ppf22-pincel-delineador-chanfrado-pausa-para-feminices-maria-margarida.jpg\",\"contentUrl\":\"https:\\\/\\\/daniellebeatrizmakeup.com.br\\\/loja\\\/wp-content\\\/uploads\\\/2021\\\/03\\\/ppf22-pincel-delineador-chanfrado-pausa-para-feminices-maria-margarida.jpg\",\"width\":1200,\"height\":1200,\"caption\":\"PPF22 Pincel Delineador Chanfrado Pausa Para Feminices\"},{\"@type\":\"BreadcrumbList\",\"@id\":\"https:\\\/\\\/daniellebeatrizmakeup.com.br\\\/loja\\\/pincel-delineador-chanfrado-pausa-para-feminices\\\/#breadcrumb\",\"itemListElement\":[{\"@type\":\"ListItem\",\"position\":1,\"name\":\"In\u00edcio\",\"item\":\"https:\\\/\\\/daniellebeatrizmakeup.com.br\\\/loja\\\/\"},{\"@type\":\"ListItem\",\"position\":2,\"name\":\"Todos\",\"item\":\"https:\\\/\\\/daniellebeatrizmakeup.com.br\\\/loja\\\/todos\\\/\"},{\"@type\":\"ListItem\",\"position\":3,\"name\":\"Pincel Delineador Chanfrado Pausa para Feminices\"}]},{\"@type\":\"WebSite\",\"@id\":\"https:\\\/\\\/daniellebeatrizmakeup.com.br\\\/loja\\\/#website\",\"url\":\"https:\\\/\\\/daniellebeatrizmakeup.com.br\\\/loja\\\/\",\"name\":\"Loja DB Makeup\",\"description\":\"A melhor loja de maquiagem para real\u00e7ar a sua beleza\",\"publisher\":{\"@id\":\"https:\\\/\\\/daniellebeatrizmakeup.com.br\\\/loja\\\/#organization\"},\"potentialAction\":[{\"@type\":\"SearchAction\",\"target\":{\"@type\":\"EntryPoint\",\"urlTemplate\":\"https:\\\/\\\/daniellebeatrizmakeup.com.br\\\/loja\\\/?s={search_term_string}\"},\"query-input\":{\"@type\":\"PropertyValueSpecification\",\"valueRequired\":true,\"valueName\":\"search_term_string\"}}],\"inLanguage\":\"pt-BR\"},{\"@type\":\"Organization\",\"@id\":\"https:\\\/\\\/daniellebeatrizmakeup.com.br\\\/loja\\\/#organization\",\"name\":\"Danielle Beatriz Makeup\",\"url\":\"https:\\\/\\\/daniellebeatrizmakeup.com.br\\\/loja\\\/\",\"logo\":{\"@type\":\"ImageObject\",\"inLanguage\":\"pt-BR\",\"@id\":\"https:\\\/\\\/daniellebeatrizmakeup.com.br\\\/loja\\\/#\\\/schema\\\/logo\\\/image\\\/\",\"url\":\"https:\\\/\\\/daniellebeatrizmakeup.com.br\\\/loja\\\/wp-content\\\/uploads\\\/2020\\\/10\\\/logo-loja-db-makeup.png\",\"contentUrl\":\"https:\\\/\\\/daniellebeatrizmakeup.com.br\\\/loja\\\/wp-content\\\/uploads\\\/2020\\\/10\\\/logo-loja-db-makeup.png\",\"width\":500,\"height\":110,\"caption\":\"Danielle Beatriz Makeup\"},\"image\":{\"@id\":\"https:\\\/\\\/daniellebeatrizmakeup.com.br\\\/loja\\\/#\\\/schema\\\/logo\\\/image\\\/\"},\"sameAs\":[\"https:\\\/\\\/www.facebook.com\\\/daniellebeatrizmakeup\",\"https:\\\/\\\/x.com\\\/danibetriz\",\"https:\\\/\\\/www.instagram.com\\\/daniellebeatrizmakeup\",\"https:\\\/\\\/pinterest.com\\\/daniellebeatrizmakeup\",\"https:\\\/\\\/www.youtube.com\\\/DanielleBeatriz\"]}]}<\/script>\n<!-- \/ Yoast SEO plugin. -->","yoast_head_json":{"title":"Pincel Delineador Chanfrado Pausa para Feminices - Loja DB Makeup","description":"O pincel delineador chanfrado da linha Pausa para Feminices \u00e9 perfeito para utilizar com seu delineador em gel preferido.","robots":{"index":"index","follow":"follow","max-snippet":"max-snippet:-1","max-image-preview":"max-image-preview:large","max-video-preview":"max-video-preview:-1"},"canonical":"https:\/\/daniellebeatrizmakeup.com.br\/loja\/pincel-delineador-chanfrado-pausa-para-feminices\/","og_locale":"pt_BR","og_type":"article","og_title":"Pincel Delineador Chanfrado Pausa para Feminices - Loja DB Makeup","og_description":"O pincel delineador chanfrado da linha Pausa para Feminices \u00e9 perfeito para utilizar com seu delineador em gel preferido.","og_url":"https:\/\/daniellebeatrizmakeup.com.br\/loja\/pincel-delineador-chanfrado-pausa-para-feminices\/","og_site_name":"Loja DB Makeup","article_publisher":"https:\/\/www.facebook.com\/daniellebeatrizmakeup","article_modified_time":"2024-04-09T13:38:03+00:00","og_image":[{"width":1200,"height":1200,"url":"https:\/\/daniellebeatrizmakeup.com.br\/loja\/wp-content\/uploads\/2021\/03\/ppf22-pincel-delineador-chanfrado-pausa-para-feminices-maria-margarida.jpg","type":"image\/jpeg"}],"twitter_card":"summary_large_image","twitter_site":"@danibetriz","twitter_misc":{"Est. tempo de leitura":"1 minuto"},"schema":{"@context":"https:\/\/schema.org","@graph":[{"@type":"WebPage","@id":"https:\/\/daniellebeatrizmakeup.com.br\/loja\/pincel-delineador-chanfrado-pausa-para-feminices\/","url":"https:\/\/daniellebeatrizmakeup.com.br\/loja\/pincel-delineador-chanfrado-pausa-para-feminices\/","name":"Pincel Delineador Chanfrado Pausa para Feminices - Loja DB Makeup","isPartOf":{"@id":"https:\/\/daniellebeatrizmakeup.com.br\/loja\/#website"},"primaryImageOfPage":{"@id":"https:\/\/daniellebeatrizmakeup.com.br\/loja\/pincel-delineador-chanfrado-pausa-para-feminices\/#primaryimage"},"image":{"@id":"https:\/\/daniellebeatrizmakeup.com.br\/loja\/pincel-delineador-chanfrado-pausa-para-feminices\/#primaryimage"},"thumbnailUrl":"https:\/\/daniellebeatrizmakeup.com.br\/loja\/wp-content\/uploads\/2021\/03\/ppf22-pincel-delineador-chanfrado-pausa-para-feminices-maria-margarida.jpg","datePublished":"2021-03-19T16:36:53+00:00","dateModified":"2024-04-09T13:38:03+00:00","description":"O pincel delineador chanfrado da linha Pausa para Feminices \u00e9 perfeito para utilizar com seu delineador em gel preferido.","breadcrumb":{"@id":"https:\/\/daniellebeatrizmakeup.com.br\/loja\/pincel-delineador-chanfrado-pausa-para-feminices\/#breadcrumb"},"inLanguage":"pt-BR","potentialAction":[{"@type":"ReadAction","target":["https:\/\/daniellebeatrizmakeup.com.br\/loja\/pincel-delineador-chanfrado-pausa-para-feminices\/"]}]},{"@type":"ImageObject","inLanguage":"pt-BR","@id":"https:\/\/daniellebeatrizmakeup.com.br\/loja\/pincel-delineador-chanfrado-pausa-para-feminices\/#primaryimage","url":"https:\/\/daniellebeatrizmakeup.com.br\/loja\/wp-content\/uploads\/2021\/03\/ppf22-pincel-delineador-chanfrado-pausa-para-feminices-maria-margarida.jpg","contentUrl":"https:\/\/daniellebeatrizmakeup.com.br\/loja\/wp-content\/uploads\/2021\/03\/ppf22-pincel-delineador-chanfrado-pausa-para-feminices-maria-margarida.jpg","width":1200,"height":1200,"caption":"PPF22 Pincel Delineador Chanfrado Pausa Para Feminices"},{"@type":"BreadcrumbList","@id":"https:\/\/daniellebeatrizmakeup.com.br\/loja\/pincel-delineador-chanfrado-pausa-para-feminices\/#breadcrumb","itemListElement":[{"@type":"ListItem","position":1,"name":"In\u00edcio","item":"https:\/\/daniellebeatrizmakeup.com.br\/loja\/"},{"@type":"ListItem","position":2,"name":"Todos","item":"https:\/\/daniellebeatrizmakeup.com.br\/loja\/todos\/"},{"@type":"ListItem","position":3,"name":"Pincel Delineador Chanfrado Pausa para Feminices"}]},{"@type":"WebSite","@id":"https:\/\/daniellebeatrizmakeup.com.br\/loja\/#website","url":"https:\/\/daniellebeatrizmakeup.com.br\/loja\/","name":"Loja DB Makeup","description":"A melhor loja de maquiagem para real\u00e7ar a sua beleza","publisher":{"@id":"https:\/\/daniellebeatrizmakeup.com.br\/loja\/#organization"},"potentialAction":[{"@type":"SearchAction","target":{"@type":"EntryPoint","urlTemplate":"https:\/\/daniellebeatrizmakeup.com.br\/loja\/?s={search_term_string}"},"query-input":{"@type":"PropertyValueSpecification","valueRequired":true,"valueName":"search_term_string"}}],"inLanguage":"pt-BR"},{"@type":"Organization","@id":"https:\/\/daniellebeatrizmakeup.com.br\/loja\/#organization","name":"Danielle Beatriz Makeup","url":"https:\/\/daniellebeatrizmakeup.com.br\/loja\/","logo":{"@type":"ImageObject","inLanguage":"pt-BR","@id":"https:\/\/daniellebeatrizmakeup.com.br\/loja\/#\/schema\/logo\/image\/","url":"https:\/\/daniellebeatrizmakeup.com.br\/loja\/wp-content\/uploads\/2020\/10\/logo-loja-db-makeup.png","contentUrl":"https:\/\/daniellebeatrizmakeup.com.br\/loja\/wp-content\/uploads\/2020\/10\/logo-loja-db-makeup.png","width":500,"height":110,"caption":"Danielle Beatriz Makeup"},"image":{"@id":"https:\/\/daniellebeatrizmakeup.com.br\/loja\/#\/schema\/logo\/image\/"},"sameAs":["https:\/\/www.facebook.com\/daniellebeatrizmakeup","https:\/\/x.com\/danibetriz","https:\/\/www.instagram.com\/daniellebeatrizmakeup","https:\/\/pinterest.com\/daniellebeatrizmakeup","https:\/\/www.youtube.com\/DanielleBeatriz"]}]}},"jetpack_sharing_enabled":true,"_links":{"self":[{"href":"https:\/\/daniellebeatrizmakeup.com.br\/loja\/wp-json\/wp\/v2\/product\/15566","targetHints":{"allow":["GET"]}}],"collection":[{"href":"https:\/\/daniellebeatrizmakeup.com.br\/loja\/wp-json\/wp\/v2\/product"}],"about":[{"href":"https:\/\/daniellebeatrizmakeup.com.br\/loja\/wp-json\/wp\/v2\/types\/product"}],"replies":[{"embeddable":true,"href":"https:\/\/daniellebeatrizmakeup.com.br\/loja\/wp-json\/wp\/v2\/comments?post=15566"}],"version-history":[{"count":2,"href":"https:\/\/daniellebeatrizmakeup.com.br\/loja\/wp-json\/wp\/v2\/product\/15566\/revisions"}],"predecessor-version":[{"id":53215,"href":"https:\/\/daniellebeatrizmakeup.com.br\/loja\/wp-json\/wp\/v2\/product\/15566\/revisions\/53215"}],"wp:featuredmedia":[{"embeddable":true,"href":"https:\/\/daniellebeatrizmakeup.com.br\/loja\/wp-json\/wp\/v2\/media\/27270"}],"wp:attachment":[{"href":"https:\/\/daniellebeatrizmakeup.com.br\/loja\/wp-json\/wp\/v2\/media?parent=15566"}],"wp:term":[{"taxonomy":"product_brand","embeddable":true,"href":"https:\/\/daniellebeatrizmakeup.com.br\/loja\/wp-json\/wp\/v2\/product_brand?post=15566"},{"taxonomy":"product_cat","embeddable":true,"href":"https:\/\/daniellebeatrizmakeup.com.br\/loja\/wp-json\/wp\/v2\/product_cat?post=15566"},{"taxonomy":"product_tag","embeddable":true,"href":"https:\/\/daniellebeatrizmakeup.com.br\/loja\/wp-json\/wp\/v2\/product_tag?post=15566"},{"taxonomy":"woo-feed-brand","embeddable":true,"href":"https:\/\/daniellebeatrizmakeup.com.br\/loja\/wp-json\/wp\/v2\/woo-feed-brand?post=15566"}],"curies":[{"name":"wp","href":"https:\/\/api.w.org\/{rel}","templated":true}]}}