{"id":1209,"date":"2020-07-08T12:34:21","date_gmt":"2020-07-08T15:34:21","guid":{"rendered":"https:\/\/loja.daniellebeatrizmakeup.com.br\/index.php\/produto\/import-placeholder-for-1066\/"},"modified":"2023-12-14T00:08:32","modified_gmt":"2023-12-14T03:08:32","slug":"serum-facial-encanto-da-sereia-ruby-rose","status":"publish","type":"product","link":"https:\/\/daniellebeatrizmakeup.com.br\/loja\/serum-facial-encanto-da-sereia-ruby-rose\/","title":{"rendered":"S\u00e9rum Facial Encanto da Sereia Ruby Rose"},"content":{"rendered":"<p>O S\u00e9rum Facial Hidratante da <a href=\"https:\/\/daniellebeatrizmakeup.com.br\/loja\/ruby-rose\/\">Ruby Rose<\/a> foi produzido especialmente para peles que precisam de um cuidado diferenciado, juntamente com sua f\u00f3rmula alto hidratante o S\u00e9rum se adapta muito bem a todos os tipos de pele, al\u00e9m de reduzir a aspereza e o ressecamento ele pode ser utilizado diariamente. O resultado \u00e9 uma pele saud\u00e1vel, hidratada e radiante. Possui a\u00e7\u00e3o hidratante, emoliente, restauradora, remineralizante e condicionadora.<\/p>\n<p>Shiitake &#8211; Rico em prote\u00ednas reestruturantes que melhoram a resist\u00eancia da pele.<\/p>\n<p>Ginseng &#8211; Cicatrizante, dermopurificante, emoliente tendo efeito bioativador, tonificando, hidratando e regenerando os tecidos da pele.<\/p>\n<p>Ginkgo Biloba &#8211; A\u00e7\u00e3o profil\u00e1tica do envelhecimento celular e tratamento est\u00e9tico pela a\u00e7\u00e3o protetora contra radicais livres e pela inibi\u00e7\u00e3o da destrui\u00e7\u00e3o do col\u00e1geno.<\/p>\n<p>Aveia &#8211; Possui a\u00e7\u00e3o emoliente, nutritiva, hidratante, remineralizante, suavizante e amaciante.<\/p>\n<p>Germe de Trigo &#8211; tem a\u00e7\u00e3o emoliente, hidratante, nutritivo e amaciante, antirradicais livres, calmante, condicionador, dermoprotetor, tonificante e regenerador da pele.<\/p>\n<p>Benef\u00edcios:<\/p>\n<ul>\n<li>Promove uma pele hidratada e livre de ressecamentos<\/li>\n<li>Testado dermatologicamente<\/li>\n<li>Textura cremosa<\/li>\n<li>Restabelece os n\u00edveis de \u00e1gua da pele ao longo do dia<\/li>\n<li>Aplicador pr\u00e1tico e delicado<\/li>\n<li>F\u00e1cil absor\u00e7\u00e3o<\/li>\n<li>Livre de \u00f3leo mineral, parabenos e corantes.<\/li>\n<li>Desenvolvido para todos os tipos de pele<\/li>\n<\/ul>\n<p>Modo de usar: Aplicar o S\u00e9rum Facial Hidratante no rosto sobre a pele limpa e seca, massageando at\u00e9 a completa absor\u00e7\u00e3o.<\/p>\n<p>Precau\u00e7\u00f5es: Somente para o uso externo. N\u00e3o ingerir. Evite contato direto com os olhos. Caso isto aconte\u00e7a, enxaguar abundantemente. Mantenha o produto fora do alcance de crian\u00e7as, em local seco e fresco. Em caso de irrita\u00e7\u00e3o ou desconforto, suspenda o uso e consulte um m\u00e9dico. N\u00e3o usar em crian\u00e7as.<\/p>\n<p>Peso: 30ML<\/p>\n","protected":false},"excerpt":{"rendered":"<p>O S\u00e9rum Facial Hidratante da Ruby Rose foi produzido especialmente para peles que precisam de um cuidado diferenciado, juntamente com sua f\u00f3rmula alto hidratante o S\u00e9rum se adapta muito bem a todos os tipos de pele, al\u00e9m de reduzir a aspereza e o ressecamento ele pode ser utilizado diariamente. O resultado \u00e9 uma pele saud\u00e1vel, hidratada e radiante. Possui a\u00e7\u00e3o hidratante, emoliente, restauradora, remineralizante e condicionadora.<\/p>\n","protected":false},"featured_media":1507,"comment_status":"open","ping_status":"closed","template":"","meta":{"_mbp_gutenberg_autopost":false},"product_brand":[],"product_cat":[712,78,74,750,111],"product_tag":[191,174,193,106,805,194],"woo-feed-brand":[],"class_list":{"0":"post-1209","1":"product","2":"type-product","3":"status-publish","4":"has-post-thumbnail","6":"product_cat-hidratante-facial","7":"product_cat-rosto","8":"product_cat-ruby-rose","9":"product_cat-serum","10":"product_cat-skincare","11":"product_tag-cuidados-com-a-pele","12":"product_tag-hidratante","13":"product_tag-hidratante-facial","14":"product_tag-pele","15":"product_tag-ruby-rose","16":"product_tag-serum","17":"yith_product_brand-ruby-rose","19":"first","20":"outofstock","21":"shipping-taxable","22":"purchasable","23":"product-type-simple"},"yoast_head":"<!-- This site is optimized with the Yoast SEO plugin v27.3 - https:\/\/yoast.com\/product\/yoast-seo-wordpress\/ -->\n<title>S\u00e9rum Facial Encanto da Sereia Ruby Rose - Loja DB Makeup<\/title>\n<meta name=\"description\" content=\"O S\u00e9rum Facial foi produzido especialmente para peles que precisam de um cuidado diferenciado, al\u00e9m de reduzir a aspereza e o ressecamento.\" \/>\n<meta name=\"robots\" content=\"index, follow, max-snippet:-1, max-image-preview:large, max-video-preview:-1\" \/>\n<link rel=\"canonical\" href=\"https:\/\/daniellebeatrizmakeup.com.br\/loja\/serum-facial-encanto-da-sereia-ruby-rose\/\" \/>\n<meta property=\"og:locale\" content=\"pt_BR\" \/>\n<meta property=\"og:type\" content=\"article\" \/>\n<meta property=\"og:title\" content=\"S\u00e9rum Facial Encanto da Sereia Ruby Rose - Loja DB Makeup\" \/>\n<meta property=\"og:description\" content=\"O S\u00e9rum Facial foi produzido especialmente para peles que precisam de um cuidado diferenciado, al\u00e9m de reduzir a aspereza e o ressecamento.\" \/>\n<meta property=\"og:url\" content=\"https:\/\/daniellebeatrizmakeup.com.br\/loja\/serum-facial-encanto-da-sereia-ruby-rose\/\" \/>\n<meta property=\"og:site_name\" content=\"Loja DB Makeup\" \/>\n<meta property=\"article:publisher\" content=\"https:\/\/www.facebook.com\/daniellebeatrizmakeup\" \/>\n<meta property=\"article:modified_time\" content=\"2023-12-14T03:08:32+00:00\" \/>\n<meta property=\"og:image\" content=\"https:\/\/daniellebeatrizmakeup.com.br\/loja\/wp-content\/uploads\/2020\/07\/serum-encanto-da-sereia-ruby-rose.jpg\" \/>\n\t<meta property=\"og:image:width\" content=\"600\" \/>\n\t<meta property=\"og:image:height\" content=\"600\" \/>\n\t<meta property=\"og:image:type\" content=\"image\/jpeg\" \/>\n<meta name=\"twitter:card\" content=\"summary_large_image\" \/>\n<meta name=\"twitter:site\" content=\"@danibetriz\" \/>\n<meta name=\"twitter:label1\" content=\"Est. tempo de leitura\" \/>\n\t<meta name=\"twitter:data1\" content=\"2 minutos\" \/>\n<script type=\"application\/ld+json\" class=\"yoast-schema-graph\">{\"@context\":\"https:\\\/\\\/schema.org\",\"@graph\":[{\"@type\":\"WebPage\",\"@id\":\"https:\\\/\\\/daniellebeatrizmakeup.com.br\\\/loja\\\/serum-facial-encanto-da-sereia-ruby-rose\\\/\",\"url\":\"https:\\\/\\\/daniellebeatrizmakeup.com.br\\\/loja\\\/serum-facial-encanto-da-sereia-ruby-rose\\\/\",\"name\":\"S\u00e9rum Facial Encanto da Sereia Ruby Rose - Loja DB Makeup\",\"isPartOf\":{\"@id\":\"https:\\\/\\\/daniellebeatrizmakeup.com.br\\\/loja\\\/#website\"},\"primaryImageOfPage\":{\"@id\":\"https:\\\/\\\/daniellebeatrizmakeup.com.br\\\/loja\\\/serum-facial-encanto-da-sereia-ruby-rose\\\/#primaryimage\"},\"image\":{\"@id\":\"https:\\\/\\\/daniellebeatrizmakeup.com.br\\\/loja\\\/serum-facial-encanto-da-sereia-ruby-rose\\\/#primaryimage\"},\"thumbnailUrl\":\"https:\\\/\\\/daniellebeatrizmakeup.com.br\\\/loja\\\/wp-content\\\/uploads\\\/2020\\\/07\\\/serum-encanto-da-sereia-ruby-rose.jpg\",\"datePublished\":\"2020-07-08T15:34:21+00:00\",\"dateModified\":\"2023-12-14T03:08:32+00:00\",\"description\":\"O S\u00e9rum Facial foi produzido especialmente para peles que precisam de um cuidado diferenciado, al\u00e9m de reduzir a aspereza e o ressecamento.\",\"breadcrumb\":{\"@id\":\"https:\\\/\\\/daniellebeatrizmakeup.com.br\\\/loja\\\/serum-facial-encanto-da-sereia-ruby-rose\\\/#breadcrumb\"},\"inLanguage\":\"pt-BR\",\"potentialAction\":[{\"@type\":\"ReadAction\",\"target\":[\"https:\\\/\\\/daniellebeatrizmakeup.com.br\\\/loja\\\/serum-facial-encanto-da-sereia-ruby-rose\\\/\"]}]},{\"@type\":\"ImageObject\",\"inLanguage\":\"pt-BR\",\"@id\":\"https:\\\/\\\/daniellebeatrizmakeup.com.br\\\/loja\\\/serum-facial-encanto-da-sereia-ruby-rose\\\/#primaryimage\",\"url\":\"https:\\\/\\\/daniellebeatrizmakeup.com.br\\\/loja\\\/wp-content\\\/uploads\\\/2020\\\/07\\\/serum-encanto-da-sereia-ruby-rose.jpg\",\"contentUrl\":\"https:\\\/\\\/daniellebeatrizmakeup.com.br\\\/loja\\\/wp-content\\\/uploads\\\/2020\\\/07\\\/serum-encanto-da-sereia-ruby-rose.jpg\",\"width\":600,\"height\":600,\"caption\":\"S\u00e9rum Encanto da Sereia Ruby Rose\"},{\"@type\":\"BreadcrumbList\",\"@id\":\"https:\\\/\\\/daniellebeatrizmakeup.com.br\\\/loja\\\/serum-facial-encanto-da-sereia-ruby-rose\\\/#breadcrumb\",\"itemListElement\":[{\"@type\":\"ListItem\",\"position\":1,\"name\":\"In\u00edcio\",\"item\":\"https:\\\/\\\/daniellebeatrizmakeup.com.br\\\/loja\\\/\"},{\"@type\":\"ListItem\",\"position\":2,\"name\":\"Todos\",\"item\":\"https:\\\/\\\/daniellebeatrizmakeup.com.br\\\/loja\\\/todos\\\/\"},{\"@type\":\"ListItem\",\"position\":3,\"name\":\"S\u00e9rum Facial Encanto da Sereia Ruby Rose\"}]},{\"@type\":\"WebSite\",\"@id\":\"https:\\\/\\\/daniellebeatrizmakeup.com.br\\\/loja\\\/#website\",\"url\":\"https:\\\/\\\/daniellebeatrizmakeup.com.br\\\/loja\\\/\",\"name\":\"Loja DB Makeup\",\"description\":\"A melhor loja de maquiagem para real\u00e7ar a sua beleza\",\"publisher\":{\"@id\":\"https:\\\/\\\/daniellebeatrizmakeup.com.br\\\/loja\\\/#organization\"},\"potentialAction\":[{\"@type\":\"SearchAction\",\"target\":{\"@type\":\"EntryPoint\",\"urlTemplate\":\"https:\\\/\\\/daniellebeatrizmakeup.com.br\\\/loja\\\/?s={search_term_string}\"},\"query-input\":{\"@type\":\"PropertyValueSpecification\",\"valueRequired\":true,\"valueName\":\"search_term_string\"}}],\"inLanguage\":\"pt-BR\"},{\"@type\":\"Organization\",\"@id\":\"https:\\\/\\\/daniellebeatrizmakeup.com.br\\\/loja\\\/#organization\",\"name\":\"Danielle Beatriz Makeup\",\"url\":\"https:\\\/\\\/daniellebeatrizmakeup.com.br\\\/loja\\\/\",\"logo\":{\"@type\":\"ImageObject\",\"inLanguage\":\"pt-BR\",\"@id\":\"https:\\\/\\\/daniellebeatrizmakeup.com.br\\\/loja\\\/#\\\/schema\\\/logo\\\/image\\\/\",\"url\":\"https:\\\/\\\/daniellebeatrizmakeup.com.br\\\/loja\\\/wp-content\\\/uploads\\\/2020\\\/10\\\/logo-loja-db-makeup.png\",\"contentUrl\":\"https:\\\/\\\/daniellebeatrizmakeup.com.br\\\/loja\\\/wp-content\\\/uploads\\\/2020\\\/10\\\/logo-loja-db-makeup.png\",\"width\":500,\"height\":110,\"caption\":\"Danielle Beatriz Makeup\"},\"image\":{\"@id\":\"https:\\\/\\\/daniellebeatrizmakeup.com.br\\\/loja\\\/#\\\/schema\\\/logo\\\/image\\\/\"},\"sameAs\":[\"https:\\\/\\\/www.facebook.com\\\/daniellebeatrizmakeup\",\"https:\\\/\\\/x.com\\\/danibetriz\",\"https:\\\/\\\/www.instagram.com\\\/daniellebeatrizmakeup\",\"https:\\\/\\\/pinterest.com\\\/daniellebeatrizmakeup\",\"https:\\\/\\\/www.youtube.com\\\/DanielleBeatriz\"]}]}<\/script>\n<!-- \/ Yoast SEO plugin. -->","yoast_head_json":{"title":"S\u00e9rum Facial Encanto da Sereia Ruby Rose - Loja DB Makeup","description":"O S\u00e9rum Facial foi produzido especialmente para peles que precisam de um cuidado diferenciado, al\u00e9m de reduzir a aspereza e o ressecamento.","robots":{"index":"index","follow":"follow","max-snippet":"max-snippet:-1","max-image-preview":"max-image-preview:large","max-video-preview":"max-video-preview:-1"},"canonical":"https:\/\/daniellebeatrizmakeup.com.br\/loja\/serum-facial-encanto-da-sereia-ruby-rose\/","og_locale":"pt_BR","og_type":"article","og_title":"S\u00e9rum Facial Encanto da Sereia Ruby Rose - Loja DB Makeup","og_description":"O S\u00e9rum Facial foi produzido especialmente para peles que precisam de um cuidado diferenciado, al\u00e9m de reduzir a aspereza e o ressecamento.","og_url":"https:\/\/daniellebeatrizmakeup.com.br\/loja\/serum-facial-encanto-da-sereia-ruby-rose\/","og_site_name":"Loja DB Makeup","article_publisher":"https:\/\/www.facebook.com\/daniellebeatrizmakeup","article_modified_time":"2023-12-14T03:08:32+00:00","og_image":[{"width":600,"height":600,"url":"https:\/\/daniellebeatrizmakeup.com.br\/loja\/wp-content\/uploads\/2020\/07\/serum-encanto-da-sereia-ruby-rose.jpg","type":"image\/jpeg"}],"twitter_card":"summary_large_image","twitter_site":"@danibetriz","twitter_misc":{"Est. tempo de leitura":"2 minutos"},"schema":{"@context":"https:\/\/schema.org","@graph":[{"@type":"WebPage","@id":"https:\/\/daniellebeatrizmakeup.com.br\/loja\/serum-facial-encanto-da-sereia-ruby-rose\/","url":"https:\/\/daniellebeatrizmakeup.com.br\/loja\/serum-facial-encanto-da-sereia-ruby-rose\/","name":"S\u00e9rum Facial Encanto da Sereia Ruby Rose - Loja DB Makeup","isPartOf":{"@id":"https:\/\/daniellebeatrizmakeup.com.br\/loja\/#website"},"primaryImageOfPage":{"@id":"https:\/\/daniellebeatrizmakeup.com.br\/loja\/serum-facial-encanto-da-sereia-ruby-rose\/#primaryimage"},"image":{"@id":"https:\/\/daniellebeatrizmakeup.com.br\/loja\/serum-facial-encanto-da-sereia-ruby-rose\/#primaryimage"},"thumbnailUrl":"https:\/\/daniellebeatrizmakeup.com.br\/loja\/wp-content\/uploads\/2020\/07\/serum-encanto-da-sereia-ruby-rose.jpg","datePublished":"2020-07-08T15:34:21+00:00","dateModified":"2023-12-14T03:08:32+00:00","description":"O S\u00e9rum Facial foi produzido especialmente para peles que precisam de um cuidado diferenciado, al\u00e9m de reduzir a aspereza e o ressecamento.","breadcrumb":{"@id":"https:\/\/daniellebeatrizmakeup.com.br\/loja\/serum-facial-encanto-da-sereia-ruby-rose\/#breadcrumb"},"inLanguage":"pt-BR","potentialAction":[{"@type":"ReadAction","target":["https:\/\/daniellebeatrizmakeup.com.br\/loja\/serum-facial-encanto-da-sereia-ruby-rose\/"]}]},{"@type":"ImageObject","inLanguage":"pt-BR","@id":"https:\/\/daniellebeatrizmakeup.com.br\/loja\/serum-facial-encanto-da-sereia-ruby-rose\/#primaryimage","url":"https:\/\/daniellebeatrizmakeup.com.br\/loja\/wp-content\/uploads\/2020\/07\/serum-encanto-da-sereia-ruby-rose.jpg","contentUrl":"https:\/\/daniellebeatrizmakeup.com.br\/loja\/wp-content\/uploads\/2020\/07\/serum-encanto-da-sereia-ruby-rose.jpg","width":600,"height":600,"caption":"S\u00e9rum Encanto da Sereia Ruby Rose"},{"@type":"BreadcrumbList","@id":"https:\/\/daniellebeatrizmakeup.com.br\/loja\/serum-facial-encanto-da-sereia-ruby-rose\/#breadcrumb","itemListElement":[{"@type":"ListItem","position":1,"name":"In\u00edcio","item":"https:\/\/daniellebeatrizmakeup.com.br\/loja\/"},{"@type":"ListItem","position":2,"name":"Todos","item":"https:\/\/daniellebeatrizmakeup.com.br\/loja\/todos\/"},{"@type":"ListItem","position":3,"name":"S\u00e9rum Facial Encanto da Sereia Ruby Rose"}]},{"@type":"WebSite","@id":"https:\/\/daniellebeatrizmakeup.com.br\/loja\/#website","url":"https:\/\/daniellebeatrizmakeup.com.br\/loja\/","name":"Loja DB Makeup","description":"A melhor loja de maquiagem para real\u00e7ar a sua beleza","publisher":{"@id":"https:\/\/daniellebeatrizmakeup.com.br\/loja\/#organization"},"potentialAction":[{"@type":"SearchAction","target":{"@type":"EntryPoint","urlTemplate":"https:\/\/daniellebeatrizmakeup.com.br\/loja\/?s={search_term_string}"},"query-input":{"@type":"PropertyValueSpecification","valueRequired":true,"valueName":"search_term_string"}}],"inLanguage":"pt-BR"},{"@type":"Organization","@id":"https:\/\/daniellebeatrizmakeup.com.br\/loja\/#organization","name":"Danielle Beatriz Makeup","url":"https:\/\/daniellebeatrizmakeup.com.br\/loja\/","logo":{"@type":"ImageObject","inLanguage":"pt-BR","@id":"https:\/\/daniellebeatrizmakeup.com.br\/loja\/#\/schema\/logo\/image\/","url":"https:\/\/daniellebeatrizmakeup.com.br\/loja\/wp-content\/uploads\/2020\/10\/logo-loja-db-makeup.png","contentUrl":"https:\/\/daniellebeatrizmakeup.com.br\/loja\/wp-content\/uploads\/2020\/10\/logo-loja-db-makeup.png","width":500,"height":110,"caption":"Danielle Beatriz Makeup"},"image":{"@id":"https:\/\/daniellebeatrizmakeup.com.br\/loja\/#\/schema\/logo\/image\/"},"sameAs":["https:\/\/www.facebook.com\/daniellebeatrizmakeup","https:\/\/x.com\/danibetriz","https:\/\/www.instagram.com\/daniellebeatrizmakeup","https:\/\/pinterest.com\/daniellebeatrizmakeup","https:\/\/www.youtube.com\/DanielleBeatriz"]}]}},"jetpack_sharing_enabled":true,"_links":{"self":[{"href":"https:\/\/daniellebeatrizmakeup.com.br\/loja\/wp-json\/wp\/v2\/product\/1209","targetHints":{"allow":["GET"]}}],"collection":[{"href":"https:\/\/daniellebeatrizmakeup.com.br\/loja\/wp-json\/wp\/v2\/product"}],"about":[{"href":"https:\/\/daniellebeatrizmakeup.com.br\/loja\/wp-json\/wp\/v2\/types\/product"}],"replies":[{"embeddable":true,"href":"https:\/\/daniellebeatrizmakeup.com.br\/loja\/wp-json\/wp\/v2\/comments?post=1209"}],"version-history":[{"count":2,"href":"https:\/\/daniellebeatrizmakeup.com.br\/loja\/wp-json\/wp\/v2\/product\/1209\/revisions"}],"predecessor-version":[{"id":53155,"href":"https:\/\/daniellebeatrizmakeup.com.br\/loja\/wp-json\/wp\/v2\/product\/1209\/revisions\/53155"}],"wp:featuredmedia":[{"embeddable":true,"href":"https:\/\/daniellebeatrizmakeup.com.br\/loja\/wp-json\/wp\/v2\/media\/1507"}],"wp:attachment":[{"href":"https:\/\/daniellebeatrizmakeup.com.br\/loja\/wp-json\/wp\/v2\/media?parent=1209"}],"wp:term":[{"taxonomy":"product_brand","embeddable":true,"href":"https:\/\/daniellebeatrizmakeup.com.br\/loja\/wp-json\/wp\/v2\/product_brand?post=1209"},{"taxonomy":"product_cat","embeddable":true,"href":"https:\/\/daniellebeatrizmakeup.com.br\/loja\/wp-json\/wp\/v2\/product_cat?post=1209"},{"taxonomy":"product_tag","embeddable":true,"href":"https:\/\/daniellebeatrizmakeup.com.br\/loja\/wp-json\/wp\/v2\/product_tag?post=1209"},{"taxonomy":"woo-feed-brand","embeddable":true,"href":"https:\/\/daniellebeatrizmakeup.com.br\/loja\/wp-json\/wp\/v2\/woo-feed-brand?post=1209"}],"curies":[{"name":"wp","href":"https:\/\/api.w.org\/{rel}","templated":true}]}}