{"id":1204,"date":"2021-03-19T12:34:21","date_gmt":"2021-03-19T15:34:21","guid":{"rendered":"https:\/\/loja.daniellebeatrizmakeup.com.br\/index.php\/produto\/import-placeholder-for-1061\/"},"modified":"2025-12-18T18:16:26","modified_gmt":"2025-12-18T21:16:26","slug":"tonico-facial-revitalizante-ruby-rose","status":"publish","type":"product","link":"https:\/\/daniellebeatrizmakeup.com.br\/loja\/tonico-facial-revitalizante-ruby-rose\/","title":{"rendered":"T\u00f4nico Facial Revitalizante Ruby Rose"},"content":{"rendered":"<p>O T\u00f4nico Facial Revitalizante da linha Prote\u00e7\u00e3o Urbana da <a href=\"https:\/\/daniellebeatrizmakeup.com.br\/loja\/ruby-rose\/\">Ruby Rose<\/a> remove a polui\u00e7\u00e3o, limpa, ajuda a controlar a oleosidade da pele, de forma suave, sem ressecar e deixa um toque aveludado e sensa\u00e7\u00e3o de frescor. Ah e o melhor \u00e9 que ele \u00e9 livre de \u00e1lcool.<\/p>\n<p><strong>Benef\u00edcios<\/strong><\/p>\n<ul>\n<li>Desobstrui os poros e remove o excesso de oleosidade.<\/li>\n<li>Remove a polui\u00e7\u00e3o.<\/li>\n<li>Promove sensa\u00e7\u00e3o de frescor e toque aveludado a pele.<\/li>\n<li>Auxilia na minimiza\u00e7\u00e3o dos poros e linhas finas.<\/li>\n<li>Deixa a pele luminosa e com vi\u00e7o.<\/li>\n<li>Dermatologicamente Testado.<\/li>\n<li>N\u00e3o cont\u00e9m parabenos.<\/li>\n<li>100% Vegano<\/li>\n<\/ul>\n<p><strong>Cont\u00e9m:\u00a0<\/strong>120 ml<br \/>\n<strong>Para uso di\u00e1rio<\/strong><\/p>\n<p><strong>Modo de uso<\/strong><\/p>\n<ul>\n<li>Com a pele limpa, agite o T\u00f4nico Facial Revitalizante antes de usar e aplique uma quantia generosa em um algod\u00e3o;<\/li>\n<li>Espalhe suavemente pelo rosto e pesco\u00e7o. Repita esse passo diariamente, pela manh\u00e3 e \u00e0 noite. Sugiro esse passo ap\u00f3s o uso do sabonete.<\/li>\n<\/ul>\n<p><strong>Precau\u00e7\u00f5es<\/strong><br \/>\n&#8211; Uso externo.<br \/>\n&#8211; N\u00e3o aplique sobre a pele irritada ou lesionada.<br \/>\n&#8211; Se houver qualquer sinal de irrita\u00e7\u00e3o, descontinue o uso do produto.<br \/>\n&#8211; Mantenha sempre bem fechado, longe da luz e calor e do alcance de crian\u00e7as.<\/p>\n","protected":false},"excerpt":{"rendered":"<p>O T\u00f4nico Facial Revitalizante da linha Prote\u00e7\u00e3o Urbana da Ruby Rose remove a polui\u00e7\u00e3o, limpa, ajuda a controlar a oleosidade da pele, de forma suave, sem ressecar e deixa um toque aveludado e sensa\u00e7\u00e3o de frescor. Ah e o melhor \u00e9 que ele \u00e9 livre de \u00e1lcool.<\/p>\n","protected":false},"featured_media":26686,"comment_status":"open","ping_status":"closed","template":"","meta":{"_mbp_gutenberg_autopost":false},"product_brand":[],"product_cat":[78,74,836,720,111,713],"product_tag":[191,188,805,192],"woo-feed-brand":[],"class_list":{"0":"post-1204","1":"product","2":"type-product","3":"status-publish","4":"has-post-thumbnail","6":"product_cat-rosto","7":"product_cat-ruby-rose","8":"product_cat-ruby-skin","9":"product_cat-selecao-verde-e-amarela","10":"product_cat-skincare","11":"product_cat-tonico","12":"product_tag-cuidados-com-a-pele","13":"product_tag-pele-oleosa","14":"product_tag-ruby-rose","15":"product_tag-tonico","16":"yith_product_brand-ruby-rose","18":"first","19":"outofstock","20":"sale","21":"shipping-taxable","22":"purchasable","23":"product-type-simple"},"yoast_head":"<!-- This site is optimized with the Yoast SEO plugin v27.5 - https:\/\/yoast.com\/product\/yoast-seo-wordpress\/ -->\n<title>T\u00f4nico Facial Revitalizante Ruby Rose - Loja DB Makeup<\/title>\n<meta name=\"description\" content=\"O T\u00f4nico Facial Revitalizante da linha Prote\u00e7\u00e3o Urbana da Ruby Rose remove a polui\u00e7\u00e3o, limpa e ajuda a controlar a oleosidade da pele.\" \/>\n<meta name=\"robots\" content=\"index, follow, max-snippet:-1, max-image-preview:large, max-video-preview:-1\" \/>\n<link rel=\"canonical\" href=\"https:\/\/daniellebeatrizmakeup.com.br\/loja\/tonico-facial-revitalizante-ruby-rose\/\" \/>\n<meta property=\"og:locale\" content=\"pt_BR\" \/>\n<meta property=\"og:type\" content=\"article\" \/>\n<meta property=\"og:title\" content=\"T\u00f4nico Facial Revitalizante Ruby Rose - Loja DB Makeup\" \/>\n<meta property=\"og:description\" content=\"O T\u00f4nico Facial Revitalizante da linha Prote\u00e7\u00e3o Urbana da Ruby Rose remove a polui\u00e7\u00e3o, limpa e ajuda a controlar a oleosidade da pele.\" \/>\n<meta property=\"og:url\" content=\"https:\/\/daniellebeatrizmakeup.com.br\/loja\/tonico-facial-revitalizante-ruby-rose\/\" \/>\n<meta property=\"og:site_name\" content=\"Loja DB Makeup\" \/>\n<meta property=\"article:publisher\" content=\"https:\/\/www.facebook.com\/daniellebeatrizmakeup\" \/>\n<meta property=\"article:modified_time\" content=\"2025-12-18T21:16:26+00:00\" \/>\n<meta property=\"og:image\" content=\"https:\/\/daniellebeatrizmakeup.com.br\/loja\/wp-content\/uploads\/2021\/03\/tonico-facial-revitalizante-protecao-urbana-ruby-rose.jpg\" \/>\n\t<meta property=\"og:image:width\" content=\"1080\" \/>\n\t<meta property=\"og:image:height\" content=\"1080\" \/>\n\t<meta property=\"og:image:type\" content=\"image\/jpeg\" \/>\n<meta name=\"twitter:card\" content=\"summary_large_image\" \/>\n<meta name=\"twitter:site\" content=\"@danibetriz\" \/>\n<meta name=\"twitter:label1\" content=\"Est. tempo de leitura\" \/>\n\t<meta name=\"twitter:data1\" content=\"1 minuto\" \/>\n<script type=\"application\/ld+json\" class=\"yoast-schema-graph\">{\"@context\":\"https:\\\/\\\/schema.org\",\"@graph\":[{\"@type\":\"WebPage\",\"@id\":\"https:\\\/\\\/daniellebeatrizmakeup.com.br\\\/loja\\\/tonico-facial-revitalizante-ruby-rose\\\/\",\"url\":\"https:\\\/\\\/daniellebeatrizmakeup.com.br\\\/loja\\\/tonico-facial-revitalizante-ruby-rose\\\/\",\"name\":\"T\u00f4nico Facial Revitalizante Ruby Rose - Loja DB Makeup\",\"isPartOf\":{\"@id\":\"https:\\\/\\\/daniellebeatrizmakeup.com.br\\\/loja\\\/#website\"},\"primaryImageOfPage\":{\"@id\":\"https:\\\/\\\/daniellebeatrizmakeup.com.br\\\/loja\\\/tonico-facial-revitalizante-ruby-rose\\\/#primaryimage\"},\"image\":{\"@id\":\"https:\\\/\\\/daniellebeatrizmakeup.com.br\\\/loja\\\/tonico-facial-revitalizante-ruby-rose\\\/#primaryimage\"},\"thumbnailUrl\":\"https:\\\/\\\/daniellebeatrizmakeup.com.br\\\/loja\\\/wp-content\\\/uploads\\\/2021\\\/03\\\/tonico-facial-revitalizante-protecao-urbana-ruby-rose.jpg\",\"datePublished\":\"2021-03-19T15:34:21+00:00\",\"dateModified\":\"2025-12-18T21:16:26+00:00\",\"description\":\"O T\u00f4nico Facial Revitalizante da linha Prote\u00e7\u00e3o Urbana da Ruby Rose remove a polui\u00e7\u00e3o, limpa e ajuda a controlar a oleosidade da pele.\",\"breadcrumb\":{\"@id\":\"https:\\\/\\\/daniellebeatrizmakeup.com.br\\\/loja\\\/tonico-facial-revitalizante-ruby-rose\\\/#breadcrumb\"},\"inLanguage\":\"pt-BR\",\"potentialAction\":[{\"@type\":\"ReadAction\",\"target\":[\"https:\\\/\\\/daniellebeatrizmakeup.com.br\\\/loja\\\/tonico-facial-revitalizante-ruby-rose\\\/\"]}]},{\"@type\":\"ImageObject\",\"inLanguage\":\"pt-BR\",\"@id\":\"https:\\\/\\\/daniellebeatrizmakeup.com.br\\\/loja\\\/tonico-facial-revitalizante-ruby-rose\\\/#primaryimage\",\"url\":\"https:\\\/\\\/daniellebeatrizmakeup.com.br\\\/loja\\\/wp-content\\\/uploads\\\/2021\\\/03\\\/tonico-facial-revitalizante-protecao-urbana-ruby-rose.jpg\",\"contentUrl\":\"https:\\\/\\\/daniellebeatrizmakeup.com.br\\\/loja\\\/wp-content\\\/uploads\\\/2021\\\/03\\\/tonico-facial-revitalizante-protecao-urbana-ruby-rose.jpg\",\"width\":1080,\"height\":1080,\"caption\":\"T\u00f4nico Facial Revitalizante Prote\u00e7\u00e3o Urbana Ruby Rose\"},{\"@type\":\"BreadcrumbList\",\"@id\":\"https:\\\/\\\/daniellebeatrizmakeup.com.br\\\/loja\\\/tonico-facial-revitalizante-ruby-rose\\\/#breadcrumb\",\"itemListElement\":[{\"@type\":\"ListItem\",\"position\":1,\"name\":\"In\u00edcio\",\"item\":\"https:\\\/\\\/daniellebeatrizmakeup.com.br\\\/loja\\\/\"},{\"@type\":\"ListItem\",\"position\":2,\"name\":\"Todos\",\"item\":\"https:\\\/\\\/daniellebeatrizmakeup.com.br\\\/loja\\\/todos\\\/\"},{\"@type\":\"ListItem\",\"position\":3,\"name\":\"T\u00f4nico Facial Revitalizante Ruby Rose\"}]},{\"@type\":\"WebSite\",\"@id\":\"https:\\\/\\\/daniellebeatrizmakeup.com.br\\\/loja\\\/#website\",\"url\":\"https:\\\/\\\/daniellebeatrizmakeup.com.br\\\/loja\\\/\",\"name\":\"Loja DB Makeup\",\"description\":\"A melhor loja de maquiagem para real\u00e7ar a sua beleza\",\"publisher\":{\"@id\":\"https:\\\/\\\/daniellebeatrizmakeup.com.br\\\/loja\\\/#organization\"},\"potentialAction\":[{\"@type\":\"SearchAction\",\"target\":{\"@type\":\"EntryPoint\",\"urlTemplate\":\"https:\\\/\\\/daniellebeatrizmakeup.com.br\\\/loja\\\/?s={search_term_string}\"},\"query-input\":{\"@type\":\"PropertyValueSpecification\",\"valueRequired\":true,\"valueName\":\"search_term_string\"}}],\"inLanguage\":\"pt-BR\"},{\"@type\":\"Organization\",\"@id\":\"https:\\\/\\\/daniellebeatrizmakeup.com.br\\\/loja\\\/#organization\",\"name\":\"Danielle Beatriz Makeup\",\"url\":\"https:\\\/\\\/daniellebeatrizmakeup.com.br\\\/loja\\\/\",\"logo\":{\"@type\":\"ImageObject\",\"inLanguage\":\"pt-BR\",\"@id\":\"https:\\\/\\\/daniellebeatrizmakeup.com.br\\\/loja\\\/#\\\/schema\\\/logo\\\/image\\\/\",\"url\":\"https:\\\/\\\/daniellebeatrizmakeup.com.br\\\/loja\\\/wp-content\\\/uploads\\\/2020\\\/10\\\/logo-loja-db-makeup.png\",\"contentUrl\":\"https:\\\/\\\/daniellebeatrizmakeup.com.br\\\/loja\\\/wp-content\\\/uploads\\\/2020\\\/10\\\/logo-loja-db-makeup.png\",\"width\":500,\"height\":110,\"caption\":\"Danielle Beatriz Makeup\"},\"image\":{\"@id\":\"https:\\\/\\\/daniellebeatrizmakeup.com.br\\\/loja\\\/#\\\/schema\\\/logo\\\/image\\\/\"},\"sameAs\":[\"https:\\\/\\\/www.facebook.com\\\/daniellebeatrizmakeup\",\"https:\\\/\\\/x.com\\\/danibetriz\",\"https:\\\/\\\/www.instagram.com\\\/daniellebeatrizmakeup\",\"https:\\\/\\\/pinterest.com\\\/daniellebeatrizmakeup\",\"https:\\\/\\\/www.youtube.com\\\/DanielleBeatriz\"]}]}<\/script>\n<!-- \/ Yoast SEO plugin. -->","yoast_head_json":{"title":"T\u00f4nico Facial Revitalizante Ruby Rose - Loja DB Makeup","description":"O T\u00f4nico Facial Revitalizante da linha Prote\u00e7\u00e3o Urbana da Ruby Rose remove a polui\u00e7\u00e3o, limpa e ajuda a controlar a oleosidade da pele.","robots":{"index":"index","follow":"follow","max-snippet":"max-snippet:-1","max-image-preview":"max-image-preview:large","max-video-preview":"max-video-preview:-1"},"canonical":"https:\/\/daniellebeatrizmakeup.com.br\/loja\/tonico-facial-revitalizante-ruby-rose\/","og_locale":"pt_BR","og_type":"article","og_title":"T\u00f4nico Facial Revitalizante Ruby Rose - Loja DB Makeup","og_description":"O T\u00f4nico Facial Revitalizante da linha Prote\u00e7\u00e3o Urbana da Ruby Rose remove a polui\u00e7\u00e3o, limpa e ajuda a controlar a oleosidade da pele.","og_url":"https:\/\/daniellebeatrizmakeup.com.br\/loja\/tonico-facial-revitalizante-ruby-rose\/","og_site_name":"Loja DB Makeup","article_publisher":"https:\/\/www.facebook.com\/daniellebeatrizmakeup","article_modified_time":"2025-12-18T21:16:26+00:00","og_image":[{"width":1080,"height":1080,"url":"https:\/\/daniellebeatrizmakeup.com.br\/loja\/wp-content\/uploads\/2021\/03\/tonico-facial-revitalizante-protecao-urbana-ruby-rose.jpg","type":"image\/jpeg"}],"twitter_card":"summary_large_image","twitter_site":"@danibetriz","twitter_misc":{"Est. tempo de leitura":"1 minuto"},"schema":{"@context":"https:\/\/schema.org","@graph":[{"@type":"WebPage","@id":"https:\/\/daniellebeatrizmakeup.com.br\/loja\/tonico-facial-revitalizante-ruby-rose\/","url":"https:\/\/daniellebeatrizmakeup.com.br\/loja\/tonico-facial-revitalizante-ruby-rose\/","name":"T\u00f4nico Facial Revitalizante Ruby Rose - Loja DB Makeup","isPartOf":{"@id":"https:\/\/daniellebeatrizmakeup.com.br\/loja\/#website"},"primaryImageOfPage":{"@id":"https:\/\/daniellebeatrizmakeup.com.br\/loja\/tonico-facial-revitalizante-ruby-rose\/#primaryimage"},"image":{"@id":"https:\/\/daniellebeatrizmakeup.com.br\/loja\/tonico-facial-revitalizante-ruby-rose\/#primaryimage"},"thumbnailUrl":"https:\/\/daniellebeatrizmakeup.com.br\/loja\/wp-content\/uploads\/2021\/03\/tonico-facial-revitalizante-protecao-urbana-ruby-rose.jpg","datePublished":"2021-03-19T15:34:21+00:00","dateModified":"2025-12-18T21:16:26+00:00","description":"O T\u00f4nico Facial Revitalizante da linha Prote\u00e7\u00e3o Urbana da Ruby Rose remove a polui\u00e7\u00e3o, limpa e ajuda a controlar a oleosidade da pele.","breadcrumb":{"@id":"https:\/\/daniellebeatrizmakeup.com.br\/loja\/tonico-facial-revitalizante-ruby-rose\/#breadcrumb"},"inLanguage":"pt-BR","potentialAction":[{"@type":"ReadAction","target":["https:\/\/daniellebeatrizmakeup.com.br\/loja\/tonico-facial-revitalizante-ruby-rose\/"]}]},{"@type":"ImageObject","inLanguage":"pt-BR","@id":"https:\/\/daniellebeatrizmakeup.com.br\/loja\/tonico-facial-revitalizante-ruby-rose\/#primaryimage","url":"https:\/\/daniellebeatrizmakeup.com.br\/loja\/wp-content\/uploads\/2021\/03\/tonico-facial-revitalizante-protecao-urbana-ruby-rose.jpg","contentUrl":"https:\/\/daniellebeatrizmakeup.com.br\/loja\/wp-content\/uploads\/2021\/03\/tonico-facial-revitalizante-protecao-urbana-ruby-rose.jpg","width":1080,"height":1080,"caption":"T\u00f4nico Facial Revitalizante Prote\u00e7\u00e3o Urbana Ruby Rose"},{"@type":"BreadcrumbList","@id":"https:\/\/daniellebeatrizmakeup.com.br\/loja\/tonico-facial-revitalizante-ruby-rose\/#breadcrumb","itemListElement":[{"@type":"ListItem","position":1,"name":"In\u00edcio","item":"https:\/\/daniellebeatrizmakeup.com.br\/loja\/"},{"@type":"ListItem","position":2,"name":"Todos","item":"https:\/\/daniellebeatrizmakeup.com.br\/loja\/todos\/"},{"@type":"ListItem","position":3,"name":"T\u00f4nico Facial Revitalizante Ruby Rose"}]},{"@type":"WebSite","@id":"https:\/\/daniellebeatrizmakeup.com.br\/loja\/#website","url":"https:\/\/daniellebeatrizmakeup.com.br\/loja\/","name":"Loja DB Makeup","description":"A melhor loja de maquiagem para real\u00e7ar a sua beleza","publisher":{"@id":"https:\/\/daniellebeatrizmakeup.com.br\/loja\/#organization"},"potentialAction":[{"@type":"SearchAction","target":{"@type":"EntryPoint","urlTemplate":"https:\/\/daniellebeatrizmakeup.com.br\/loja\/?s={search_term_string}"},"query-input":{"@type":"PropertyValueSpecification","valueRequired":true,"valueName":"search_term_string"}}],"inLanguage":"pt-BR"},{"@type":"Organization","@id":"https:\/\/daniellebeatrizmakeup.com.br\/loja\/#organization","name":"Danielle Beatriz Makeup","url":"https:\/\/daniellebeatrizmakeup.com.br\/loja\/","logo":{"@type":"ImageObject","inLanguage":"pt-BR","@id":"https:\/\/daniellebeatrizmakeup.com.br\/loja\/#\/schema\/logo\/image\/","url":"https:\/\/daniellebeatrizmakeup.com.br\/loja\/wp-content\/uploads\/2020\/10\/logo-loja-db-makeup.png","contentUrl":"https:\/\/daniellebeatrizmakeup.com.br\/loja\/wp-content\/uploads\/2020\/10\/logo-loja-db-makeup.png","width":500,"height":110,"caption":"Danielle Beatriz Makeup"},"image":{"@id":"https:\/\/daniellebeatrizmakeup.com.br\/loja\/#\/schema\/logo\/image\/"},"sameAs":["https:\/\/www.facebook.com\/daniellebeatrizmakeup","https:\/\/x.com\/danibetriz","https:\/\/www.instagram.com\/daniellebeatrizmakeup","https:\/\/pinterest.com\/daniellebeatrizmakeup","https:\/\/www.youtube.com\/DanielleBeatriz"]}]}},"jetpack_sharing_enabled":true,"_links":{"self":[{"href":"https:\/\/daniellebeatrizmakeup.com.br\/loja\/wp-json\/wp\/v2\/product\/1204","targetHints":{"allow":["GET"]}}],"collection":[{"href":"https:\/\/daniellebeatrizmakeup.com.br\/loja\/wp-json\/wp\/v2\/product"}],"about":[{"href":"https:\/\/daniellebeatrizmakeup.com.br\/loja\/wp-json\/wp\/v2\/types\/product"}],"replies":[{"embeddable":true,"href":"https:\/\/daniellebeatrizmakeup.com.br\/loja\/wp-json\/wp\/v2\/comments?post=1204"}],"version-history":[{"count":5,"href":"https:\/\/daniellebeatrizmakeup.com.br\/loja\/wp-json\/wp\/v2\/product\/1204\/revisions"}],"predecessor-version":[{"id":57393,"href":"https:\/\/daniellebeatrizmakeup.com.br\/loja\/wp-json\/wp\/v2\/product\/1204\/revisions\/57393"}],"wp:featuredmedia":[{"embeddable":true,"href":"https:\/\/daniellebeatrizmakeup.com.br\/loja\/wp-json\/wp\/v2\/media\/26686"}],"wp:attachment":[{"href":"https:\/\/daniellebeatrizmakeup.com.br\/loja\/wp-json\/wp\/v2\/media?parent=1204"}],"wp:term":[{"taxonomy":"product_brand","embeddable":true,"href":"https:\/\/daniellebeatrizmakeup.com.br\/loja\/wp-json\/wp\/v2\/product_brand?post=1204"},{"taxonomy":"product_cat","embeddable":true,"href":"https:\/\/daniellebeatrizmakeup.com.br\/loja\/wp-json\/wp\/v2\/product_cat?post=1204"},{"taxonomy":"product_tag","embeddable":true,"href":"https:\/\/daniellebeatrizmakeup.com.br\/loja\/wp-json\/wp\/v2\/product_tag?post=1204"},{"taxonomy":"woo-feed-brand","embeddable":true,"href":"https:\/\/daniellebeatrizmakeup.com.br\/loja\/wp-json\/wp\/v2\/woo-feed-brand?post=1204"}],"curies":[{"name":"wp","href":"https:\/\/api.w.org\/{rel}","templated":true}]}}