{"id":1203,"date":"2020-07-08T12:34:21","date_gmt":"2020-07-08T15:34:21","guid":{"rendered":"https:\/\/loja.daniellebeatrizmakeup.com.br\/index.php\/produto\/import-placeholder-for-1060\/"},"modified":"2023-12-06T05:13:59","modified_gmt":"2023-12-06T08:13:59","slug":"esponja-de-maquiagem-black-sponge-klasme","status":"publish","type":"product","link":"https:\/\/daniellebeatrizmakeup.com.br\/loja\/esponja-de-maquiagem-black-sponge-klasme\/","title":{"rendered":"Esponja de Maquiagem Black Sponge Klasme"},"content":{"rendered":"<p>A esponja de maquiagem Black Sponge da <a href=\"https:\/\/daniellebeatrizmakeup.com.br\/loja\/klasme\/\">Klasme<\/a> \u00e9 indicada para aplica\u00e7\u00e3o de produtos l\u00edquidos e em p\u00f3 no rosto. Famosa por sua maciez, ela d\u00e1 maior ader\u00eancia dos produtos \u00e0 pele. O resultado \u00e9 uma cobertura homog\u00eanea e um acabamento super natural. A Black Sponge pode ser usada seca ou \u00famida para aplicar maquiagem. Molhada, ela dobra de tamanho e deixa o acabamento ainda mais natural.<\/p>\n<h3><strong>Especifica\u00e7\u00f5es da esponja de maquiagem Black Sponge<\/strong><\/h3>\n<ul>\n<li>100% livre de l\u00e1tex<\/li>\n<li>Textura extra macia<\/li>\n<li>Formato anat\u00f4mico<\/li>\n<\/ul>\n<h3><strong>Como Usar <\/strong><strong>a esponja de maquiagem Black Sponge<\/strong><\/h3>\n<p>Por ser super macia, a esponja pode ser usada seca ou \u00famida na aplica\u00e7\u00e3o da maquiagem. Para us\u00e1-la \u00famida, molhe a esponjinha com \u00e1gua, \u00e1gua termal, fixador de maquiagem ou qualquer outro produto de sua prefer\u00eancia e aperte bem para retirar todo o excesso e deix\u00e1-la apenas umedecida. Aplique a maquiagem no rosto e espalhe usando a esponja de maquiagem Black Sponge dando leves batidinhas.<\/p>\n<p><strong>Dicas<\/strong><\/p>\n<ol>\n<li>SEM DESPERD\u00cdCIO: Para evitar o desperd\u00edcio de produto, aplique a base ou corretivo no dorso das m\u00e3os, para s\u00f3 ent\u00e3o molhar a Black Sponge no produto. Evite passar a base diretamente sobre a esponja. Voc\u00ea tamb\u00e9m pode optar colocar a base em uma placa de inox para maquiagem evitando a sujeira nas m\u00e3os.<\/li>\n<li>LIMPINHA: Lave a sua Black Sponge ao menos uma vez por semana. Voc\u00ea pode usar sabonete l\u00edquido bactericida ou detergente. Ela N\u00c3O deve ser guardada ainda \u00famida.<\/li>\n<li>COMO LIMPAR SUA BLACK SPONGE:\n<ul>\n<li>Umede\u00e7a a esponja em \u00e1gua corrente deixando-a absorver bastante \u00e1gua.<\/li>\n<li>Aplicar sabonete l\u00edquido neutro, em barra, ou sabonete espec\u00edfico para esponjas e massagear levemente.<\/li>\n<li>Em \u00e1gua corrente, aperte e solte a esponja at\u00e9 ficar completamente limpo.<\/li>\n<li>Depois de lavar, tire o excesso da \u00e1gua da esponja com uma toalha e deixe-a secar naturalmente.<\/li>\n<li>Aten\u00e7\u00e3o: ao lavar a esponja, utilize movimentos leves para n\u00e3o danific\u00e1-la e cuidado com as unhas.<\/li>\n<\/ul>\n<\/li>\n<\/ol>\n<p>Peso: 6,8g<\/p>\n","protected":false},"excerpt":{"rendered":"<p>A esponja de maquiagem Black Sponge da Klasme \u00e9 indicada para aplica\u00e7\u00e3o de produtos l\u00edquidos e em p\u00f3 no rosto. Famosa por sua maciez, ela d\u00e1 maior ader\u00eancia dos produtos \u00e0 pele. O resultado \u00e9 uma cobertura homog\u00eanea e um acabamento super natural. A Black Sponge pode ser usada seca ou \u00famida para aplicar maquiagem. Molhada, ela dobra de tamanho e deixa o acabamento ainda mais natural.<\/p>\n","protected":false},"featured_media":1604,"comment_status":"open","ping_status":"closed","template":"","meta":{"_mbp_gutenberg_autopost":false},"product_brand":[],"product_cat":[81,739,324,78],"product_tag":[140,189,190,806],"woo-feed-brand":[],"class_list":{"0":"post-1203","1":"product","2":"type-product","3":"status-publish","4":"has-post-thumbnail","6":"product_cat-acessorios","7":"product_cat-esponja","8":"product_cat-klasme","9":"product_cat-rosto","10":"product_tag-acessorio","11":"product_tag-esponja","12":"product_tag-esponja-de-maquiagem","13":"product_tag-klasme","15":"first","16":"outofstock","17":"shipping-taxable","18":"purchasable","19":"product-type-simple"},"yoast_head":"<!-- This site is optimized with the Yoast SEO plugin v27.3 - https:\/\/yoast.com\/product\/yoast-seo-wordpress\/ -->\n<title>Esponja de Maquiagem Black Sponge Klasme - Loja DB Makeup<\/title>\n<meta name=\"description\" content=\"A esponja de maquiagem Black Sponge da Klasme \u00e9 indicada para aplica\u00e7\u00e3o de produtos l\u00edquidos e em p\u00f3 no rosto. Famosa por sua maciez!\" \/>\n<meta name=\"robots\" content=\"index, follow, max-snippet:-1, max-image-preview:large, max-video-preview:-1\" \/>\n<link rel=\"canonical\" href=\"https:\/\/daniellebeatrizmakeup.com.br\/loja\/esponja-de-maquiagem-black-sponge-klasme\/\" \/>\n<meta property=\"og:locale\" content=\"pt_BR\" \/>\n<meta property=\"og:type\" content=\"article\" \/>\n<meta property=\"og:title\" content=\"Esponja de Maquiagem Black Sponge Klasme - Loja DB Makeup\" \/>\n<meta property=\"og:description\" content=\"A esponja de maquiagem Black Sponge da Klasme \u00e9 indicada para aplica\u00e7\u00e3o de produtos l\u00edquidos e em p\u00f3 no rosto. Famosa por sua maciez!\" \/>\n<meta property=\"og:url\" content=\"https:\/\/daniellebeatrizmakeup.com.br\/loja\/esponja-de-maquiagem-black-sponge-klasme\/\" \/>\n<meta property=\"og:site_name\" content=\"Loja DB Makeup\" \/>\n<meta property=\"article:publisher\" content=\"https:\/\/www.facebook.com\/daniellebeatrizmakeup\" \/>\n<meta property=\"article:modified_time\" content=\"2023-12-06T08:13:59+00:00\" \/>\n<meta property=\"og:image\" content=\"https:\/\/daniellebeatrizmakeup.com.br\/loja\/wp-content\/uploads\/2020\/07\/esponja-de-maquiagem-black-klasme-makeup-sponge-2.jpg\" \/>\n\t<meta property=\"og:image:width\" content=\"800\" \/>\n\t<meta property=\"og:image:height\" content=\"800\" \/>\n\t<meta property=\"og:image:type\" content=\"image\/jpeg\" \/>\n<meta name=\"twitter:card\" content=\"summary_large_image\" \/>\n<meta name=\"twitter:site\" content=\"@danibetriz\" \/>\n<meta name=\"twitter:label1\" content=\"Est. tempo de leitura\" \/>\n\t<meta name=\"twitter:data1\" content=\"2 minutos\" \/>\n<script type=\"application\/ld+json\" class=\"yoast-schema-graph\">{\"@context\":\"https:\\\/\\\/schema.org\",\"@graph\":[{\"@type\":\"WebPage\",\"@id\":\"https:\\\/\\\/daniellebeatrizmakeup.com.br\\\/loja\\\/esponja-de-maquiagem-black-sponge-klasme\\\/\",\"url\":\"https:\\\/\\\/daniellebeatrizmakeup.com.br\\\/loja\\\/esponja-de-maquiagem-black-sponge-klasme\\\/\",\"name\":\"Esponja de Maquiagem Black Sponge Klasme - Loja DB Makeup\",\"isPartOf\":{\"@id\":\"https:\\\/\\\/daniellebeatrizmakeup.com.br\\\/loja\\\/#website\"},\"primaryImageOfPage\":{\"@id\":\"https:\\\/\\\/daniellebeatrizmakeup.com.br\\\/loja\\\/esponja-de-maquiagem-black-sponge-klasme\\\/#primaryimage\"},\"image\":{\"@id\":\"https:\\\/\\\/daniellebeatrizmakeup.com.br\\\/loja\\\/esponja-de-maquiagem-black-sponge-klasme\\\/#primaryimage\"},\"thumbnailUrl\":\"https:\\\/\\\/daniellebeatrizmakeup.com.br\\\/loja\\\/wp-content\\\/uploads\\\/2020\\\/07\\\/esponja-de-maquiagem-black-klasme-makeup-sponge-2.jpg\",\"datePublished\":\"2020-07-08T15:34:21+00:00\",\"dateModified\":\"2023-12-06T08:13:59+00:00\",\"description\":\"A esponja de maquiagem Black Sponge da Klasme \u00e9 indicada para aplica\u00e7\u00e3o de produtos l\u00edquidos e em p\u00f3 no rosto. Famosa por sua maciez!\",\"breadcrumb\":{\"@id\":\"https:\\\/\\\/daniellebeatrizmakeup.com.br\\\/loja\\\/esponja-de-maquiagem-black-sponge-klasme\\\/#breadcrumb\"},\"inLanguage\":\"pt-BR\",\"potentialAction\":[{\"@type\":\"ReadAction\",\"target\":[\"https:\\\/\\\/daniellebeatrizmakeup.com.br\\\/loja\\\/esponja-de-maquiagem-black-sponge-klasme\\\/\"]}]},{\"@type\":\"ImageObject\",\"inLanguage\":\"pt-BR\",\"@id\":\"https:\\\/\\\/daniellebeatrizmakeup.com.br\\\/loja\\\/esponja-de-maquiagem-black-sponge-klasme\\\/#primaryimage\",\"url\":\"https:\\\/\\\/daniellebeatrizmakeup.com.br\\\/loja\\\/wp-content\\\/uploads\\\/2020\\\/07\\\/esponja-de-maquiagem-black-klasme-makeup-sponge-2.jpg\",\"contentUrl\":\"https:\\\/\\\/daniellebeatrizmakeup.com.br\\\/loja\\\/wp-content\\\/uploads\\\/2020\\\/07\\\/esponja-de-maquiagem-black-klasme-makeup-sponge-2.jpg\",\"width\":800,\"height\":800,\"caption\":\"Esponja de Maquiagem Black Sponge Klasme\"},{\"@type\":\"BreadcrumbList\",\"@id\":\"https:\\\/\\\/daniellebeatrizmakeup.com.br\\\/loja\\\/esponja-de-maquiagem-black-sponge-klasme\\\/#breadcrumb\",\"itemListElement\":[{\"@type\":\"ListItem\",\"position\":1,\"name\":\"In\u00edcio\",\"item\":\"https:\\\/\\\/daniellebeatrizmakeup.com.br\\\/loja\\\/\"},{\"@type\":\"ListItem\",\"position\":2,\"name\":\"Todos\",\"item\":\"https:\\\/\\\/daniellebeatrizmakeup.com.br\\\/loja\\\/todos\\\/\"},{\"@type\":\"ListItem\",\"position\":3,\"name\":\"Esponja de Maquiagem Black Sponge Klasme\"}]},{\"@type\":\"WebSite\",\"@id\":\"https:\\\/\\\/daniellebeatrizmakeup.com.br\\\/loja\\\/#website\",\"url\":\"https:\\\/\\\/daniellebeatrizmakeup.com.br\\\/loja\\\/\",\"name\":\"Loja DB Makeup\",\"description\":\"A melhor loja de maquiagem para real\u00e7ar a sua beleza\",\"publisher\":{\"@id\":\"https:\\\/\\\/daniellebeatrizmakeup.com.br\\\/loja\\\/#organization\"},\"potentialAction\":[{\"@type\":\"SearchAction\",\"target\":{\"@type\":\"EntryPoint\",\"urlTemplate\":\"https:\\\/\\\/daniellebeatrizmakeup.com.br\\\/loja\\\/?s={search_term_string}\"},\"query-input\":{\"@type\":\"PropertyValueSpecification\",\"valueRequired\":true,\"valueName\":\"search_term_string\"}}],\"inLanguage\":\"pt-BR\"},{\"@type\":\"Organization\",\"@id\":\"https:\\\/\\\/daniellebeatrizmakeup.com.br\\\/loja\\\/#organization\",\"name\":\"Danielle Beatriz Makeup\",\"url\":\"https:\\\/\\\/daniellebeatrizmakeup.com.br\\\/loja\\\/\",\"logo\":{\"@type\":\"ImageObject\",\"inLanguage\":\"pt-BR\",\"@id\":\"https:\\\/\\\/daniellebeatrizmakeup.com.br\\\/loja\\\/#\\\/schema\\\/logo\\\/image\\\/\",\"url\":\"https:\\\/\\\/daniellebeatrizmakeup.com.br\\\/loja\\\/wp-content\\\/uploads\\\/2020\\\/10\\\/logo-loja-db-makeup.png\",\"contentUrl\":\"https:\\\/\\\/daniellebeatrizmakeup.com.br\\\/loja\\\/wp-content\\\/uploads\\\/2020\\\/10\\\/logo-loja-db-makeup.png\",\"width\":500,\"height\":110,\"caption\":\"Danielle Beatriz Makeup\"},\"image\":{\"@id\":\"https:\\\/\\\/daniellebeatrizmakeup.com.br\\\/loja\\\/#\\\/schema\\\/logo\\\/image\\\/\"},\"sameAs\":[\"https:\\\/\\\/www.facebook.com\\\/daniellebeatrizmakeup\",\"https:\\\/\\\/x.com\\\/danibetriz\",\"https:\\\/\\\/www.instagram.com\\\/daniellebeatrizmakeup\",\"https:\\\/\\\/pinterest.com\\\/daniellebeatrizmakeup\",\"https:\\\/\\\/www.youtube.com\\\/DanielleBeatriz\"]}]}<\/script>\n<!-- \/ Yoast SEO plugin. -->","yoast_head_json":{"title":"Esponja de Maquiagem Black Sponge Klasme - Loja DB Makeup","description":"A esponja de maquiagem Black Sponge da Klasme \u00e9 indicada para aplica\u00e7\u00e3o de produtos l\u00edquidos e em p\u00f3 no rosto. Famosa por sua maciez!","robots":{"index":"index","follow":"follow","max-snippet":"max-snippet:-1","max-image-preview":"max-image-preview:large","max-video-preview":"max-video-preview:-1"},"canonical":"https:\/\/daniellebeatrizmakeup.com.br\/loja\/esponja-de-maquiagem-black-sponge-klasme\/","og_locale":"pt_BR","og_type":"article","og_title":"Esponja de Maquiagem Black Sponge Klasme - Loja DB Makeup","og_description":"A esponja de maquiagem Black Sponge da Klasme \u00e9 indicada para aplica\u00e7\u00e3o de produtos l\u00edquidos e em p\u00f3 no rosto. Famosa por sua maciez!","og_url":"https:\/\/daniellebeatrizmakeup.com.br\/loja\/esponja-de-maquiagem-black-sponge-klasme\/","og_site_name":"Loja DB Makeup","article_publisher":"https:\/\/www.facebook.com\/daniellebeatrizmakeup","article_modified_time":"2023-12-06T08:13:59+00:00","og_image":[{"width":800,"height":800,"url":"https:\/\/daniellebeatrizmakeup.com.br\/loja\/wp-content\/uploads\/2020\/07\/esponja-de-maquiagem-black-klasme-makeup-sponge-2.jpg","type":"image\/jpeg"}],"twitter_card":"summary_large_image","twitter_site":"@danibetriz","twitter_misc":{"Est. tempo de leitura":"2 minutos"},"schema":{"@context":"https:\/\/schema.org","@graph":[{"@type":"WebPage","@id":"https:\/\/daniellebeatrizmakeup.com.br\/loja\/esponja-de-maquiagem-black-sponge-klasme\/","url":"https:\/\/daniellebeatrizmakeup.com.br\/loja\/esponja-de-maquiagem-black-sponge-klasme\/","name":"Esponja de Maquiagem Black Sponge Klasme - Loja DB Makeup","isPartOf":{"@id":"https:\/\/daniellebeatrizmakeup.com.br\/loja\/#website"},"primaryImageOfPage":{"@id":"https:\/\/daniellebeatrizmakeup.com.br\/loja\/esponja-de-maquiagem-black-sponge-klasme\/#primaryimage"},"image":{"@id":"https:\/\/daniellebeatrizmakeup.com.br\/loja\/esponja-de-maquiagem-black-sponge-klasme\/#primaryimage"},"thumbnailUrl":"https:\/\/daniellebeatrizmakeup.com.br\/loja\/wp-content\/uploads\/2020\/07\/esponja-de-maquiagem-black-klasme-makeup-sponge-2.jpg","datePublished":"2020-07-08T15:34:21+00:00","dateModified":"2023-12-06T08:13:59+00:00","description":"A esponja de maquiagem Black Sponge da Klasme \u00e9 indicada para aplica\u00e7\u00e3o de produtos l\u00edquidos e em p\u00f3 no rosto. Famosa por sua maciez!","breadcrumb":{"@id":"https:\/\/daniellebeatrizmakeup.com.br\/loja\/esponja-de-maquiagem-black-sponge-klasme\/#breadcrumb"},"inLanguage":"pt-BR","potentialAction":[{"@type":"ReadAction","target":["https:\/\/daniellebeatrizmakeup.com.br\/loja\/esponja-de-maquiagem-black-sponge-klasme\/"]}]},{"@type":"ImageObject","inLanguage":"pt-BR","@id":"https:\/\/daniellebeatrizmakeup.com.br\/loja\/esponja-de-maquiagem-black-sponge-klasme\/#primaryimage","url":"https:\/\/daniellebeatrizmakeup.com.br\/loja\/wp-content\/uploads\/2020\/07\/esponja-de-maquiagem-black-klasme-makeup-sponge-2.jpg","contentUrl":"https:\/\/daniellebeatrizmakeup.com.br\/loja\/wp-content\/uploads\/2020\/07\/esponja-de-maquiagem-black-klasme-makeup-sponge-2.jpg","width":800,"height":800,"caption":"Esponja de Maquiagem Black Sponge Klasme"},{"@type":"BreadcrumbList","@id":"https:\/\/daniellebeatrizmakeup.com.br\/loja\/esponja-de-maquiagem-black-sponge-klasme\/#breadcrumb","itemListElement":[{"@type":"ListItem","position":1,"name":"In\u00edcio","item":"https:\/\/daniellebeatrizmakeup.com.br\/loja\/"},{"@type":"ListItem","position":2,"name":"Todos","item":"https:\/\/daniellebeatrizmakeup.com.br\/loja\/todos\/"},{"@type":"ListItem","position":3,"name":"Esponja de Maquiagem Black Sponge Klasme"}]},{"@type":"WebSite","@id":"https:\/\/daniellebeatrizmakeup.com.br\/loja\/#website","url":"https:\/\/daniellebeatrizmakeup.com.br\/loja\/","name":"Loja DB Makeup","description":"A melhor loja de maquiagem para real\u00e7ar a sua beleza","publisher":{"@id":"https:\/\/daniellebeatrizmakeup.com.br\/loja\/#organization"},"potentialAction":[{"@type":"SearchAction","target":{"@type":"EntryPoint","urlTemplate":"https:\/\/daniellebeatrizmakeup.com.br\/loja\/?s={search_term_string}"},"query-input":{"@type":"PropertyValueSpecification","valueRequired":true,"valueName":"search_term_string"}}],"inLanguage":"pt-BR"},{"@type":"Organization","@id":"https:\/\/daniellebeatrizmakeup.com.br\/loja\/#organization","name":"Danielle Beatriz Makeup","url":"https:\/\/daniellebeatrizmakeup.com.br\/loja\/","logo":{"@type":"ImageObject","inLanguage":"pt-BR","@id":"https:\/\/daniellebeatrizmakeup.com.br\/loja\/#\/schema\/logo\/image\/","url":"https:\/\/daniellebeatrizmakeup.com.br\/loja\/wp-content\/uploads\/2020\/10\/logo-loja-db-makeup.png","contentUrl":"https:\/\/daniellebeatrizmakeup.com.br\/loja\/wp-content\/uploads\/2020\/10\/logo-loja-db-makeup.png","width":500,"height":110,"caption":"Danielle Beatriz Makeup"},"image":{"@id":"https:\/\/daniellebeatrizmakeup.com.br\/loja\/#\/schema\/logo\/image\/"},"sameAs":["https:\/\/www.facebook.com\/daniellebeatrizmakeup","https:\/\/x.com\/danibetriz","https:\/\/www.instagram.com\/daniellebeatrizmakeup","https:\/\/pinterest.com\/daniellebeatrizmakeup","https:\/\/www.youtube.com\/DanielleBeatriz"]}]}},"jetpack_sharing_enabled":true,"_links":{"self":[{"href":"https:\/\/daniellebeatrizmakeup.com.br\/loja\/wp-json\/wp\/v2\/product\/1203","targetHints":{"allow":["GET"]}}],"collection":[{"href":"https:\/\/daniellebeatrizmakeup.com.br\/loja\/wp-json\/wp\/v2\/product"}],"about":[{"href":"https:\/\/daniellebeatrizmakeup.com.br\/loja\/wp-json\/wp\/v2\/types\/product"}],"replies":[{"embeddable":true,"href":"https:\/\/daniellebeatrizmakeup.com.br\/loja\/wp-json\/wp\/v2\/comments?post=1203"}],"version-history":[{"count":2,"href":"https:\/\/daniellebeatrizmakeup.com.br\/loja\/wp-json\/wp\/v2\/product\/1203\/revisions"}],"predecessor-version":[{"id":54383,"href":"https:\/\/daniellebeatrizmakeup.com.br\/loja\/wp-json\/wp\/v2\/product\/1203\/revisions\/54383"}],"wp:featuredmedia":[{"embeddable":true,"href":"https:\/\/daniellebeatrizmakeup.com.br\/loja\/wp-json\/wp\/v2\/media\/1604"}],"wp:attachment":[{"href":"https:\/\/daniellebeatrizmakeup.com.br\/loja\/wp-json\/wp\/v2\/media?parent=1203"}],"wp:term":[{"taxonomy":"product_brand","embeddable":true,"href":"https:\/\/daniellebeatrizmakeup.com.br\/loja\/wp-json\/wp\/v2\/product_brand?post=1203"},{"taxonomy":"product_cat","embeddable":true,"href":"https:\/\/daniellebeatrizmakeup.com.br\/loja\/wp-json\/wp\/v2\/product_cat?post=1203"},{"taxonomy":"product_tag","embeddable":true,"href":"https:\/\/daniellebeatrizmakeup.com.br\/loja\/wp-json\/wp\/v2\/product_tag?post=1203"},{"taxonomy":"woo-feed-brand","embeddable":true,"href":"https:\/\/daniellebeatrizmakeup.com.br\/loja\/wp-json\/wp\/v2\/woo-feed-brand?post=1203"}],"curies":[{"name":"wp","href":"https:\/\/api.w.org\/{rel}","templated":true}]}}