{"id":2304,"date":"2020-11-23T22:03:07","date_gmt":"2020-11-24T01:03:07","guid":{"rendered":"https:\/\/loja.daniellebeatrizmakeup.com.br\/?page_id=2304"},"modified":"2021-04-07T00:39:04","modified_gmt":"2021-04-07T03:39:04","slug":"nossa-historia","status":"publish","type":"page","link":"https:\/\/daniellebeatrizmakeup.com.br\/loja\/nossa-historia\/","title":{"rendered":"Nossa Hist\u00f3ria"},"content":{"rendered":"<h2>Sobre mim<\/h2>\n<p><img fetchpriority=\"high\" decoding=\"async\" class=\"alignright wp-image-2306 size-medium\" title=\"Sobre Danielle Beatriz\" src=\"https:\/\/loja.daniellebeatrizmakeup.com.br\/wp-content\/uploads\/2020\/11\/danielle-beatriz-makeup-perfil-225x300.jpg\" alt=\"Sobre Danielle Beatriz\" width=\"225\" height=\"300\" srcset=\"https:\/\/daniellebeatrizmakeup.com.br\/loja\/wp-content\/uploads\/2020\/11\/danielle-beatriz-makeup-perfil-225x300.jpg 225w, https:\/\/daniellebeatrizmakeup.com.br\/loja\/wp-content\/uploads\/2020\/11\/danielle-beatriz-makeup-perfil-775x1033.jpg 775w, https:\/\/daniellebeatrizmakeup.com.br\/loja\/wp-content\/uploads\/2020\/11\/danielle-beatriz-makeup-perfil-473x630.jpg 473w, https:\/\/daniellebeatrizmakeup.com.br\/loja\/wp-content\/uploads\/2020\/11\/danielle-beatriz-makeup-perfil-768x1024.jpg 768w, https:\/\/daniellebeatrizmakeup.com.br\/loja\/wp-content\/uploads\/2020\/11\/danielle-beatriz-makeup-perfil-1152x1536.jpg 1152w, https:\/\/daniellebeatrizmakeup.com.br\/loja\/wp-content\/uploads\/2020\/11\/danielle-beatriz-makeup-perfil-1536x2048.jpg 1536w, https:\/\/daniellebeatrizmakeup.com.br\/loja\/wp-content\/uploads\/2020\/11\/danielle-beatriz-makeup-perfil.jpg 1920w\" sizes=\"(max-width: 225px) 100vw, 225px\" \/><\/p>\n<p align=\"justify\">Para quem n\u00e3o me conhece meu nome \u00e9 Danielle Beatriz e nos \u00faltimos anos venho me dedicando ao mundo da maquiagem e penteado, e dividindo com voc\u00eas v\u00e1rios conte\u00fados de beleza e dicas para fazer aquela maquiagem perfeita! Vou contar um pouco sobre a nossa hist\u00f3ria.<\/p>\n<p align=\"justify\">Sou maquiadora profissional por paix\u00e3o desde 2015, mineira uai, libriana indecisa que odeia injusti\u00e7a, e apaixonada pelo mundo da beleza. Tamb\u00e9m sou formada na \u00e1rea da Tecnologia da Informa\u00e7\u00e3o. Meu estilo \u00e9 o que eu escolher no dia, afinal, por que ser uma coisa s\u00f3, se posso ser o que eu quiser!? A maquiagem te abre um mundo de op\u00e7\u00f5es, para voc\u00ea se encontrar e real\u00e7ar a sua verdadeira beleza.<\/p>\n<p align=\"justify\">Na inf\u00e2ncia eu n\u00e3o era a menina que chamava a aten\u00e7\u00e3o de todos pela beleza, mas ao conhecer a maquiagem me ajudou a descobrir que o importante \u00e9 se sentir bem consigo mesmo, que a beleza vem de dentro. Porque n\u00f3s somos lindas! E a maquiagem nos ajuda a expressar o nosso interior, e nos sentirmos &#8220;MARAVILINDAS&#8221;.<\/p>\n<p align=\"justify\">Com o passar dos anos fiz v\u00e1rios cursos profissionalizantes, conheci e testei v\u00e1rios produtos, e assim consegui a experi\u00eancia para identificar produtos de qualidade no mundo da maquiagem.<\/p>\n<p align=\"justify\">\n<h2>Sobre a loja<\/h2>\n<p><img decoding=\"async\" class=\"alignleft wp-image-2308 size-medium\" title=\"Sobre a loja Danielle Beatriz Makeup\" src=\"https:\/\/loja.daniellebeatrizmakeup.com.br\/wp-content\/uploads\/2020\/11\/danielle-beatriz-makeup-225x300.jpg\" alt=\"Sobre a loja Danielle Beatriz Makeup\" width=\"225\" height=\"300\" srcset=\"https:\/\/daniellebeatrizmakeup.com.br\/loja\/wp-content\/uploads\/2020\/11\/danielle-beatriz-makeup-225x300.jpg 225w, https:\/\/daniellebeatrizmakeup.com.br\/loja\/wp-content\/uploads\/2020\/11\/danielle-beatriz-makeup-775x1033.jpg 775w, https:\/\/daniellebeatrizmakeup.com.br\/loja\/wp-content\/uploads\/2020\/11\/danielle-beatriz-makeup-473x630.jpg 473w, https:\/\/daniellebeatrizmakeup.com.br\/loja\/wp-content\/uploads\/2020\/11\/danielle-beatriz-makeup-768x1024.jpg 768w, https:\/\/daniellebeatrizmakeup.com.br\/loja\/wp-content\/uploads\/2020\/11\/danielle-beatriz-makeup-1152x1536.jpg 1152w, https:\/\/daniellebeatrizmakeup.com.br\/loja\/wp-content\/uploads\/2020\/11\/danielle-beatriz-makeup-1536x2048.jpg 1536w, https:\/\/daniellebeatrizmakeup.com.br\/loja\/wp-content\/uploads\/2020\/11\/danielle-beatriz-makeup-1200x1600.jpg 1200w, https:\/\/daniellebeatrizmakeup.com.br\/loja\/wp-content\/uploads\/2020\/11\/danielle-beatriz-makeup.jpg 1920w\" sizes=\"(max-width: 225px) 100vw, 225px\" \/><\/p>\n<p align=\"justify\">A loja Danielle Beatriz Makeup \u00e9 a realiza\u00e7\u00e3o de um sonho. H\u00e1 alguns anos atr\u00e1s trabalhava em escrit\u00f3rio e cada dia estava com um batom diferente. As minhas colegas amavam! Com isso, comecei a comprar maquiagem para mim e pra elas, por fim algu\u00e9m sempre me pedia algum produto de maquiagem para indicar. Foi assim, naturalmente, iniciei essa jornada com uma mala pequena de viagem, levando os produtos de maquiagem para real\u00e7ar a beleza.<\/p>\n<p align=\"justify\">Sempre procuro fazer o meu melhor em tudo, e n\u00e3o seria diferente na loja, lan\u00e7ada em 2020. Busco trazer para voc\u00eas produtos de qualidade, com pre\u00e7os competitivos, e novidades tamb\u00e9m.<\/p>\n<p align=\"justify\">Estamos preparados para dar todo o suporte com muito carinho e dedica\u00e7\u00e3o. Esperamos que voc\u00ea consiga pegar essa energia do mundo da maquiagem e conhe\u00e7a a sua melhor vers\u00e3o.<\/p>\n","protected":false},"excerpt":{"rendered":"<p>Sobre mim Para quem n\u00e3o me conhece meu nome \u00e9 Danielle Beatriz e nos \u00faltimos anos venho me dedicando ao mundo da maquiagem e penteado, e dividindo com voc\u00eas v\u00e1rios conte\u00fados de beleza e dicas para fazer aquela maquiagem perfeita! Vou contar um pouco sobre a nossa hist\u00f3ria. Sou maquiadora [&hellip;]<\/p>\n","protected":false},"author":1,"featured_media":0,"parent":0,"menu_order":1,"comment_status":"closed","ping_status":"closed","template":"","meta":{"_mbp_gutenberg_autopost":false,"footnotes":""},"class_list":["post-2304","page","type-page","status-publish","hentry"],"yoast_head":"<!-- This site is optimized with the Yoast SEO plugin v27.3 - https:\/\/yoast.com\/product\/yoast-seo-wordpress\/ -->\n<title>Conhe\u00e7a Nossa Hist\u00f3ria e um pouco sobre mim - Loja DB Makeup<\/title>\n<meta name=\"description\" content=\"Meu nome \u00e9 Danielle Beatriz e nos \u00faltimos anos venho me dedicando ao mundo da maquiagem e penteado, vem conhecer nossa hist\u00f3ria.\" \/>\n<meta name=\"robots\" content=\"index, follow, max-snippet:-1, max-image-preview:large, max-video-preview:-1\" \/>\n<link rel=\"canonical\" href=\"https:\/\/daniellebeatrizmakeup.com.br\/loja\/nossa-historia\/\" \/>\n<meta property=\"og:locale\" content=\"pt_BR\" \/>\n<meta property=\"og:type\" content=\"article\" \/>\n<meta property=\"og:title\" content=\"Conhe\u00e7a Nossa Hist\u00f3ria e um pouco sobre mim - Loja DB Makeup\" \/>\n<meta property=\"og:description\" content=\"Meu nome \u00e9 Danielle Beatriz e nos \u00faltimos anos venho me dedicando ao mundo da maquiagem e penteado, vem conhecer nossa hist\u00f3ria.\" \/>\n<meta property=\"og:url\" content=\"https:\/\/daniellebeatrizmakeup.com.br\/loja\/nossa-historia\/\" \/>\n<meta property=\"og:site_name\" content=\"Loja DB Makeup\" \/>\n<meta property=\"article:publisher\" content=\"https:\/\/www.facebook.com\/daniellebeatrizmakeup\" \/>\n<meta property=\"article:modified_time\" content=\"2021-04-07T03:39:04+00:00\" \/>\n<meta property=\"og:image\" content=\"https:\/\/loja.daniellebeatrizmakeup.com.br\/wp-content\/uploads\/2020\/11\/danielle-beatriz-makeup-perfil-225x300.jpg\" \/>\n<meta name=\"twitter:card\" content=\"summary_large_image\" \/>\n<meta name=\"twitter:site\" content=\"@danibetriz\" \/>\n<meta name=\"twitter:label1\" content=\"Est. tempo de leitura\" \/>\n\t<meta name=\"twitter:data1\" content=\"2 minutos\" \/>\n<script type=\"application\/ld+json\" class=\"yoast-schema-graph\">{\"@context\":\"https:\\\/\\\/schema.org\",\"@graph\":[{\"@type\":\"WebPage\",\"@id\":\"https:\\\/\\\/daniellebeatrizmakeup.com.br\\\/loja\\\/nossa-historia\\\/\",\"url\":\"https:\\\/\\\/daniellebeatrizmakeup.com.br\\\/loja\\\/nossa-historia\\\/\",\"name\":\"Conhe\u00e7a Nossa Hist\u00f3ria e um pouco sobre mim - Loja DB Makeup\",\"isPartOf\":{\"@id\":\"https:\\\/\\\/daniellebeatrizmakeup.com.br\\\/loja\\\/#website\"},\"primaryImageOfPage\":{\"@id\":\"https:\\\/\\\/daniellebeatrizmakeup.com.br\\\/loja\\\/nossa-historia\\\/#primaryimage\"},\"image\":{\"@id\":\"https:\\\/\\\/daniellebeatrizmakeup.com.br\\\/loja\\\/nossa-historia\\\/#primaryimage\"},\"thumbnailUrl\":\"https:\\\/\\\/loja.daniellebeatrizmakeup.com.br\\\/wp-content\\\/uploads\\\/2020\\\/11\\\/danielle-beatriz-makeup-perfil-225x300.jpg\",\"datePublished\":\"2020-11-24T01:03:07+00:00\",\"dateModified\":\"2021-04-07T03:39:04+00:00\",\"description\":\"Meu nome \u00e9 Danielle Beatriz e nos \u00faltimos anos venho me dedicando ao mundo da maquiagem e penteado, vem conhecer nossa hist\u00f3ria.\",\"breadcrumb\":{\"@id\":\"https:\\\/\\\/daniellebeatrizmakeup.com.br\\\/loja\\\/nossa-historia\\\/#breadcrumb\"},\"inLanguage\":\"pt-BR\",\"potentialAction\":[{\"@type\":\"ReadAction\",\"target\":[\"https:\\\/\\\/daniellebeatrizmakeup.com.br\\\/loja\\\/nossa-historia\\\/\"]}]},{\"@type\":\"ImageObject\",\"inLanguage\":\"pt-BR\",\"@id\":\"https:\\\/\\\/daniellebeatrizmakeup.com.br\\\/loja\\\/nossa-historia\\\/#primaryimage\",\"url\":\"https:\\\/\\\/loja.daniellebeatrizmakeup.com.br\\\/wp-content\\\/uploads\\\/2020\\\/11\\\/danielle-beatriz-makeup-perfil-225x300.jpg\",\"contentUrl\":\"https:\\\/\\\/loja.daniellebeatrizmakeup.com.br\\\/wp-content\\\/uploads\\\/2020\\\/11\\\/danielle-beatriz-makeup-perfil-225x300.jpg\"},{\"@type\":\"BreadcrumbList\",\"@id\":\"https:\\\/\\\/daniellebeatrizmakeup.com.br\\\/loja\\\/nossa-historia\\\/#breadcrumb\",\"itemListElement\":[{\"@type\":\"ListItem\",\"position\":1,\"name\":\"In\u00edcio\",\"item\":\"https:\\\/\\\/daniellebeatrizmakeup.com.br\\\/loja\\\/\"},{\"@type\":\"ListItem\",\"position\":2,\"name\":\"Nossa Hist\u00f3ria\"}]},{\"@type\":\"WebSite\",\"@id\":\"https:\\\/\\\/daniellebeatrizmakeup.com.br\\\/loja\\\/#website\",\"url\":\"https:\\\/\\\/daniellebeatrizmakeup.com.br\\\/loja\\\/\",\"name\":\"Loja DB Makeup\",\"description\":\"A melhor loja de maquiagem para real\u00e7ar a sua beleza\",\"publisher\":{\"@id\":\"https:\\\/\\\/daniellebeatrizmakeup.com.br\\\/loja\\\/#organization\"},\"potentialAction\":[{\"@type\":\"SearchAction\",\"target\":{\"@type\":\"EntryPoint\",\"urlTemplate\":\"https:\\\/\\\/daniellebeatrizmakeup.com.br\\\/loja\\\/?s={search_term_string}\"},\"query-input\":{\"@type\":\"PropertyValueSpecification\",\"valueRequired\":true,\"valueName\":\"search_term_string\"}}],\"inLanguage\":\"pt-BR\"},{\"@type\":\"Organization\",\"@id\":\"https:\\\/\\\/daniellebeatrizmakeup.com.br\\\/loja\\\/#organization\",\"name\":\"Danielle Beatriz Makeup\",\"url\":\"https:\\\/\\\/daniellebeatrizmakeup.com.br\\\/loja\\\/\",\"logo\":{\"@type\":\"ImageObject\",\"inLanguage\":\"pt-BR\",\"@id\":\"https:\\\/\\\/daniellebeatrizmakeup.com.br\\\/loja\\\/#\\\/schema\\\/logo\\\/image\\\/\",\"url\":\"https:\\\/\\\/daniellebeatrizmakeup.com.br\\\/loja\\\/wp-content\\\/uploads\\\/2020\\\/10\\\/logo-loja-db-makeup.png\",\"contentUrl\":\"https:\\\/\\\/daniellebeatrizmakeup.com.br\\\/loja\\\/wp-content\\\/uploads\\\/2020\\\/10\\\/logo-loja-db-makeup.png\",\"width\":500,\"height\":110,\"caption\":\"Danielle Beatriz Makeup\"},\"image\":{\"@id\":\"https:\\\/\\\/daniellebeatrizmakeup.com.br\\\/loja\\\/#\\\/schema\\\/logo\\\/image\\\/\"},\"sameAs\":[\"https:\\\/\\\/www.facebook.com\\\/daniellebeatrizmakeup\",\"https:\\\/\\\/x.com\\\/danibetriz\",\"https:\\\/\\\/www.instagram.com\\\/daniellebeatrizmakeup\",\"https:\\\/\\\/pinterest.com\\\/daniellebeatrizmakeup\",\"https:\\\/\\\/www.youtube.com\\\/DanielleBeatriz\"]}]}<\/script>\n<!-- \/ Yoast SEO plugin. -->","yoast_head_json":{"title":"Conhe\u00e7a Nossa Hist\u00f3ria e um pouco sobre mim - Loja DB Makeup","description":"Meu nome \u00e9 Danielle Beatriz e nos \u00faltimos anos venho me dedicando ao mundo da maquiagem e penteado, vem conhecer nossa hist\u00f3ria.","robots":{"index":"index","follow":"follow","max-snippet":"max-snippet:-1","max-image-preview":"max-image-preview:large","max-video-preview":"max-video-preview:-1"},"canonical":"https:\/\/daniellebeatrizmakeup.com.br\/loja\/nossa-historia\/","og_locale":"pt_BR","og_type":"article","og_title":"Conhe\u00e7a Nossa Hist\u00f3ria e um pouco sobre mim - Loja DB Makeup","og_description":"Meu nome \u00e9 Danielle Beatriz e nos \u00faltimos anos venho me dedicando ao mundo da maquiagem e penteado, vem conhecer nossa hist\u00f3ria.","og_url":"https:\/\/daniellebeatrizmakeup.com.br\/loja\/nossa-historia\/","og_site_name":"Loja DB Makeup","article_publisher":"https:\/\/www.facebook.com\/daniellebeatrizmakeup","article_modified_time":"2021-04-07T03:39:04+00:00","og_image":[{"url":"https:\/\/loja.daniellebeatrizmakeup.com.br\/wp-content\/uploads\/2020\/11\/danielle-beatriz-makeup-perfil-225x300.jpg","type":"","width":"","height":""}],"twitter_card":"summary_large_image","twitter_site":"@danibetriz","twitter_misc":{"Est. tempo de leitura":"2 minutos"},"schema":{"@context":"https:\/\/schema.org","@graph":[{"@type":"WebPage","@id":"https:\/\/daniellebeatrizmakeup.com.br\/loja\/nossa-historia\/","url":"https:\/\/daniellebeatrizmakeup.com.br\/loja\/nossa-historia\/","name":"Conhe\u00e7a Nossa Hist\u00f3ria e um pouco sobre mim - Loja DB Makeup","isPartOf":{"@id":"https:\/\/daniellebeatrizmakeup.com.br\/loja\/#website"},"primaryImageOfPage":{"@id":"https:\/\/daniellebeatrizmakeup.com.br\/loja\/nossa-historia\/#primaryimage"},"image":{"@id":"https:\/\/daniellebeatrizmakeup.com.br\/loja\/nossa-historia\/#primaryimage"},"thumbnailUrl":"https:\/\/loja.daniellebeatrizmakeup.com.br\/wp-content\/uploads\/2020\/11\/danielle-beatriz-makeup-perfil-225x300.jpg","datePublished":"2020-11-24T01:03:07+00:00","dateModified":"2021-04-07T03:39:04+00:00","description":"Meu nome \u00e9 Danielle Beatriz e nos \u00faltimos anos venho me dedicando ao mundo da maquiagem e penteado, vem conhecer nossa hist\u00f3ria.","breadcrumb":{"@id":"https:\/\/daniellebeatrizmakeup.com.br\/loja\/nossa-historia\/#breadcrumb"},"inLanguage":"pt-BR","potentialAction":[{"@type":"ReadAction","target":["https:\/\/daniellebeatrizmakeup.com.br\/loja\/nossa-historia\/"]}]},{"@type":"ImageObject","inLanguage":"pt-BR","@id":"https:\/\/daniellebeatrizmakeup.com.br\/loja\/nossa-historia\/#primaryimage","url":"https:\/\/loja.daniellebeatrizmakeup.com.br\/wp-content\/uploads\/2020\/11\/danielle-beatriz-makeup-perfil-225x300.jpg","contentUrl":"https:\/\/loja.daniellebeatrizmakeup.com.br\/wp-content\/uploads\/2020\/11\/danielle-beatriz-makeup-perfil-225x300.jpg"},{"@type":"BreadcrumbList","@id":"https:\/\/daniellebeatrizmakeup.com.br\/loja\/nossa-historia\/#breadcrumb","itemListElement":[{"@type":"ListItem","position":1,"name":"In\u00edcio","item":"https:\/\/daniellebeatrizmakeup.com.br\/loja\/"},{"@type":"ListItem","position":2,"name":"Nossa Hist\u00f3ria"}]},{"@type":"WebSite","@id":"https:\/\/daniellebeatrizmakeup.com.br\/loja\/#website","url":"https:\/\/daniellebeatrizmakeup.com.br\/loja\/","name":"Loja DB Makeup","description":"A melhor loja de maquiagem para real\u00e7ar a sua beleza","publisher":{"@id":"https:\/\/daniellebeatrizmakeup.com.br\/loja\/#organization"},"potentialAction":[{"@type":"SearchAction","target":{"@type":"EntryPoint","urlTemplate":"https:\/\/daniellebeatrizmakeup.com.br\/loja\/?s={search_term_string}"},"query-input":{"@type":"PropertyValueSpecification","valueRequired":true,"valueName":"search_term_string"}}],"inLanguage":"pt-BR"},{"@type":"Organization","@id":"https:\/\/daniellebeatrizmakeup.com.br\/loja\/#organization","name":"Danielle Beatriz Makeup","url":"https:\/\/daniellebeatrizmakeup.com.br\/loja\/","logo":{"@type":"ImageObject","inLanguage":"pt-BR","@id":"https:\/\/daniellebeatrizmakeup.com.br\/loja\/#\/schema\/logo\/image\/","url":"https:\/\/daniellebeatrizmakeup.com.br\/loja\/wp-content\/uploads\/2020\/10\/logo-loja-db-makeup.png","contentUrl":"https:\/\/daniellebeatrizmakeup.com.br\/loja\/wp-content\/uploads\/2020\/10\/logo-loja-db-makeup.png","width":500,"height":110,"caption":"Danielle Beatriz Makeup"},"image":{"@id":"https:\/\/daniellebeatrizmakeup.com.br\/loja\/#\/schema\/logo\/image\/"},"sameAs":["https:\/\/www.facebook.com\/daniellebeatrizmakeup","https:\/\/x.com\/danibetriz","https:\/\/www.instagram.com\/daniellebeatrizmakeup","https:\/\/pinterest.com\/daniellebeatrizmakeup","https:\/\/www.youtube.com\/DanielleBeatriz"]}]}},"jetpack_sharing_enabled":true,"_links":{"self":[{"href":"https:\/\/daniellebeatrizmakeup.com.br\/loja\/wp-json\/wp\/v2\/pages\/2304","targetHints":{"allow":["GET"]}}],"collection":[{"href":"https:\/\/daniellebeatrizmakeup.com.br\/loja\/wp-json\/wp\/v2\/pages"}],"about":[{"href":"https:\/\/daniellebeatrizmakeup.com.br\/loja\/wp-json\/wp\/v2\/types\/page"}],"author":[{"embeddable":true,"href":"https:\/\/daniellebeatrizmakeup.com.br\/loja\/wp-json\/wp\/v2\/users\/1"}],"replies":[{"embeddable":true,"href":"https:\/\/daniellebeatrizmakeup.com.br\/loja\/wp-json\/wp\/v2\/comments?post=2304"}],"version-history":[{"count":10,"href":"https:\/\/daniellebeatrizmakeup.com.br\/loja\/wp-json\/wp\/v2\/pages\/2304\/revisions"}],"predecessor-version":[{"id":28585,"href":"https:\/\/daniellebeatrizmakeup.com.br\/loja\/wp-json\/wp\/v2\/pages\/2304\/revisions\/28585"}],"wp:attachment":[{"href":"https:\/\/daniellebeatrizmakeup.com.br\/loja\/wp-json\/wp\/v2\/media?parent=2304"}],"curies":[{"name":"wp","href":"https:\/\/api.w.org\/{rel}","templated":true}]}}